{"id":26467,"date":"2021-06-05T15:01:43","date_gmt":"2021-06-05T13:01:43","guid":{"rendered":"http:\/\/www.carideal.com\/blog\/?page_id=26467"},"modified":"2024-01-18T19:06:57","modified_gmt":"2024-01-18T18:06:57","slug":"quelle-est-la-duree-de-vie-moyenne-dune-voiture","status":"publish","type":"page","link":"https:\/\/www.carideal.com\/blog\/quelle-est-la-duree-de-vie-moyenne-dune-voiture\/","title":{"rendered":"Quelle est la dur\u00e9e de vie moyenne d&rsquo;une voiture ?"},"content":{"rendered":"\n<h2 class=\"wp-block-heading\">Quelle est la dur\u00e9e de vie moyenne d'une voiture ?<\/h2>\n\n\n\n<p>Comprendre la dur\u00e9e de vie moyenne d'une <a href=\"http:\/\/www.carideal.com\/blog\/voitures-occasions\/\">voiture d'occasion<\/a>. <strong>Quelle est la dur\u00e9e de vie moyenne d'une voiture ?<\/strong> Que vous soyez pr\u00eat \u00e0 d\u00e9penser <a href=\"http:\/\/www.carideal.com\/blog\/quelle-voiture-pour-moins-de-4000-euros\/\">moins de 4000 \u20ac pour une voiture<\/a>, ou plus de 20 000 \u20ac.<\/p>\n\n\n\n<ul class=\"wp-block-list\">\n<li><a href=\"http:\/\/www.carideal.com\/blog\/quel-est-le-kilometrage-maximum-pour-une-voiture\/\">Quel est le kilom\u00e9trage maximum pour une voiture ?<\/a><\/li>\n<\/ul>\n\n\n<div class=\"wp-block-image\">\n<figure class=\"aligncenter size-full\"><a href=\"http:\/\/www.carideal.com\/blog\/wp-content\/uploads\/2021\/06\/quelle-est-duree-de-vie-moyenne-voiture.jpg\"><img loading=\"lazy\" decoding=\"async\" width=\"600\" height=\"364\" src=\"http:\/\/www.carideal.com\/blog\/wp-content\/uploads\/2021\/06\/quelle-est-duree-de-vie-moyenne-voiture.jpg\" alt=\"Quelle est la dur\u00e9e de vie moyenne d'une voiture\" class=\"wp-image-26470\" srcset=\"https:\/\/www.carideal.com\/blog\/wp-content\/uploads\/2021\/06\/quelle-est-duree-de-vie-moyenne-voiture.jpg 600w, https:\/\/www.carideal.com\/blog\/wp-content\/uploads\/2021\/06\/quelle-est-duree-de-vie-moyenne-voiture-300x182.jpg 300w, https:\/\/www.carideal.com\/blog\/wp-content\/uploads\/2021\/06\/quelle-est-duree-de-vie-moyenne-voiture-50x30.jpg 50w, https:\/\/www.carideal.com\/blog\/wp-content\/uploads\/2021\/06\/quelle-est-duree-de-vie-moyenne-voiture-110x67.jpg 110w, https:\/\/www.carideal.com\/blog\/wp-content\/uploads\/2021\/06\/quelle-est-duree-de-vie-moyenne-voiture-420x255.jpg 420w\" sizes=\"(max-width: 600px) 100vw, 600px\" \/><\/a><figcaption class=\"wp-element-caption\">Quelle est la dur\u00e9e de vie moyenne d'une voiture<\/figcaption><\/figure><\/div>\n\n\n<p>Lors de l'achat d'une <a href=\"http:\/\/www.carideal.com\/blog\/voitures-occasions\/\">voiture d'occasion<\/a>, il y a toujours une grande variable qui affecte la valeur que vous obtiendrez de votre voiture. La dur\u00e9e de vie moyenne d'une voiture peut faire ou d\u00e9faire le rendement de votre investissement. Vous voulez \u00eatre s\u00fbr que l'argent que vous d\u00e9pensez pour cette nouvelle voiture en vaudra la peine. En connaissant la dur\u00e9e de vie de votre voiture, vous pouvez planifier et faire de meilleurs achats \u00e0 l'avenir.<\/p>\n\n\n\n<ul class=\"wp-block-list\">\n<li><a href=\"http:\/\/www.carideal.com\/blog\/quel-est-le-bon-kilometrage-pour-une-voiture-doccasion\/\">Quel est le bon kilom\u00e9trage pour une voiture d'occasion ?<\/a><\/li>\n<\/ul>\n\n\n\n<p>En tant que propri\u00e9taire d'une voiture ou personne qui envisage d'en acheter une, vous voulez savoir quelle sera la dur\u00e9e de vie de votre v\u00e9hicule. En ce qui concerne votre v\u00e9hicule actuel, la connaissance de sa dur\u00e9e de vie peut vous aider \u00e0 planifier le moment de votre prochain achat. Si vous recherchez un nouveau v\u00e9hicule, vous pouvez en tirer le meilleur parti en choisissant un mod\u00e8le connu pour avoir une longue dur\u00e9e de vie pour une voiture. Quelle est la dur\u00e9e de vie moyenne d'une voiture ?<\/p>\n\n\n\n<h2 class=\"wp-block-heading\">Quelle est la dur\u00e9e de vie moyenne d'une voiture ?<\/h2>\n\n\n\n<p>Dans le pass\u00e9, la dur\u00e9e de vie moyenne d'une voiture \u00e9tait nettement inf\u00e9rieure \u00e0 ce qu'elle est aujourd'hui. Aujourd'hui, vous pouvez vous attendre \u00e0 ce qu'une voiture standard dure environ 12 ans ou environ 320 000 km.<\/p>\n\n\n\n<p>Pour \u00eatre exacte, aujourd\u2019hui selon l'<a href=\"https:\/\/www.acea.auto\/figure\/average-age-of-eu-vehicle-fleet-by-country\/\">ACEA<\/a>, la dur\u00e9e de vie moyenne d'une voiture est :<\/p>\n\n\n\n<ul class=\"wp-block-list\">\n<li>11.5 ans en Europe<\/li>\n\n\n\n<li>10.2 ans en France<\/li>\n\n\n\n<li>11.4 ans en Italie<\/li>\n\n\n\n<li>12.7 ans en Espagne<\/li>\n\n\n\n<li>9.6 ans en Allemagne<\/li>\n\n\n\n<li>8.3 ans en Autriche<\/li>\n\n\n\n<li>14.1 ans en Pologne<\/li>\n\n\n\n<li>16.5 ans en Roumanie<\/li>\n<\/ul>\n\n\n\n<p>Il n'y a pas si longtemps, la dur\u00e9e de vie d'une voiture \u00e9tait d'environ huit ans et de 240 000 km. En fait, atteindre la marque des 160 000 km \u00e9tait autrefois une affaire assez importante. Aujourd'hui, ce n'est plus qu'un tremplin ou un point \u00e0 mi-chemin de ce que vous pouvez attendre des v\u00e9hicules d'aujourd'hui.<\/p>\n\n\n\n<p>Les progr\u00e8s technologiques ont fait une grande diff\u00e9rence sur la dur\u00e9e de vie moyenne d'une voiture. Les changements d'huile sont une indication de l'\u00e9volution de la situation. Les experts avaient l'habitude de recommander une vidange tous les 5 000 km. Aujourd'hui, vous pouvez doubler, tripler, voire multiplier ce d\u00e9lai par quatre ou cinq en fonction de votre v\u00e9hicule, de la fa\u00e7on dont vous le conduisez et du type d'huile que vous choisissez. De meilleurs composants \u00e9lectroniques aident votre voiture \u00e0 fonctionner de mani\u00e8re plus fluide et plus pr\u00e9cise, ce qui augmente sa dur\u00e9e de vie.<\/p>\n\n\n\n<p>Certaines estimations de la dur\u00e9e de vie moyenne d'une voiture sont inf\u00e9rieures. Selon un rapport de Consumer Reports, la dur\u00e9e de vie commune d'une voiture est toujours estim\u00e9e \u00e0 environ huit ans ou 240 000 km. Bien entendu, les r\u00e9sultats de ce rapport doivent \u00eatre consid\u00e9r\u00e9s comme la dur\u00e9e de vie moyenne globale, et pas n\u00e9cessairement comme ce que vous pouvez attendre de votre voiture. Toutefois, la r\u00e9ponse \u00e0 la question \"Quelle est la dur\u00e9e de vie moyenne d'une voiture ?\" d\u00e9pend de deux \u00e9l\u00e9ments importants : le mod\u00e8le et la marque de votre voiture, et la fa\u00e7on dont vous en prenez soin.<\/p>\n\n\n\n<h2 class=\"wp-block-heading\">Quels mod\u00e8les ont une dur\u00e9e de vie plus longue ?<\/h2>\n\n\n\n<p>Beaucoup d'\u00e9l\u00e9ments entrent en ligne de compte dans le calcul de la dur\u00e9e de vie moyenne d'une voiture. Les caract\u00e9ristiques avanc\u00e9es et les pi\u00e8ces haut de gamme peuvent faire une r\u00e9elle diff\u00e9rence dans la dur\u00e9e de vie d'une voiture. Bien s\u00fbr, toutes les voitures ne sont pas \u00e9gales, mais le fabricant de votre voiture joue \u00e9galement un r\u00f4le dans la dur\u00e9e de vie de celle-ci. D'apr\u00e8s ce rapport, les voitures fabriqu\u00e9es par des <a href=\"http:\/\/www.carideal.com\/blog\/marque-de-voiture-actualites-essais\/japonaise\/\">soci\u00e9t\u00e9s japonaises<\/a> sont en t\u00eate de liste pour leur dur\u00e9e de vie plus longue.<\/p>\n\n\n\n<p>Les autres facteurs qui influent sur la dur\u00e9e de vie d'une voiture sont les suivants :<\/p>\n\n\n\n<ul class=\"wp-block-list\">\n<li>l'entretien de la voiture<\/li>\n\n\n\n<li>marques \u00e9trang\u00e8res ou nationales<\/li>\n\n\n\n<li>les syst\u00e8mes avanc\u00e9s de surveillance des v\u00e9hicules.<\/li>\n<\/ul>\n\n\n\n<h2 class=\"wp-block-heading\">Que pouvez-vous faire pour augmenter la dur\u00e9e de vie moyenne de votre voiture ?<\/h2>\n\n\n<div class=\"wp-block-image\">\n<figure class=\"aligncenter size-full\"><a href=\"http:\/\/www.carideal.com\/blog\/wp-content\/uploads\/2021\/06\/couple-heureux-devant-voiture.jpg\"><img loading=\"lazy\" decoding=\"async\" width=\"600\" height=\"400\" src=\"http:\/\/www.carideal.com\/blog\/wp-content\/uploads\/2021\/06\/couple-heureux-devant-voiture.jpg\" alt=\"Jeune couple heureux discutant avec un m\u00e9canicien dans un atelier de r\u00e9paration automobile.\" class=\"wp-image-26469\" srcset=\"https:\/\/www.carideal.com\/blog\/wp-content\/uploads\/2021\/06\/couple-heureux-devant-voiture.jpg 600w, https:\/\/www.carideal.com\/blog\/wp-content\/uploads\/2021\/06\/couple-heureux-devant-voiture-300x200.jpg 300w, https:\/\/www.carideal.com\/blog\/wp-content\/uploads\/2021\/06\/couple-heureux-devant-voiture-50x33.jpg 50w, https:\/\/www.carideal.com\/blog\/wp-content\/uploads\/2021\/06\/couple-heureux-devant-voiture-110x73.jpg 110w, https:\/\/www.carideal.com\/blog\/wp-content\/uploads\/2021\/06\/couple-heureux-devant-voiture-420x280.jpg 420w, https:\/\/www.carideal.com\/blog\/wp-content\/uploads\/2021\/06\/couple-heureux-devant-voiture-272x182.jpg 272w\" sizes=\"(max-width: 600px) 100vw, 600px\" \/><\/a><figcaption class=\"wp-element-caption\">Jeune couple heureux discutant avec un m\u00e9canicien dans un atelier de r\u00e9paration automobile.<\/figcaption><\/figure><\/div>\n\n\n<p>Bien entendu, les statistiques pr\u00e9sent\u00e9es ici ne donnent qu'une partie du tableau. Lorsque vous examinez la dur\u00e9e de vie moyenne d'une voiture, vous devez \u00e9galement penser \u00e0 l'extr\u00e9mit\u00e9 sup\u00e9rieure et \u00e0 l'extr\u00e9mit\u00e9 inf\u00e9rieure de l'\u00e9chelle. Dans le bas de l'\u00e9chelle, on trouve des v\u00e9hicules qui pr\u00e9sentent des d\u00e9fauts au niveau du mod\u00e8le et des pi\u00e8ces. En outre, il est probable qu'un manque g\u00e9n\u00e9ral d'attention soit port\u00e9 \u00e0 ces voitures dont la dur\u00e9e de vie est plus courte.<\/p>\n\n\n\n<p>Pour les v\u00e9hicules qui d\u00e9passent la dur\u00e9e de vie moyenne d'une voiture, l'un des principaux facteurs de leur succ\u00e8s est l'<a href=\"http:\/\/www.carideal.com\/blog\/garage-automobile\/revision-voiture\/\">entretien<\/a>. C'est une chose que vous pouvez faire pour garder votre v\u00e9hicule en bon \u00e9tat. Bien s\u00fbr, nous ne devons plus changer notre huile aussi souvent qu'avant, mais nous devons quand m\u00eame le faire. D'autres choix d'entretien r\u00e9gulier consistent \u00e0 avoir de bons pneus.<\/p>\n\n\n\n<p>Un entretien et une finition int\u00e9rieure corrects sont essentiels pour assurer la long\u00e9vit\u00e9 de votre v\u00e9hicule et en profiter pendant de nombreuses ann\u00e9es. La satisfaction de poss\u00e9der une voiture d\u00e9pend souvent de ce que vous y mettez. En entretenant r\u00e9guli\u00e8rement votre v\u00e9hicule et en veillant \u00e0 ce que les <a href=\"http:\/\/www.carideal.com\/blog\/garage-automobile\/vidange-voiture\/\">vidanges moteurs<\/a> soient effectu\u00e9es r\u00e9guli\u00e8rement, vous pouvez prolonger la vie de votre voiture de plusieurs ann\u00e9es.<\/p>\n\n\n\n<p>Toutefois, il peut \u00eatre judicieux de remplacer votre v\u00e9hicule s'il est \u00e2g\u00e9 de plusieurs ann\u00e9es, car les progr\u00e8s r\u00e9alis\u00e9s dans l'industrie automobile au cours des 12 derni\u00e8res ann\u00e9es prolongent \u00e9galement la dur\u00e9e de vie de votre voiture. Garder un \u0153il sur le march\u00e9 et aimer la voiture que vous avez est un excellent moyen de prolonger la vie de votre automobile.<\/p>\n\n\n\n<p>Pour des services de <a href=\"http:\/\/www.carideal.com\/blog\/garage-automobile\/reparation-accident\/\">r\u00e9paration de carrosserie<\/a> et de collision, afin que vous puissiez tirer le meilleur parti de votre v\u00e9hicule, visitez notre page.<\/p>\n","protected":false},"excerpt":{"rendered":"<p>Quelle est la dur\u00e9e de vie moyenne d&rsquo;une voiture ? Comprendre la dur\u00e9e de vie moyenne d&rsquo;une voiture d&rsquo;occasion. Quelle est la dur\u00e9e de vie moyenne d&rsquo;une voiture ? Que vous soyez pr\u00eat \u00e0 d\u00e9penser moins de 4000 \u20ac pour une voiture, ou plus de 20 000 \u20ac. Lors de l&rsquo;achat d&rsquo;une voiture d&rsquo;occasion, il &#8230; <a title=\"Quelle est la dur\u00e9e de vie moyenne d&rsquo;une voiture ?\" class=\"read-more\" href=\"https:\/\/www.carideal.com\/blog\/quelle-est-la-duree-de-vie-moyenne-dune-voiture\/\" aria-label=\"En savoir plus sur Quelle est la dur\u00e9e de vie moyenne d&rsquo;une voiture ?\">Lire plus<\/a><\/p>\n","protected":false},"author":3,"featured_media":26470,"parent":0,"menu_order":0,"comment_status":"closed","ping_status":"closed","template":"","meta":{"_uag_custom_page_level_css":"","_themeisle_gutenberg_block_has_review":false,"footnotes":""},"class_list":["post-26467","page","type-page","status-publish","has-post-thumbnail"],"wppr_data":{"cwp_meta_box_check":"No"},"yoast_head":"<!-- This site is optimized with the Yoast SEO plugin v24.8.1 - https:\/\/yoast.com\/wordpress\/plugins\/seo\/ -->\n<title>Quelle est la dur\u00e9e de vie moyenne d&#039;une voiture ? - Blog auto Carid\u00e9al<\/title>\n<meta name=\"description\" content=\"Comprendre la dur\u00e9e de vie moyenne d&#039;une voiture. Quelle est la dur\u00e9e de vie moyenne d&#039;une voiture ? Bonnes questions avant d&#039;acheter\" \/>\n<meta name=\"robots\" content=\"index, follow, max-snippet:-1, max-image-preview:large, max-video-preview:-1\" \/>\n<link rel=\"canonical\" href=\"https:\/\/www.carideal.com\/blog\/quelle-est-la-duree-de-vie-moyenne-dune-voiture\/\" \/>\n<meta property=\"og:locale\" content=\"fr_FR\" \/>\n<meta property=\"og:type\" content=\"article\" \/>\n<meta property=\"og:title\" content=\"Quelle est la dur\u00e9e de vie moyenne d&#039;une voiture ? - Blog auto Carid\u00e9al\" \/>\n<meta property=\"og:description\" content=\"Comprendre la dur\u00e9e de vie moyenne d&#039;une voiture. Quelle est la dur\u00e9e de vie moyenne d&#039;une voiture ? Bonnes questions avant d&#039;acheter\" \/>\n<meta property=\"og:url\" content=\"https:\/\/www.carideal.com\/blog\/quelle-est-la-duree-de-vie-moyenne-dune-voiture\/\" \/>\n<meta property=\"og:site_name\" content=\"Blog auto Carid\u00e9al\" \/>\n<meta property=\"article:publisher\" content=\"https:\/\/www.facebook.com\/Carideal.mandataire.automobile\" \/>\n<meta property=\"article:modified_time\" content=\"2024-01-18T18:06:57+00:00\" \/>\n<meta property=\"og:image\" content=\"https:\/\/www.carideal.com\/blog\/wp-content\/uploads\/2021\/06\/quelle-est-duree-de-vie-moyenne-voiture.jpg\" \/>\n\t<meta property=\"og:image:width\" content=\"600\" \/>\n\t<meta property=\"og:image:height\" content=\"364\" \/>\n\t<meta property=\"og:image:type\" content=\"image\/jpeg\" \/>\n<meta name=\"twitter:card\" content=\"summary_large_image\" \/>\n<meta name=\"twitter:site\" content=\"@caridealauto\" \/>\n<meta name=\"twitter:label1\" content=\"Dur\u00e9e de lecture estim\u00e9e\" \/>\n\t<meta name=\"twitter:data1\" content=\"6 minutes\" \/>\n<script type=\"application\/ld+json\" class=\"yoast-schema-graph\">{\"@context\":\"https:\/\/schema.org\",\"@graph\":[{\"@type\":\"WebPage\",\"@id\":\"https:\/\/www.carideal.com\/blog\/quelle-est-la-duree-de-vie-moyenne-dune-voiture\/\",\"url\":\"https:\/\/www.carideal.com\/blog\/quelle-est-la-duree-de-vie-moyenne-dune-voiture\/\",\"name\":\"Quelle est la dur\u00e9e de vie moyenne d'une voiture ? - Blog auto Carid\u00e9al\",\"isPartOf\":{\"@id\":\"https:\/\/www.carideal.com\/blog\/#website\"},\"primaryImageOfPage\":{\"@id\":\"https:\/\/www.carideal.com\/blog\/quelle-est-la-duree-de-vie-moyenne-dune-voiture\/#primaryimage\"},\"image\":{\"@id\":\"https:\/\/www.carideal.com\/blog\/quelle-est-la-duree-de-vie-moyenne-dune-voiture\/#primaryimage\"},\"thumbnailUrl\":\"https:\/\/www.carideal.com\/blog\/wp-content\/uploads\/2021\/06\/quelle-est-duree-de-vie-moyenne-voiture.jpg\",\"datePublished\":\"2021-06-05T13:01:43+00:00\",\"dateModified\":\"2024-01-18T18:06:57+00:00\",\"description\":\"Comprendre la dur\u00e9e de vie moyenne d'une voiture. Quelle est la dur\u00e9e de vie moyenne d'une voiture ? Bonnes questions avant d'acheter\",\"breadcrumb\":{\"@id\":\"https:\/\/www.carideal.com\/blog\/quelle-est-la-duree-de-vie-moyenne-dune-voiture\/#breadcrumb\"},\"inLanguage\":\"fr-FR\",\"potentialAction\":[{\"@type\":\"ReadAction\",\"target\":[\"https:\/\/www.carideal.com\/blog\/quelle-est-la-duree-de-vie-moyenne-dune-voiture\/\"]}]},{\"@type\":\"ImageObject\",\"inLanguage\":\"fr-FR\",\"@id\":\"https:\/\/www.carideal.com\/blog\/quelle-est-la-duree-de-vie-moyenne-dune-voiture\/#primaryimage\",\"url\":\"https:\/\/www.carideal.com\/blog\/wp-content\/uploads\/2021\/06\/quelle-est-duree-de-vie-moyenne-voiture.jpg\",\"contentUrl\":\"https:\/\/www.carideal.com\/blog\/wp-content\/uploads\/2021\/06\/quelle-est-duree-de-vie-moyenne-voiture.jpg\",\"width\":600,\"height\":364,\"caption\":\"Quelle est la dur\u00e9e de vie moyenne d'une voiture\"},{\"@type\":\"BreadcrumbList\",\"@id\":\"https:\/\/www.carideal.com\/blog\/quelle-est-la-duree-de-vie-moyenne-dune-voiture\/#breadcrumb\",\"itemListElement\":[{\"@type\":\"ListItem\",\"position\":1,\"name\":\"Blog Carid\u00e9al\",\"item\":\"https:\/\/www.carideal.com\/blog\/\"},{\"@type\":\"ListItem\",\"position\":2,\"name\":\"Quelle est la dur\u00e9e de vie moyenne d&rsquo;une voiture ?\"}]},{\"@type\":\"WebSite\",\"@id\":\"https:\/\/www.carideal.com\/blog\/#website\",\"url\":\"https:\/\/www.carideal.com\/blog\/\",\"name\":\"Blog auto Carid\u00e9al\",\"description\":\"Actualit\u00e9 auto par des passionn\u00e9s\",\"publisher\":{\"@id\":\"https:\/\/www.carideal.com\/blog\/#organization\"},\"potentialAction\":[{\"@type\":\"SearchAction\",\"target\":{\"@type\":\"EntryPoint\",\"urlTemplate\":\"https:\/\/www.carideal.com\/blog\/?s={search_term_string}\"},\"query-input\":{\"@type\":\"PropertyValueSpecification\",\"valueRequired\":true,\"valueName\":\"search_term_string\"}}],\"inLanguage\":\"fr-FR\"},{\"@type\":\"Organization\",\"@id\":\"https:\/\/www.carideal.com\/blog\/#organization\",\"name\":\"Carideal\",\"url\":\"https:\/\/www.carideal.com\/blog\/\",\"logo\":{\"@type\":\"ImageObject\",\"inLanguage\":\"fr-FR\",\"@id\":\"https:\/\/www.carideal.com\/blog\/#\/schema\/logo\/image\/\",\"url\":\"http:\/\/www.carideal.com\/blog\/wp-content\/uploads\/2016\/03\/logo-carideal-mandataire-automobile.png\",\"contentUrl\":\"http:\/\/www.carideal.com\/blog\/wp-content\/uploads\/2016\/03\/logo-carideal-mandataire-automobile.png\",\"width\":300,\"height\":300,\"caption\":\"Carideal\"},\"image\":{\"@id\":\"https:\/\/www.carideal.com\/blog\/#\/schema\/logo\/image\/\"},\"sameAs\":[\"https:\/\/www.facebook.com\/Carideal.mandataire.automobile\",\"https:\/\/x.com\/caridealauto\",\"https:\/\/www.instagram.com\/carideal1\/\",\"https:\/\/www.linkedin.com\/company\/carideal.com\",\"https:\/\/fr.pinterest.com\/schiavonsas\/\",\"https:\/\/www.youtube.com\/user\/caridealsas\"]}]}<\/script>\n<!-- \/ Yoast SEO plugin. -->","yoast_head_json":{"title":"Quelle est la dur\u00e9e de vie moyenne d'une voiture ? - Blog auto Carid\u00e9al","description":"Comprendre la dur\u00e9e de vie moyenne d'une voiture. Quelle est la dur\u00e9e de vie moyenne d'une voiture ? Bonnes questions avant d'acheter","robots":{"index":"index","follow":"follow","max-snippet":"max-snippet:-1","max-image-preview":"max-image-preview:large","max-video-preview":"max-video-preview:-1"},"canonical":"https:\/\/www.carideal.com\/blog\/quelle-est-la-duree-de-vie-moyenne-dune-voiture\/","og_locale":"fr_FR","og_type":"article","og_title":"Quelle est la dur\u00e9e de vie moyenne d'une voiture ? - Blog auto Carid\u00e9al","og_description":"Comprendre la dur\u00e9e de vie moyenne d'une voiture. Quelle est la dur\u00e9e de vie moyenne d'une voiture ? Bonnes questions avant d'acheter","og_url":"https:\/\/www.carideal.com\/blog\/quelle-est-la-duree-de-vie-moyenne-dune-voiture\/","og_site_name":"Blog auto Carid\u00e9al","article_publisher":"https:\/\/www.facebook.com\/Carideal.mandataire.automobile","article_modified_time":"2024-01-18T18:06:57+00:00","og_image":[{"width":600,"height":364,"url":"https:\/\/www.carideal.com\/blog\/wp-content\/uploads\/2021\/06\/quelle-est-duree-de-vie-moyenne-voiture.jpg","type":"image\/jpeg"}],"twitter_card":"summary_large_image","twitter_site":"@caridealauto","twitter_misc":{"Dur\u00e9e de lecture estim\u00e9e":"6 minutes"},"schema":{"@context":"https:\/\/schema.org","@graph":[{"@type":"WebPage","@id":"https:\/\/www.carideal.com\/blog\/quelle-est-la-duree-de-vie-moyenne-dune-voiture\/","url":"https:\/\/www.carideal.com\/blog\/quelle-est-la-duree-de-vie-moyenne-dune-voiture\/","name":"Quelle est la dur\u00e9e de vie moyenne d'une voiture ? - Blog auto Carid\u00e9al","isPartOf":{"@id":"https:\/\/www.carideal.com\/blog\/#website"},"primaryImageOfPage":{"@id":"https:\/\/www.carideal.com\/blog\/quelle-est-la-duree-de-vie-moyenne-dune-voiture\/#primaryimage"},"image":{"@id":"https:\/\/www.carideal.com\/blog\/quelle-est-la-duree-de-vie-moyenne-dune-voiture\/#primaryimage"},"thumbnailUrl":"https:\/\/www.carideal.com\/blog\/wp-content\/uploads\/2021\/06\/quelle-est-duree-de-vie-moyenne-voiture.jpg","datePublished":"2021-06-05T13:01:43+00:00","dateModified":"2024-01-18T18:06:57+00:00","description":"Comprendre la dur\u00e9e de vie moyenne d'une voiture. Quelle est la dur\u00e9e de vie moyenne d'une voiture ? Bonnes questions avant d'acheter","breadcrumb":{"@id":"https:\/\/www.carideal.com\/blog\/quelle-est-la-duree-de-vie-moyenne-dune-voiture\/#breadcrumb"},"inLanguage":"fr-FR","potentialAction":[{"@type":"ReadAction","target":["https:\/\/www.carideal.com\/blog\/quelle-est-la-duree-de-vie-moyenne-dune-voiture\/"]}]},{"@type":"ImageObject","inLanguage":"fr-FR","@id":"https:\/\/www.carideal.com\/blog\/quelle-est-la-duree-de-vie-moyenne-dune-voiture\/#primaryimage","url":"https:\/\/www.carideal.com\/blog\/wp-content\/uploads\/2021\/06\/quelle-est-duree-de-vie-moyenne-voiture.jpg","contentUrl":"https:\/\/www.carideal.com\/blog\/wp-content\/uploads\/2021\/06\/quelle-est-duree-de-vie-moyenne-voiture.jpg","width":600,"height":364,"caption":"Quelle est la dur\u00e9e de vie moyenne d'une voiture"},{"@type":"BreadcrumbList","@id":"https:\/\/www.carideal.com\/blog\/quelle-est-la-duree-de-vie-moyenne-dune-voiture\/#breadcrumb","itemListElement":[{"@type":"ListItem","position":1,"name":"Blog Carid\u00e9al","item":"https:\/\/www.carideal.com\/blog\/"},{"@type":"ListItem","position":2,"name":"Quelle est la dur\u00e9e de vie moyenne d&rsquo;une voiture ?"}]},{"@type":"WebSite","@id":"https:\/\/www.carideal.com\/blog\/#website","url":"https:\/\/www.carideal.com\/blog\/","name":"Blog auto Carid\u00e9al","description":"Actualit\u00e9 auto par des passionn\u00e9s","publisher":{"@id":"https:\/\/www.carideal.com\/blog\/#organization"},"potentialAction":[{"@type":"SearchAction","target":{"@type":"EntryPoint","urlTemplate":"https:\/\/www.carideal.com\/blog\/?s={search_term_string}"},"query-input":{"@type":"PropertyValueSpecification","valueRequired":true,"valueName":"search_term_string"}}],"inLanguage":"fr-FR"},{"@type":"Organization","@id":"https:\/\/www.carideal.com\/blog\/#organization","name":"Carideal","url":"https:\/\/www.carideal.com\/blog\/","logo":{"@type":"ImageObject","inLanguage":"fr-FR","@id":"https:\/\/www.carideal.com\/blog\/#\/schema\/logo\/image\/","url":"http:\/\/www.carideal.com\/blog\/wp-content\/uploads\/2016\/03\/logo-carideal-mandataire-automobile.png","contentUrl":"http:\/\/www.carideal.com\/blog\/wp-content\/uploads\/2016\/03\/logo-carideal-mandataire-automobile.png","width":300,"height":300,"caption":"Carideal"},"image":{"@id":"https:\/\/www.carideal.com\/blog\/#\/schema\/logo\/image\/"},"sameAs":["https:\/\/www.facebook.com\/Carideal.mandataire.automobile","https:\/\/x.com\/caridealauto","https:\/\/www.instagram.com\/carideal1\/","https:\/\/www.linkedin.com\/company\/carideal.com","https:\/\/fr.pinterest.com\/schiavonsas\/","https:\/\/www.youtube.com\/user\/caridealsas"]}]}},"uagb_featured_image_src":{"full":["https:\/\/www.carideal.com\/blog\/wp-content\/uploads\/2021\/06\/quelle-est-duree-de-vie-moyenne-voiture.jpg",600,364,false],"thumbnail":["https:\/\/www.carideal.com\/blog\/wp-content\/uploads\/2021\/06\/quelle-est-duree-de-vie-moyenne-voiture-150x150.jpg",150,150,true],"medium":["https:\/\/www.carideal.com\/blog\/wp-content\/uploads\/2021\/06\/quelle-est-duree-de-vie-moyenne-voiture-300x182.jpg",300,182,true],"medium_large":["https:\/\/www.carideal.com\/blog\/wp-content\/uploads\/2021\/06\/quelle-est-duree-de-vie-moyenne-voiture.jpg",600,364,false],"large":["https:\/\/www.carideal.com\/blog\/wp-content\/uploads\/2021\/06\/quelle-est-duree-de-vie-moyenne-voiture.jpg",600,364,false],"1536x1536":["https:\/\/www.carideal.com\/blog\/wp-content\/uploads\/2021\/06\/quelle-est-duree-de-vie-moyenne-voiture.jpg",600,364,false],"2048x2048":["https:\/\/www.carideal.com\/blog\/wp-content\/uploads\/2021\/06\/quelle-est-duree-de-vie-moyenne-voiture.jpg",600,364,false],"wppr-widget":["https:\/\/www.carideal.com\/blog\/wp-content\/uploads\/2021\/06\/quelle-est-duree-de-vie-moyenne-voiture-50x30.jpg",50,30,true]},"uagb_author_info":{"display_name":"Nicolas SCHIAVON","author_link":"https:\/\/www.carideal.com\/blog\/author\/nschiavon\/"},"uagb_comment_info":0,"uagb_excerpt":"Quelle est la dur\u00e9e de vie moyenne d'une voiture ? Comprendre la dur\u00e9e de vie moyenne d'une voiture d'occasion. Quelle est la dur\u00e9e de vie moyenne d'une voiture ? Que vous soyez pr\u00eat \u00e0 d\u00e9penser moins de 4000 \u20ac pour une voiture, ou plus de 20 000 \u20ac. Lors de l'achat d'une voiture d'occasion, il\u2026","_links":{"self":[{"href":"https:\/\/www.carideal.com\/blog\/wp-json\/wp\/v2\/pages\/26467"}],"collection":[{"href":"https:\/\/www.carideal.com\/blog\/wp-json\/wp\/v2\/pages"}],"about":[{"href":"https:\/\/www.carideal.com\/blog\/wp-json\/wp\/v2\/types\/page"}],"author":[{"embeddable":true,"href":"https:\/\/www.carideal.com\/blog\/wp-json\/wp\/v2\/users\/3"}],"replies":[{"embeddable":true,"href":"https:\/\/www.carideal.com\/blog\/wp-json\/wp\/v2\/comments?post=26467"}],"version-history":[{"count":0,"href":"https:\/\/www.carideal.com\/blog\/wp-json\/wp\/v2\/pages\/26467\/revisions"}],"wp:featuredmedia":[{"embeddable":true,"href":"https:\/\/www.carideal.com\/blog\/wp-json\/wp\/v2\/media\/26470"}],"wp:attachment":[{"href":"https:\/\/www.carideal.com\/blog\/wp-json\/wp\/v2\/media?parent=26467"}],"curies":[{"name":"wp","href":"https:\/\/api.w.org\/{rel}","templated":true}]}}