{"id":26179,"date":"2021-01-08T18:27:41","date_gmt":"2021-01-08T17:27:41","guid":{"rendered":"http:\/\/www.carideal.com\/blog\/?page_id=26179"},"modified":"2021-01-14T14:07:44","modified_gmt":"2021-01-14T13:07:44","slug":"malaisie","status":"publish","type":"page","link":"https:\/\/www.carideal.com\/blog\/marque-de-voiture-actualites-essais\/malaisie\/","title":{"rendered":"Marques de voiture Malaisienne"},"content":{"rendered":"\n<h2 class=\"wp-block-heading\">Marques de voiture Malaisienne<\/h2>\n\n\n\n<p>Liste compl\u00e8te de toutes les <strong>marques de voiture malaisienne<\/strong> et constructeurs de v\u00e9hicules malaisiens<\/p>\n\n\n\n<p>Liste compl\u00e8te des <a href=\"http:\/\/www.carideal.com\/blog\/marque-de-voiture-actualites-essais\/\">marques de voitures<\/a> originaires de Malaisie<\/p>\n\n\n\n<figure class=\"wp-block-image size-large\"><a href=\"http:\/\/www.carideal.com\/blog\/wp-content\/uploads\/2021\/01\/marque-de-voiture-malaisienne.jpg\"><img loading=\"lazy\" decoding=\"async\" width=\"600\" height=\"489\" src=\"http:\/\/www.carideal.com\/blog\/wp-content\/uploads\/2021\/01\/marque-de-voiture-malaisienne.jpg\" alt=\"Liste compl\u00e8te de toutes les marques de voiture malaisienne et constructeurs de v\u00e9hicules malaisiens\" class=\"wp-image-26180\" srcset=\"https:\/\/www.carideal.com\/blog\/wp-content\/uploads\/2021\/01\/marque-de-voiture-malaisienne.jpg 600w, https:\/\/www.carideal.com\/blog\/wp-content\/uploads\/2021\/01\/marque-de-voiture-malaisienne-300x245.jpg 300w, https:\/\/www.carideal.com\/blog\/wp-content\/uploads\/2021\/01\/marque-de-voiture-malaisienne-50x41.jpg 50w, https:\/\/www.carideal.com\/blog\/wp-content\/uploads\/2021\/01\/marque-de-voiture-malaisienne-110x90.jpg 110w, https:\/\/www.carideal.com\/blog\/wp-content\/uploads\/2021\/01\/marque-de-voiture-malaisienne-420x342.jpg 420w, https:\/\/www.carideal.com\/blog\/wp-content\/uploads\/2021\/01\/marque-de-voiture-malaisienne-528x430.jpg 528w\" sizes=\"(max-width: 600px) 100vw, 600px\" \/><\/a><figcaption>Liste compl\u00e8te de toutes les marques de voiture malaisienne et constructeurs de v\u00e9hicules malaisiens<\/figcaption><\/figure>\n\n\n\n<h2 class=\"wp-block-heading\">LES VOITURES DE LUXE DE LA MALAISIE, MAIS \u00c0 UN PRIX ABORDABLE<\/h2>\n\n\n\n<p>Lorsqu'il s'agit de choisir les constructeurs automobiles, la Malaisie n'est pas \u00e0 prendre en consid\u00e9ration. Pourtant, son industrie automobile a \u00e9norm\u00e9ment contribu\u00e9 \u00e0 la bonne fortune du pays. Les automobiles malaisiennes ne sont peut-\u00eatre pas connues au niveau international, mais certains de ses principaux constructeurs, Bufori, Perodua, NAM et Proton, doivent \u00eatre consid\u00e9r\u00e9s comme les meilleurs.<\/p>\n\n\n\n<h2 class=\"wp-block-heading\">Principales marques de voitures en Malaisie<\/h2>\n\n\n\n<h3 class=\"wp-block-heading\">1. Bufori<\/h3>\n\n\n\n<p>D\u00e9claration de fiert\u00e9 de la Malaisie, Bufori est une entreprise automobile. C'est l'un des fabricants de luxe du pays. Elle figure m\u00eame parmi les produits les plus riches d'Asie. Bufori a particip\u00e9 \u00e0 des comp\u00e9titions mondiales comme le Salon international de l'automobile de Macao.<\/p>\n\n\n\n<p>Parmi ses mod\u00e8les connus, citons la <a href=\"https:\/\/bufori.com\/geneva\/\">Bufori Geneva<\/a> (limousine de luxe \u00e0 quatre portes), La Joya (coup\u00e9 deux places) et Madison (cabriolet deux places).<\/p>\n\n\n\n<h3 class=\"wp-block-heading\">2. Perodua<\/h3>\n\n\n\n<p>La fiert\u00e9 d'un autre pays est Perodua. C'est la voiture pr\u00e9f\u00e9r\u00e9e des Malaisiens en raison de sa classe et de son allure sportive. Elle est \u00e9galement personnalis\u00e9e en un v\u00e9hicule plus efficace sur le plan de l'espace, plus s\u00fbr, plus s\u00e9curis\u00e9 et plus am\u00e9lior\u00e9. Ces caract\u00e9ristiques ont fait de Perodua le v\u00e9hicule sugg\u00e9r\u00e9 pour les conducteurs d\u00e9butants.<\/p>\n\n\n\n<p>Parmi ses mod\u00e8les connus, on trouve la <a href=\"https:\/\/www.perodua.com.my\/our-models\/axia.html\">Perodua Axia<\/a>, la Myvi (voiture la plus vendue) et la Kenari (voiture sous-compacte \u00e0 quatre places).<\/p>\n\n\n\n<h3 class=\"wp-block-heading\">3. NAM<\/h3>\n\n\n\n<p>Naza Automotive Manufacturing Sdn Bhd (NAM) est une autre marque dont la Malaisie se vante. Il s'agit de la plus grande entreprise automobile du pays. Elle distribue m\u00eame des v\u00e9hicules dans certaines parties de Jakarta, Bangkok et Kuala Lumpur.<\/p>\n\n\n\n<p>Parmi ses mod\u00e8les connus, citons la Naza Kia Sportage (un crossover), la <a href=\"http:\/\/www.carideal.com\/blog\/2010\/05\/21\/le-retour-surprise-de-la-peugeot-308-gti\/\">Peugeot 308 GTi<\/a> (une voiture de sport compacte de luxe) et la Kia Rio (un v\u00e9hicule de sport prim\u00e9).<\/p>\n\n\n\n<h3 class=\"wp-block-heading\">4. Proton<\/h3>\n\n\n\n<p>Proton compl\u00e8te la liste des meilleures voitures malaisiennes. Il s'agit de la voiture la plus abordable du pays, qui a re\u00e7u le titre de \"Malaysia Best Employer Brand Awards 2016\".<\/p>\n\n\n\n<p>Parmi ses mod\u00e8les connus figurent la Proton Persona (meilleure voiture compacte), l'Iriz (meilleure voiture de l'ANASE en 2016) et la Perdana (meilleure voiture con\u00e7ue localement).<\/p>\n\n\n\n<h4 class=\"wp-block-heading\">Pages similaires<\/h4>\n\n\n\n\n\n<h2 class=\"wp-block-heading\">Conclusion<\/h2>\n\n\n\n<p>Avec ses r\u00e9alisations prestigieuses, il ne fait aucun doute que les voitures malaisiennes doivent \u00eatre consid\u00e9r\u00e9es comme l\u2019une des marques de voitures les plus productives au monde. Les Malais b\u00e9n\u00e9ficient beaucoup de la beaut\u00e9 et de l'accessibilit\u00e9 \u00e9conomique de ses fabricants les plus vendus Bufori, Perodua, NAM et Proton.<\/p>\n\n\n\n<h3 class=\"wp-block-heading\">Autres marques de voitures<\/h3>\n\n\n\n<div class=\"wp-block-columns is-layout-flex wp-container-core-columns-is-layout-1 wp-block-columns-is-layout-flex\">\n<div class=\"wp-block-column is-layout-flow wp-block-column-is-layout-flow\">\n<ul class=\"wp-block-list\"><li>Marques de voiture am\u00e9ricaines<\/li><li><a href=\"http:\/\/www.carideal.com\/blog\/marque-de-voiture-actualites-essais\/japonaise\/\">Marques de voitures japonaises<\/a><\/li><li><a href=\"http:\/\/www.carideal.com\/blog\/marque-de-voiture-actualites-essais\/allemande\/\">Marques de voitures allemandes<\/a><\/li><li><a href=\"http:\/\/www.carideal.com\/blog\/marque-de-voiture-actualites-essais\/italiennes\/\">Marques de voitures italiennes<\/a><\/li><li><a href=\"http:\/\/www.carideal.com\/blog\/marque-de-voiture-actualites-essais\/marques-de-voitures-britanniques\/\">Marques de voitures britanniques<\/a><\/li><li>Marques automobiles fran\u00e7aises<\/li><li><a href=\"http:\/\/www.carideal.com\/blog\/marque-de-voiture-actualites-essais\/indiennes\/\">Marques de voitures indiennes<\/a><\/li><li>Marques de voitures n\u00e9erlandaises<\/li><li>Marques de voitures tch\u00e8ques<\/li><li>Marques de voitures br\u00e9siliennes<\/li><\/ul>\n<\/div>\n\n\n\n<div class=\"wp-block-column is-layout-flow wp-block-column-is-layout-flow\">\n<ul class=\"wp-block-list\"><li><a href=\"http:\/\/www.carideal.com\/blog\/marque-de-voiture-actualites-essais\/malaisie\/\">Marques de voiture malaisienne<\/a><\/li><li>Les marques de voitures des \u00c9mirats Arabes Unis<\/li><li>Marques de voitures de Taiwan<\/li><li>Marques de voitures mexicaines<\/li><li>Marques de voitures iraniennes<\/li><li>Marques de voitures cor\u00e9ennes<\/li><li><a href=\"http:\/\/www.carideal.com\/blog\/2007\/11\/27\/l-industrie-automobile-chinoise\/\">Marques de voiture chinoise<\/a><\/li><li>Marques de voiture africaine<\/li><li>Marques de voiture belge<\/li><li><a href=\"http:\/\/www.carideal.com\/blog\/marque-de-voiture-actualites-essais\/russe\/\">Marques de voiture russe<\/a><\/li><li>Marques de voiture suisse<\/li><\/ul>\n<\/div>\n<\/div>\n","protected":false},"excerpt":{"rendered":"<p>Marques de voiture Malaisienne Liste compl\u00e8te de toutes les marques de voiture malaisienne et constructeurs de v\u00e9hicules malaisiens Liste compl\u00e8te des marques de voitures originaires de Malaisie LES VOITURES DE LUXE DE LA MALAISIE, MAIS \u00c0 UN PRIX ABORDABLE Lorsqu&rsquo;il s&rsquo;agit de choisir les constructeurs automobiles, la Malaisie n&rsquo;est pas \u00e0 prendre en consid\u00e9ration. Pourtant, &#8230; <a title=\"Marques de voiture Malaisienne\" class=\"read-more\" href=\"https:\/\/www.carideal.com\/blog\/marque-de-voiture-actualites-essais\/malaisie\/\" aria-label=\"En savoir plus sur Marques de voiture Malaisienne\">Lire plus<\/a><\/p>\n","protected":false},"author":3,"featured_media":26180,"parent":13389,"menu_order":0,"comment_status":"closed","ping_status":"closed","template":"","meta":{"_uag_custom_page_level_css":"","_themeisle_gutenberg_block_has_review":false,"footnotes":""},"class_list":["post-26179","page","type-page","status-publish","has-post-thumbnail"],"wppr_data":{"cwp_meta_box_check":"No"},"yoast_head":"<!-- This site is optimized with the Yoast SEO plugin v24.8.1 - https:\/\/yoast.com\/wordpress\/plugins\/seo\/ -->\n<title>Marques de voiture Malaisienne - Blog auto Carid\u00e9al<\/title>\n<meta name=\"description\" content=\"Liste compl\u00e8te de toutes les marques de voiture malaisienne et constructeurs de v\u00e9hicules malaisiens\" \/>\n<meta name=\"robots\" content=\"index, follow, max-snippet:-1, max-image-preview:large, max-video-preview:-1\" \/>\n<link rel=\"canonical\" href=\"https:\/\/www.carideal.com\/blog\/marque-de-voiture-actualites-essais\/malaisie\/\" \/>\n<meta property=\"og:locale\" content=\"fr_FR\" \/>\n<meta property=\"og:type\" content=\"article\" \/>\n<meta property=\"og:title\" content=\"Marques de voiture Malaisienne - Blog auto Carid\u00e9al\" \/>\n<meta property=\"og:description\" content=\"Liste compl\u00e8te de toutes les marques de voiture malaisienne et constructeurs de v\u00e9hicules malaisiens\" \/>\n<meta property=\"og:url\" content=\"https:\/\/www.carideal.com\/blog\/marque-de-voiture-actualites-essais\/malaisie\/\" \/>\n<meta property=\"og:site_name\" content=\"Blog auto Carid\u00e9al\" \/>\n<meta property=\"article:publisher\" content=\"https:\/\/www.facebook.com\/Carideal.mandataire.automobile\" \/>\n<meta property=\"article:modified_time\" content=\"2021-01-14T13:07:44+00:00\" \/>\n<meta property=\"og:image\" content=\"https:\/\/www.carideal.com\/blog\/wp-content\/uploads\/2021\/01\/marque-de-voiture-malaisienne.jpg\" \/>\n\t<meta property=\"og:image:width\" content=\"600\" \/>\n\t<meta property=\"og:image:height\" content=\"489\" \/>\n\t<meta property=\"og:image:type\" content=\"image\/jpeg\" \/>\n<meta name=\"twitter:card\" content=\"summary_large_image\" \/>\n<meta name=\"twitter:site\" content=\"@caridealauto\" \/>\n<meta name=\"twitter:label1\" content=\"Dur\u00e9e de lecture estim\u00e9e\" \/>\n\t<meta name=\"twitter:data1\" content=\"3 minutes\" \/>\n<script type=\"application\/ld+json\" class=\"yoast-schema-graph\">{\"@context\":\"https:\/\/schema.org\",\"@graph\":[{\"@type\":\"WebPage\",\"@id\":\"https:\/\/www.carideal.com\/blog\/marque-de-voiture-actualites-essais\/malaisie\/\",\"url\":\"https:\/\/www.carideal.com\/blog\/marque-de-voiture-actualites-essais\/malaisie\/\",\"name\":\"Marques de voiture Malaisienne - Blog auto Carid\u00e9al\",\"isPartOf\":{\"@id\":\"https:\/\/www.carideal.com\/blog\/#website\"},\"primaryImageOfPage\":{\"@id\":\"https:\/\/www.carideal.com\/blog\/marque-de-voiture-actualites-essais\/malaisie\/#primaryimage\"},\"image\":{\"@id\":\"https:\/\/www.carideal.com\/blog\/marque-de-voiture-actualites-essais\/malaisie\/#primaryimage\"},\"thumbnailUrl\":\"https:\/\/www.carideal.com\/blog\/wp-content\/uploads\/2021\/01\/marque-de-voiture-malaisienne.jpg\",\"datePublished\":\"2021-01-08T17:27:41+00:00\",\"dateModified\":\"2021-01-14T13:07:44+00:00\",\"description\":\"Liste compl\u00e8te de toutes les marques de voiture malaisienne et constructeurs de v\u00e9hicules malaisiens\",\"breadcrumb\":{\"@id\":\"https:\/\/www.carideal.com\/blog\/marque-de-voiture-actualites-essais\/malaisie\/#breadcrumb\"},\"inLanguage\":\"fr-FR\",\"potentialAction\":[{\"@type\":\"ReadAction\",\"target\":[\"https:\/\/www.carideal.com\/blog\/marque-de-voiture-actualites-essais\/malaisie\/\"]}]},{\"@type\":\"ImageObject\",\"inLanguage\":\"fr-FR\",\"@id\":\"https:\/\/www.carideal.com\/blog\/marque-de-voiture-actualites-essais\/malaisie\/#primaryimage\",\"url\":\"https:\/\/www.carideal.com\/blog\/wp-content\/uploads\/2021\/01\/marque-de-voiture-malaisienne.jpg\",\"contentUrl\":\"https:\/\/www.carideal.com\/blog\/wp-content\/uploads\/2021\/01\/marque-de-voiture-malaisienne.jpg\",\"width\":600,\"height\":489,\"caption\":\"Liste compl\u00e8te de toutes les marques de voiture malaisienne et constructeurs de v\u00e9hicules malaisiens\"},{\"@type\":\"BreadcrumbList\",\"@id\":\"https:\/\/www.carideal.com\/blog\/marque-de-voiture-actualites-essais\/malaisie\/#breadcrumb\",\"itemListElement\":[{\"@type\":\"ListItem\",\"position\":1,\"name\":\"Blog Carid\u00e9al\",\"item\":\"https:\/\/www.carideal.com\/blog\/\"},{\"@type\":\"ListItem\",\"position\":2,\"name\":\"Marque de voiture\",\"item\":\"https:\/\/www.carideal.com\/blog\/marque-de-voiture-actualites-essais\/\"},{\"@type\":\"ListItem\",\"position\":3,\"name\":\"Marques de voiture Malaisienne\"}]},{\"@type\":\"WebSite\",\"@id\":\"https:\/\/www.carideal.com\/blog\/#website\",\"url\":\"https:\/\/www.carideal.com\/blog\/\",\"name\":\"Blog auto Carid\u00e9al\",\"description\":\"Actualit\u00e9 auto par des passionn\u00e9s\",\"publisher\":{\"@id\":\"https:\/\/www.carideal.com\/blog\/#organization\"},\"potentialAction\":[{\"@type\":\"SearchAction\",\"target\":{\"@type\":\"EntryPoint\",\"urlTemplate\":\"https:\/\/www.carideal.com\/blog\/?s={search_term_string}\"},\"query-input\":{\"@type\":\"PropertyValueSpecification\",\"valueRequired\":true,\"valueName\":\"search_term_string\"}}],\"inLanguage\":\"fr-FR\"},{\"@type\":\"Organization\",\"@id\":\"https:\/\/www.carideal.com\/blog\/#organization\",\"name\":\"Carideal\",\"url\":\"https:\/\/www.carideal.com\/blog\/\",\"logo\":{\"@type\":\"ImageObject\",\"inLanguage\":\"fr-FR\",\"@id\":\"https:\/\/www.carideal.com\/blog\/#\/schema\/logo\/image\/\",\"url\":\"http:\/\/www.carideal.com\/blog\/wp-content\/uploads\/2016\/03\/logo-carideal-mandataire-automobile.png\",\"contentUrl\":\"http:\/\/www.carideal.com\/blog\/wp-content\/uploads\/2016\/03\/logo-carideal-mandataire-automobile.png\",\"width\":300,\"height\":300,\"caption\":\"Carideal\"},\"image\":{\"@id\":\"https:\/\/www.carideal.com\/blog\/#\/schema\/logo\/image\/\"},\"sameAs\":[\"https:\/\/www.facebook.com\/Carideal.mandataire.automobile\",\"https:\/\/x.com\/caridealauto\",\"https:\/\/www.instagram.com\/carideal1\/\",\"https:\/\/www.linkedin.com\/company\/carideal.com\",\"https:\/\/fr.pinterest.com\/schiavonsas\/\",\"https:\/\/www.youtube.com\/user\/caridealsas\"]}]}<\/script>\n<!-- \/ Yoast SEO plugin. -->","yoast_head_json":{"title":"Marques de voiture Malaisienne - Blog auto Carid\u00e9al","description":"Liste compl\u00e8te de toutes les marques de voiture malaisienne et constructeurs de v\u00e9hicules malaisiens","robots":{"index":"index","follow":"follow","max-snippet":"max-snippet:-1","max-image-preview":"max-image-preview:large","max-video-preview":"max-video-preview:-1"},"canonical":"https:\/\/www.carideal.com\/blog\/marque-de-voiture-actualites-essais\/malaisie\/","og_locale":"fr_FR","og_type":"article","og_title":"Marques de voiture Malaisienne - Blog auto Carid\u00e9al","og_description":"Liste compl\u00e8te de toutes les marques de voiture malaisienne et constructeurs de v\u00e9hicules malaisiens","og_url":"https:\/\/www.carideal.com\/blog\/marque-de-voiture-actualites-essais\/malaisie\/","og_site_name":"Blog auto Carid\u00e9al","article_publisher":"https:\/\/www.facebook.com\/Carideal.mandataire.automobile","article_modified_time":"2021-01-14T13:07:44+00:00","og_image":[{"width":600,"height":489,"url":"https:\/\/www.carideal.com\/blog\/wp-content\/uploads\/2021\/01\/marque-de-voiture-malaisienne.jpg","type":"image\/jpeg"}],"twitter_card":"summary_large_image","twitter_site":"@caridealauto","twitter_misc":{"Dur\u00e9e de lecture estim\u00e9e":"3 minutes"},"schema":{"@context":"https:\/\/schema.org","@graph":[{"@type":"WebPage","@id":"https:\/\/www.carideal.com\/blog\/marque-de-voiture-actualites-essais\/malaisie\/","url":"https:\/\/www.carideal.com\/blog\/marque-de-voiture-actualites-essais\/malaisie\/","name":"Marques de voiture Malaisienne - Blog auto Carid\u00e9al","isPartOf":{"@id":"https:\/\/www.carideal.com\/blog\/#website"},"primaryImageOfPage":{"@id":"https:\/\/www.carideal.com\/blog\/marque-de-voiture-actualites-essais\/malaisie\/#primaryimage"},"image":{"@id":"https:\/\/www.carideal.com\/blog\/marque-de-voiture-actualites-essais\/malaisie\/#primaryimage"},"thumbnailUrl":"https:\/\/www.carideal.com\/blog\/wp-content\/uploads\/2021\/01\/marque-de-voiture-malaisienne.jpg","datePublished":"2021-01-08T17:27:41+00:00","dateModified":"2021-01-14T13:07:44+00:00","description":"Liste compl\u00e8te de toutes les marques de voiture malaisienne et constructeurs de v\u00e9hicules malaisiens","breadcrumb":{"@id":"https:\/\/www.carideal.com\/blog\/marque-de-voiture-actualites-essais\/malaisie\/#breadcrumb"},"inLanguage":"fr-FR","potentialAction":[{"@type":"ReadAction","target":["https:\/\/www.carideal.com\/blog\/marque-de-voiture-actualites-essais\/malaisie\/"]}]},{"@type":"ImageObject","inLanguage":"fr-FR","@id":"https:\/\/www.carideal.com\/blog\/marque-de-voiture-actualites-essais\/malaisie\/#primaryimage","url":"https:\/\/www.carideal.com\/blog\/wp-content\/uploads\/2021\/01\/marque-de-voiture-malaisienne.jpg","contentUrl":"https:\/\/www.carideal.com\/blog\/wp-content\/uploads\/2021\/01\/marque-de-voiture-malaisienne.jpg","width":600,"height":489,"caption":"Liste compl\u00e8te de toutes les marques de voiture malaisienne et constructeurs de v\u00e9hicules malaisiens"},{"@type":"BreadcrumbList","@id":"https:\/\/www.carideal.com\/blog\/marque-de-voiture-actualites-essais\/malaisie\/#breadcrumb","itemListElement":[{"@type":"ListItem","position":1,"name":"Blog Carid\u00e9al","item":"https:\/\/www.carideal.com\/blog\/"},{"@type":"ListItem","position":2,"name":"Marque de voiture","item":"https:\/\/www.carideal.com\/blog\/marque-de-voiture-actualites-essais\/"},{"@type":"ListItem","position":3,"name":"Marques de voiture Malaisienne"}]},{"@type":"WebSite","@id":"https:\/\/www.carideal.com\/blog\/#website","url":"https:\/\/www.carideal.com\/blog\/","name":"Blog auto Carid\u00e9al","description":"Actualit\u00e9 auto par des passionn\u00e9s","publisher":{"@id":"https:\/\/www.carideal.com\/blog\/#organization"},"potentialAction":[{"@type":"SearchAction","target":{"@type":"EntryPoint","urlTemplate":"https:\/\/www.carideal.com\/blog\/?s={search_term_string}"},"query-input":{"@type":"PropertyValueSpecification","valueRequired":true,"valueName":"search_term_string"}}],"inLanguage":"fr-FR"},{"@type":"Organization","@id":"https:\/\/www.carideal.com\/blog\/#organization","name":"Carideal","url":"https:\/\/www.carideal.com\/blog\/","logo":{"@type":"ImageObject","inLanguage":"fr-FR","@id":"https:\/\/www.carideal.com\/blog\/#\/schema\/logo\/image\/","url":"http:\/\/www.carideal.com\/blog\/wp-content\/uploads\/2016\/03\/logo-carideal-mandataire-automobile.png","contentUrl":"http:\/\/www.carideal.com\/blog\/wp-content\/uploads\/2016\/03\/logo-carideal-mandataire-automobile.png","width":300,"height":300,"caption":"Carideal"},"image":{"@id":"https:\/\/www.carideal.com\/blog\/#\/schema\/logo\/image\/"},"sameAs":["https:\/\/www.facebook.com\/Carideal.mandataire.automobile","https:\/\/x.com\/caridealauto","https:\/\/www.instagram.com\/carideal1\/","https:\/\/www.linkedin.com\/company\/carideal.com","https:\/\/fr.pinterest.com\/schiavonsas\/","https:\/\/www.youtube.com\/user\/caridealsas"]}]}},"uagb_featured_image_src":{"full":["https:\/\/www.carideal.com\/blog\/wp-content\/uploads\/2021\/01\/marque-de-voiture-malaisienne.jpg",600,489,false],"thumbnail":["https:\/\/www.carideal.com\/blog\/wp-content\/uploads\/2021\/01\/marque-de-voiture-malaisienne-150x150.jpg",150,150,true],"medium":["https:\/\/www.carideal.com\/blog\/wp-content\/uploads\/2021\/01\/marque-de-voiture-malaisienne-300x245.jpg",300,245,true],"medium_large":["https:\/\/www.carideal.com\/blog\/wp-content\/uploads\/2021\/01\/marque-de-voiture-malaisienne.jpg",600,489,false],"large":["https:\/\/www.carideal.com\/blog\/wp-content\/uploads\/2021\/01\/marque-de-voiture-malaisienne.jpg",600,489,false],"1536x1536":["https:\/\/www.carideal.com\/blog\/wp-content\/uploads\/2021\/01\/marque-de-voiture-malaisienne.jpg",600,489,false],"2048x2048":["https:\/\/www.carideal.com\/blog\/wp-content\/uploads\/2021\/01\/marque-de-voiture-malaisienne.jpg",600,489,false],"wppr-widget":["https:\/\/www.carideal.com\/blog\/wp-content\/uploads\/2021\/01\/marque-de-voiture-malaisienne-50x41.jpg",50,41,true]},"uagb_author_info":{"display_name":"Nicolas SCHIAVON","author_link":"https:\/\/www.carideal.com\/blog\/author\/nschiavon\/"},"uagb_comment_info":0,"uagb_excerpt":"Marques de voiture Malaisienne Liste compl\u00e8te de toutes les marques de voiture malaisienne et constructeurs de v\u00e9hicules malaisiens Liste compl\u00e8te des marques de voitures originaires de Malaisie LES VOITURES DE LUXE DE LA MALAISIE, MAIS \u00c0 UN PRIX ABORDABLE Lorsqu'il s'agit de choisir les constructeurs automobiles, la Malaisie n'est pas \u00e0 prendre en consid\u00e9ration. Pourtant,\u2026","_links":{"self":[{"href":"https:\/\/www.carideal.com\/blog\/wp-json\/wp\/v2\/pages\/26179"}],"collection":[{"href":"https:\/\/www.carideal.com\/blog\/wp-json\/wp\/v2\/pages"}],"about":[{"href":"https:\/\/www.carideal.com\/blog\/wp-json\/wp\/v2\/types\/page"}],"author":[{"embeddable":true,"href":"https:\/\/www.carideal.com\/blog\/wp-json\/wp\/v2\/users\/3"}],"replies":[{"embeddable":true,"href":"https:\/\/www.carideal.com\/blog\/wp-json\/wp\/v2\/comments?post=26179"}],"version-history":[{"count":0,"href":"https:\/\/www.carideal.com\/blog\/wp-json\/wp\/v2\/pages\/26179\/revisions"}],"up":[{"embeddable":true,"href":"https:\/\/www.carideal.com\/blog\/wp-json\/wp\/v2\/pages\/13389"}],"wp:featuredmedia":[{"embeddable":true,"href":"https:\/\/www.carideal.com\/blog\/wp-json\/wp\/v2\/media\/26180"}],"wp:attachment":[{"href":"https:\/\/www.carideal.com\/blog\/wp-json\/wp\/v2\/media?parent=26179"}],"curies":[{"name":"wp","href":"https:\/\/api.w.org\/{rel}","templated":true}]}}