{"id":17008,"date":"2018-03-15T12:10:43","date_gmt":"2018-03-15T11:10:43","guid":{"rendered":"http:\/\/www.carideal.com\/blog\/?page_id=17008"},"modified":"2020-01-26T17:10:25","modified_gmt":"2020-01-26T16:10:25","slug":"bordeaux","status":"publish","type":"page","link":"https:\/\/www.carideal.com\/blog\/carideal-mandataire-auto-france\/bordeaux\/","title":{"rendered":"Carideal Bordeaux Mandataire automobile Gironde"},"content":{"rendered":"<h2>Contactez Carideal Bordeaux Mandataire automobile<\/h2>\n<p><a href=\"http:\/\/www.carideal.com\/blog\/carideal-mandataire-auto-france\/bordeaux\/\">Infos Carideal Bordeaux<\/a> | <a href=\"http:\/\/www.carideal.com\/blog\/constructeur\/\">Actualit\u00e9<\/a> | <a href=\"http:\/\/www.carideal.com\/blog\/essai\/\">Essais<\/a> | <a href=\"http:\/\/www.carideal.com\/blog\/voitures-occasions\/bordeaux\/\">Voiture d\u2019occasion<\/a> | Voiture neuve | <a href=\"http:\/\/www.carideal.com\/blog\/credit-auto\/\">Financement<\/a> | <a href=\"http:\/\/www.carideal.com\/blog\/garage-automobile\/\">R\u00e9visions<\/a> | <a href=\"http:\/\/www.carideal.com\/blog\/offres-automobiles\/\">Offres<\/a> | <a href=\"http:\/\/www.carideal.com\/blog\/carideal-mandataire-auto-france\/\">Contactez nous<\/a> | <a href=\"http:\/\/www.carideal.com\/blog\/tag\/guide-achat\/?=bordeaux\">Guide d\u2019achat<\/a><\/p>\n<p>Chez\u00a0<strong style=\"font-size: 16px;\">Carideal Bordeaux Mandataire automobile<\/strong><span style=\"font-size: 16px; font-weight: 400;\">, nous sommes experts en tout ce qui concerne l'automobile Mandataire - des voitures neuves aux mod\u00e8les d'occasion, aux options de financement et aux services apr\u00e8s-vente. Rendez-nous visite ou appelez-nous pour parler \u00e0 un membre de l'\u00e9quipe pour tout conseil sur l'achat d'une voiture par Mandataire.<\/span><\/p>\n<figure id=\"attachment_17009\" aria-describedby=\"caption-attachment-17009\" style=\"width: 690px\" class=\"wp-caption aligncenter\"><img loading=\"lazy\" decoding=\"async\" class=\"size-full wp-image-17009\" src=\"http:\/\/www.carideal.com\/blog\/wp-content\/uploads\/2018\/03\/bordeaux-france-e1580054710336.jpg\" alt=\"Carideal mandataire automobile \u00e0 Bordeaux\" width=\"700\" height=\"389\" \/><figcaption id=\"caption-attachment-17009\" class=\"wp-caption-text\">Carideal mandataire automobile \u00e0 Bordeaux<\/figcaption><\/figure>\n<h2>Contactez Carideal Bordeaux<\/h2>\n<p>04 79 33 03 53<\/p>\n<h2>Heures d'ouverture Carideal Bordeaux<\/h2>\n<p>Lundi de 08h30 \u00e0 19h00 le mardi de 8h30 \u00e0 19h00<br \/>\nLe mercredi de 8h30 \u00e0 19h00 le jeudi de 8h30 \u00e0 19h00<br \/>\nVendredi 08h30 - 19h00 Samedi 08h30 - 17h00<br \/>\nLe dimanche\u00a0ferm\u00e9<\/p>\n<p>Ouvert\u00a06 jours sur sept, vous pouvez visiter\u00a0notre showroom virtuel le jour qui vous convient le mieux. Notre entreprise est situ\u00e9e\u00a0\u00e0 <a href=\"http:\/\/www.carideal.com\/blog\/carideal-mandataire-auto-france\/chambery\/\">Chambery<\/a> et nous pouvons vous livrer partout sur Bordeaux, si la voirie le permet ou dans la r\u00e9gion bordelaise\u00a0gr\u00e2ce \u00e0 notre <a href=\"http:\/\/www.carideal.com\/content\/9-carideal-livraison-partout-en-france\">service de livraison partout en France<\/a>, il suffit juste de choisir votre voiture sur notre site internet Carideal.com. Vous avez le choix entre plus de vingt marques automobiles, pour l'achat de votre voiture dans la r\u00e9gion Aquitaine, mais aussi de la Gironde et de sa capitale Bordeaux. Vous pouvez aussi choisir de venir prendre livraison de votre voiture au si\u00e8ge et alors nous allons vous chercher \u00e0 la gare.<\/p>\n<p>Sur notre site internet, vous pouvez choisir les derniers mod\u00e8les mis en vente par Mandataire automobile, de la Fiat 500 compact \u00e0 l'immense Q7 et au <a href=\"http:\/\/www.carideal.com\/blog\/2019\/12\/21\/les-meilleurs-suv-a-acheter-maintenant-2019-2020\/\">dernier SUV<\/a> Peugeot 3008.<\/p>\n<h2>Carideal Bordeaux Mandataire auto neuve<\/h2>\n<p>Vous pouvez trouver parmi nos milliers d'offres de voitures neuves de mandataire automobile. Vous trouverez un choix exhaustif de <a href=\"http:\/\/www.carideal.com\/blog\/2018\/02\/03\/meilleures-berlines-hayon-2018\/\">Berlines<\/a>, <a href=\"http:\/\/www.carideal.com\/blog\/2019\/12\/26\/meilleurs-petits-suv-et-crossovers-en-vente\/\">Crossovers<\/a>, <a href=\"http:\/\/www.carideal.com\/blog\/2018\/01\/28\/meilleurs-monospaces-2018\/\">monospaces<\/a>, voire des voitures de luxe. Trouver une voiture neuve pas ch\u00e8re par mandataire auto \u00e0 Bordeaux est maintenant chose facile. Contactez-nous pour l'achat de votre voiture neuve avec notre <a href=\"http:\/\/www.carideal.com\/blog\/contactez-nous\/\">formulaire en ligne<\/a> ou en nous appelant au <a href=\"tel:+33479330353\">04 79 33 03 53<\/a>. Fort de dizaines d'ann\u00e9es d'exp\u00e9rience, Carideal vous propose plusieurs services, car on sait tr\u00e8s bien que les clients y sont attach\u00e9s, tel l'<a href=\"http:\/\/www.carideal.com\/content\/7-extension-garantie\">extension de garantie<\/a> m\u00eame pour une voiture que nous livrons \u00e0 Bordeaux.<\/p>\n<h2>Carideal Bordeaux Mandataire voiture d'occasion<\/h2>\n<p>Choisir la meilleure <a href=\"http:\/\/www.carideal.com\/blog\/voitures-occasions\/bordeaux\/\">voiture d'occasion<\/a> n'est pas facile et vous ne devez pas vous tromper. C'est pourquoi vous devez jeter un \u0153il \u00e0 nos <a href=\"http:\/\/www.carideal.com\/blog\/offres-automobiles\/\">offres<\/a>.<\/p>\n<p>Pour maintenir votre voiture en excellent \u00e9tat, nous offrons des services, et des r\u00e9parations de notre centre d'apr\u00e8s-vente. L'atelier est anim\u00e9 par des techniciens professionnels form\u00e9s \u00e0 l'automobile qui utilisent toujours les outils de diagnostic et de r\u00e9paration les plus r\u00e9cents sp\u00e9cialement con\u00e7us pour les mod\u00e8les automobiles\u00a0que Carideal Mandataire auto distribue afin de s'assurer que votre voiture est entre de bonnes mains \u00e0 tout moment.<\/p>\n<p>Carideal met tout en \u0153uvre pour que l'achat d'une voiture d'occasion soit p\u00e9renne. Vous faites confiance \u00e0 un mandataire automobile de toute confiance pour vous trouver la meilleure affaire. Nous mettons tout en \u0153uvre pour vous livrer \u00e0 Bordeaux une Voiture en excellent \u00e9tat, conforme au descriptif qui vous a \u00e9t\u00e9 donn\u00e9, et ayant subi un contr\u00f4le sur plus de plus de 100 points, r\u00e9vis\u00e9e et <a href=\"http:\/\/www.carideal.com\/blog\/2007\/09\/03\/garantie-carideal\/\">garantie<\/a>.<\/p>\n<p>Si nous ne sommes pas ouverts \u00e0 Bordeaux mais que vous souhaitez entrer en contact, vous pouvez soumettre un <a href=\"http:\/\/www.carideal.com\/blog\/contactez-nous\/\">formulaire de demande en ligne<\/a> ou utiliser la fonction de chat en direct pour nous envoyer un message et nous vous r\u00e9pondrons dans les plus brefs d\u00e9lais.<\/p>\n<p>Mandataire automobile Citroen\u00a0Bordeaux<br \/>\nMandataire automobile Peugeot\u00a0Bordeaux<br \/>\nMandataire automobile Renault\u00a0Bordeaux<br \/>\nMandataire automobile Dacia\u00a0Bordeaux<br \/>\nMandataire automobile Volkswagen\u00a0Bourdeaux<br \/>\nMandataire automobile Peugeot 3008\u00a0Bordeaux<br \/>\nMandataire automobile Ford Bordeaux<br \/>\n<iframe loading=\"lazy\" style=\"border: 0;\" src=\"https:\/\/www.google.com\/maps\/embed?pb=!1m18!1m12!1m3!1d90493.78086053887!2d-0.656180785729957!3d44.86370654564291!2m3!1f0!2f0!3f0!3m2!1i1024!2i768!4f13.1!3m3!1m2!1s0xd5527e8f751ca81%3A0x796386037b397a89!2sBordeaux!5e0!3m2!1sen!2sfr!4v1521109610743\" width=\"600\" height=\"450\" frameborder=\"0\" allowfullscreen=\"allowfullscreen\"><\/iframe><\/p>\n","protected":false},"excerpt":{"rendered":"<p>Contactez Carideal Bordeaux Mandataire automobile Infos Carideal Bordeaux | Actualit\u00e9 | Essais | Voiture d\u2019occasion | Voiture neuve | Financement | R\u00e9visions | Offres | Contactez nous | Guide d\u2019achat Chez\u00a0Carideal Bordeaux Mandataire automobile, nous sommes experts en tout ce qui concerne l&rsquo;automobile Mandataire &#8211; des voitures neuves aux mod\u00e8les d&rsquo;occasion, aux options de financement &#8230; <a title=\"Carideal Bordeaux Mandataire automobile Gironde\" class=\"read-more\" href=\"https:\/\/www.carideal.com\/blog\/carideal-mandataire-auto-france\/bordeaux\/\" aria-label=\"En savoir plus sur Carideal Bordeaux Mandataire automobile Gironde\">Lire plus<\/a><\/p>\n","protected":false},"author":3,"featured_media":17009,"parent":16302,"menu_order":0,"comment_status":"closed","ping_status":"closed","template":"","meta":{"_uag_custom_page_level_css":"","_themeisle_gutenberg_block_has_review":false,"footnotes":""},"class_list":["post-17008","page","type-page","status-publish","has-post-thumbnail"],"wppr_data":{"cwp_meta_box_check":"No"},"yoast_head":"<!-- This site is optimized with the Yoast SEO plugin v24.8.1 - https:\/\/yoast.com\/wordpress\/plugins\/seo\/ -->\n<title>Carideal Bordeaux Mandataire automobile Gironde - Blog auto Carid\u00e9al<\/title>\n<meta name=\"description\" content=\"Carideal mandataire automobile - Bordeaux - Choisissez votre voiture neuve et d&#039;occasion pas ch\u00e8re et nous vous la livrons \u00e0 Bordeaux ou ses alentours.\" \/>\n<meta name=\"robots\" content=\"index, follow, max-snippet:-1, max-image-preview:large, max-video-preview:-1\" \/>\n<link rel=\"canonical\" href=\"https:\/\/www.carideal.com\/blog\/carideal-mandataire-auto-france\/bordeaux\/\" \/>\n<meta property=\"og:locale\" content=\"fr_FR\" \/>\n<meta property=\"og:type\" content=\"article\" \/>\n<meta property=\"og:title\" content=\"Carideal Bordeaux Mandataire automobile Gironde - Blog auto Carid\u00e9al\" \/>\n<meta property=\"og:description\" content=\"Carideal mandataire automobile - Bordeaux - Choisissez votre voiture neuve et d&#039;occasion pas ch\u00e8re et nous vous la livrons \u00e0 Bordeaux ou ses alentours.\" \/>\n<meta property=\"og:url\" content=\"https:\/\/www.carideal.com\/blog\/carideal-mandataire-auto-france\/bordeaux\/\" \/>\n<meta property=\"og:site_name\" content=\"Blog auto Carid\u00e9al\" \/>\n<meta property=\"article:publisher\" content=\"https:\/\/www.facebook.com\/Carideal.mandataire.automobile\" \/>\n<meta property=\"article:modified_time\" content=\"2020-01-26T16:10:25+00:00\" \/>\n<meta property=\"og:image\" content=\"https:\/\/www.carideal.com\/blog\/wp-content\/uploads\/2018\/03\/bordeaux-france-e1580054710336.jpg\" \/>\n\t<meta property=\"og:image:width\" content=\"700\" \/>\n\t<meta property=\"og:image:height\" content=\"389\" \/>\n\t<meta property=\"og:image:type\" content=\"image\/jpeg\" \/>\n<meta name=\"twitter:card\" content=\"summary_large_image\" \/>\n<meta name=\"twitter:site\" content=\"@caridealauto\" \/>\n<meta name=\"twitter:label1\" content=\"Dur\u00e9e de lecture estim\u00e9e\" \/>\n\t<meta name=\"twitter:data1\" content=\"3 minutes\" \/>\n<script type=\"application\/ld+json\" class=\"yoast-schema-graph\">{\"@context\":\"https:\/\/schema.org\",\"@graph\":[{\"@type\":\"WebPage\",\"@id\":\"https:\/\/www.carideal.com\/blog\/carideal-mandataire-auto-france\/bordeaux\/\",\"url\":\"https:\/\/www.carideal.com\/blog\/carideal-mandataire-auto-france\/bordeaux\/\",\"name\":\"Carideal Bordeaux Mandataire automobile Gironde - Blog auto Carid\u00e9al\",\"isPartOf\":{\"@id\":\"https:\/\/www.carideal.com\/blog\/#website\"},\"primaryImageOfPage\":{\"@id\":\"https:\/\/www.carideal.com\/blog\/carideal-mandataire-auto-france\/bordeaux\/#primaryimage\"},\"image\":{\"@id\":\"https:\/\/www.carideal.com\/blog\/carideal-mandataire-auto-france\/bordeaux\/#primaryimage\"},\"thumbnailUrl\":\"https:\/\/www.carideal.com\/blog\/wp-content\/uploads\/2018\/03\/bordeaux-france-e1580054710336.jpg\",\"datePublished\":\"2018-03-15T11:10:43+00:00\",\"dateModified\":\"2020-01-26T16:10:25+00:00\",\"description\":\"Carideal mandataire automobile - Bordeaux - Choisissez votre voiture neuve et d'occasion pas ch\u00e8re et nous vous la livrons \u00e0 Bordeaux ou ses alentours.\",\"breadcrumb\":{\"@id\":\"https:\/\/www.carideal.com\/blog\/carideal-mandataire-auto-france\/bordeaux\/#breadcrumb\"},\"inLanguage\":\"fr-FR\",\"potentialAction\":[{\"@type\":\"ReadAction\",\"target\":[\"https:\/\/www.carideal.com\/blog\/carideal-mandataire-auto-france\/bordeaux\/\"]}]},{\"@type\":\"ImageObject\",\"inLanguage\":\"fr-FR\",\"@id\":\"https:\/\/www.carideal.com\/blog\/carideal-mandataire-auto-france\/bordeaux\/#primaryimage\",\"url\":\"https:\/\/www.carideal.com\/blog\/wp-content\/uploads\/2018\/03\/bordeaux-france-e1580054710336.jpg\",\"contentUrl\":\"https:\/\/www.carideal.com\/blog\/wp-content\/uploads\/2018\/03\/bordeaux-france-e1580054710336.jpg\",\"width\":700,\"height\":389,\"caption\":\"Carideal mandataire automobile \u00e0 Bordeaux\"},{\"@type\":\"BreadcrumbList\",\"@id\":\"https:\/\/www.carideal.com\/blog\/carideal-mandataire-auto-france\/bordeaux\/#breadcrumb\",\"itemListElement\":[{\"@type\":\"ListItem\",\"position\":1,\"name\":\"Blog Carid\u00e9al\",\"item\":\"https:\/\/www.carideal.com\/blog\/\"},{\"@type\":\"ListItem\",\"position\":2,\"name\":\"Mandataire Auto en France\",\"item\":\"https:\/\/www.carideal.com\/blog\/carideal-mandataire-auto-france\/\"},{\"@type\":\"ListItem\",\"position\":3,\"name\":\"Bordeaux\"}]},{\"@type\":\"WebSite\",\"@id\":\"https:\/\/www.carideal.com\/blog\/#website\",\"url\":\"https:\/\/www.carideal.com\/blog\/\",\"name\":\"Blog auto Carid\u00e9al\",\"description\":\"Actualit\u00e9 auto par des passionn\u00e9s\",\"publisher\":{\"@id\":\"https:\/\/www.carideal.com\/blog\/#organization\"},\"potentialAction\":[{\"@type\":\"SearchAction\",\"target\":{\"@type\":\"EntryPoint\",\"urlTemplate\":\"https:\/\/www.carideal.com\/blog\/?s={search_term_string}\"},\"query-input\":{\"@type\":\"PropertyValueSpecification\",\"valueRequired\":true,\"valueName\":\"search_term_string\"}}],\"inLanguage\":\"fr-FR\"},{\"@type\":\"Organization\",\"@id\":\"https:\/\/www.carideal.com\/blog\/#organization\",\"name\":\"Carideal\",\"url\":\"https:\/\/www.carideal.com\/blog\/\",\"logo\":{\"@type\":\"ImageObject\",\"inLanguage\":\"fr-FR\",\"@id\":\"https:\/\/www.carideal.com\/blog\/#\/schema\/logo\/image\/\",\"url\":\"http:\/\/www.carideal.com\/blog\/wp-content\/uploads\/2016\/03\/logo-carideal-mandataire-automobile.png\",\"contentUrl\":\"http:\/\/www.carideal.com\/blog\/wp-content\/uploads\/2016\/03\/logo-carideal-mandataire-automobile.png\",\"width\":300,\"height\":300,\"caption\":\"Carideal\"},\"image\":{\"@id\":\"https:\/\/www.carideal.com\/blog\/#\/schema\/logo\/image\/\"},\"sameAs\":[\"https:\/\/www.facebook.com\/Carideal.mandataire.automobile\",\"https:\/\/x.com\/caridealauto\",\"https:\/\/www.instagram.com\/carideal1\/\",\"https:\/\/www.linkedin.com\/company\/carideal.com\",\"https:\/\/fr.pinterest.com\/schiavonsas\/\",\"https:\/\/www.youtube.com\/user\/caridealsas\"]}]}<\/script>\n<!-- \/ Yoast SEO plugin. -->","yoast_head_json":{"title":"Carideal Bordeaux Mandataire automobile Gironde - Blog auto Carid\u00e9al","description":"Carideal mandataire automobile - Bordeaux - Choisissez votre voiture neuve et d'occasion pas ch\u00e8re et nous vous la livrons \u00e0 Bordeaux ou ses alentours.","robots":{"index":"index","follow":"follow","max-snippet":"max-snippet:-1","max-image-preview":"max-image-preview:large","max-video-preview":"max-video-preview:-1"},"canonical":"https:\/\/www.carideal.com\/blog\/carideal-mandataire-auto-france\/bordeaux\/","og_locale":"fr_FR","og_type":"article","og_title":"Carideal Bordeaux Mandataire automobile Gironde - Blog auto Carid\u00e9al","og_description":"Carideal mandataire automobile - Bordeaux - Choisissez votre voiture neuve et d'occasion pas ch\u00e8re et nous vous la livrons \u00e0 Bordeaux ou ses alentours.","og_url":"https:\/\/www.carideal.com\/blog\/carideal-mandataire-auto-france\/bordeaux\/","og_site_name":"Blog auto Carid\u00e9al","article_publisher":"https:\/\/www.facebook.com\/Carideal.mandataire.automobile","article_modified_time":"2020-01-26T16:10:25+00:00","og_image":[{"width":700,"height":389,"url":"https:\/\/www.carideal.com\/blog\/wp-content\/uploads\/2018\/03\/bordeaux-france-e1580054710336.jpg","type":"image\/jpeg"}],"twitter_card":"summary_large_image","twitter_site":"@caridealauto","twitter_misc":{"Dur\u00e9e de lecture estim\u00e9e":"3 minutes"},"schema":{"@context":"https:\/\/schema.org","@graph":[{"@type":"WebPage","@id":"https:\/\/www.carideal.com\/blog\/carideal-mandataire-auto-france\/bordeaux\/","url":"https:\/\/www.carideal.com\/blog\/carideal-mandataire-auto-france\/bordeaux\/","name":"Carideal Bordeaux Mandataire automobile Gironde - Blog auto Carid\u00e9al","isPartOf":{"@id":"https:\/\/www.carideal.com\/blog\/#website"},"primaryImageOfPage":{"@id":"https:\/\/www.carideal.com\/blog\/carideal-mandataire-auto-france\/bordeaux\/#primaryimage"},"image":{"@id":"https:\/\/www.carideal.com\/blog\/carideal-mandataire-auto-france\/bordeaux\/#primaryimage"},"thumbnailUrl":"https:\/\/www.carideal.com\/blog\/wp-content\/uploads\/2018\/03\/bordeaux-france-e1580054710336.jpg","datePublished":"2018-03-15T11:10:43+00:00","dateModified":"2020-01-26T16:10:25+00:00","description":"Carideal mandataire automobile - Bordeaux - Choisissez votre voiture neuve et d'occasion pas ch\u00e8re et nous vous la livrons \u00e0 Bordeaux ou ses alentours.","breadcrumb":{"@id":"https:\/\/www.carideal.com\/blog\/carideal-mandataire-auto-france\/bordeaux\/#breadcrumb"},"inLanguage":"fr-FR","potentialAction":[{"@type":"ReadAction","target":["https:\/\/www.carideal.com\/blog\/carideal-mandataire-auto-france\/bordeaux\/"]}]},{"@type":"ImageObject","inLanguage":"fr-FR","@id":"https:\/\/www.carideal.com\/blog\/carideal-mandataire-auto-france\/bordeaux\/#primaryimage","url":"https:\/\/www.carideal.com\/blog\/wp-content\/uploads\/2018\/03\/bordeaux-france-e1580054710336.jpg","contentUrl":"https:\/\/www.carideal.com\/blog\/wp-content\/uploads\/2018\/03\/bordeaux-france-e1580054710336.jpg","width":700,"height":389,"caption":"Carideal mandataire automobile \u00e0 Bordeaux"},{"@type":"BreadcrumbList","@id":"https:\/\/www.carideal.com\/blog\/carideal-mandataire-auto-france\/bordeaux\/#breadcrumb","itemListElement":[{"@type":"ListItem","position":1,"name":"Blog Carid\u00e9al","item":"https:\/\/www.carideal.com\/blog\/"},{"@type":"ListItem","position":2,"name":"Mandataire Auto en France","item":"https:\/\/www.carideal.com\/blog\/carideal-mandataire-auto-france\/"},{"@type":"ListItem","position":3,"name":"Bordeaux"}]},{"@type":"WebSite","@id":"https:\/\/www.carideal.com\/blog\/#website","url":"https:\/\/www.carideal.com\/blog\/","name":"Blog auto Carid\u00e9al","description":"Actualit\u00e9 auto par des passionn\u00e9s","publisher":{"@id":"https:\/\/www.carideal.com\/blog\/#organization"},"potentialAction":[{"@type":"SearchAction","target":{"@type":"EntryPoint","urlTemplate":"https:\/\/www.carideal.com\/blog\/?s={search_term_string}"},"query-input":{"@type":"PropertyValueSpecification","valueRequired":true,"valueName":"search_term_string"}}],"inLanguage":"fr-FR"},{"@type":"Organization","@id":"https:\/\/www.carideal.com\/blog\/#organization","name":"Carideal","url":"https:\/\/www.carideal.com\/blog\/","logo":{"@type":"ImageObject","inLanguage":"fr-FR","@id":"https:\/\/www.carideal.com\/blog\/#\/schema\/logo\/image\/","url":"http:\/\/www.carideal.com\/blog\/wp-content\/uploads\/2016\/03\/logo-carideal-mandataire-automobile.png","contentUrl":"http:\/\/www.carideal.com\/blog\/wp-content\/uploads\/2016\/03\/logo-carideal-mandataire-automobile.png","width":300,"height":300,"caption":"Carideal"},"image":{"@id":"https:\/\/www.carideal.com\/blog\/#\/schema\/logo\/image\/"},"sameAs":["https:\/\/www.facebook.com\/Carideal.mandataire.automobile","https:\/\/x.com\/caridealauto","https:\/\/www.instagram.com\/carideal1\/","https:\/\/www.linkedin.com\/company\/carideal.com","https:\/\/fr.pinterest.com\/schiavonsas\/","https:\/\/www.youtube.com\/user\/caridealsas"]}]}},"uagb_featured_image_src":{"full":["https:\/\/www.carideal.com\/blog\/wp-content\/uploads\/2018\/03\/bordeaux-france-e1580054710336.jpg",700,389,false],"thumbnail":["https:\/\/www.carideal.com\/blog\/wp-content\/uploads\/2018\/03\/bordeaux-france-150x150.jpg",150,150,true],"medium":["https:\/\/www.carideal.com\/blog\/wp-content\/uploads\/2018\/03\/bordeaux-france-300x167.jpg",300,167,true],"medium_large":["https:\/\/www.carideal.com\/blog\/wp-content\/uploads\/2018\/03\/bordeaux-france-768x427.jpg",768,427,true],"large":["https:\/\/www.carideal.com\/blog\/wp-content\/uploads\/2018\/03\/bordeaux-france-1024x569.jpg",1024,569,true],"1536x1536":["https:\/\/www.carideal.com\/blog\/wp-content\/uploads\/2018\/03\/bordeaux-france-e1580054710336.jpg",700,389,false],"2048x2048":["https:\/\/www.carideal.com\/blog\/wp-content\/uploads\/2018\/03\/bordeaux-france-e1580054710336.jpg",700,389,false],"wppr-widget":["https:\/\/www.carideal.com\/blog\/wp-content\/uploads\/2018\/03\/bordeaux-france-e1580054710336.jpg",50,28,false]},"uagb_author_info":{"display_name":"Nicolas SCHIAVON","author_link":"https:\/\/www.carideal.com\/blog\/author\/nschiavon\/"},"uagb_comment_info":0,"uagb_excerpt":"Contactez Carideal Bordeaux Mandataire automobile Infos Carideal Bordeaux | Actualit\u00e9 | Essais | Voiture d\u2019occasion | Voiture neuve | Financement | R\u00e9visions | Offres | Contactez nous | Guide d\u2019achat Chez\u00a0Carideal Bordeaux Mandataire automobile, nous sommes experts en tout ce qui concerne l'automobile Mandataire - des voitures neuves aux mod\u00e8les d'occasion, aux options de financement\u2026","_links":{"self":[{"href":"https:\/\/www.carideal.com\/blog\/wp-json\/wp\/v2\/pages\/17008"}],"collection":[{"href":"https:\/\/www.carideal.com\/blog\/wp-json\/wp\/v2\/pages"}],"about":[{"href":"https:\/\/www.carideal.com\/blog\/wp-json\/wp\/v2\/types\/page"}],"author":[{"embeddable":true,"href":"https:\/\/www.carideal.com\/blog\/wp-json\/wp\/v2\/users\/3"}],"replies":[{"embeddable":true,"href":"https:\/\/www.carideal.com\/blog\/wp-json\/wp\/v2\/comments?post=17008"}],"version-history":[{"count":0,"href":"https:\/\/www.carideal.com\/blog\/wp-json\/wp\/v2\/pages\/17008\/revisions"}],"up":[{"embeddable":true,"href":"https:\/\/www.carideal.com\/blog\/wp-json\/wp\/v2\/pages\/16302"}],"wp:featuredmedia":[{"embeddable":true,"href":"https:\/\/www.carideal.com\/blog\/wp-json\/wp\/v2\/media\/17009"}],"wp:attachment":[{"href":"https:\/\/www.carideal.com\/blog\/wp-json\/wp\/v2\/media?parent=17008"}],"curies":[{"name":"wp","href":"https:\/\/api.w.org\/{rel}","templated":true}]}}