{"id":16878,"date":"2018-02-08T16:35:40","date_gmt":"2018-02-08T15:35:40","guid":{"rendered":"http:\/\/www.carideal.com\/blog\/?page_id=16878"},"modified":"2021-05-21T10:45:57","modified_gmt":"2021-05-21T08:45:57","slug":"annecy","status":"publish","type":"page","link":"https:\/\/www.carideal.com\/blog\/voitures-occasions\/annecy\/","title":{"rendered":"Voiture occasion Annecy &#8211; Annonce auto"},"content":{"rendered":"\n<h2 class=\"wp-block-heading\">Contactez Carideal pour trouver votre voiture d'occasion \u00e0 Annecy<\/h2>\n\n\n\n<p>Toutes les marques | Peugeot | Renault | Citro\u00ebn | Dacia | Volkswagen | Kia | Land Rover<\/p>\n\n\n\n<p>Chez <a href=\"http:\/\/www.carideal.com\/\">Carideal<\/a> mandataire auto, nous sommes experts dans tout ce qui\u00a0les <strong>voitures d'occasion \u00e0 Annecy<\/strong> en <a href=\"http:\/\/www.carideal.com\/blog\/voitures-occasions\/voitures-occasions-haute-savoie\/\">Haute-Savoie<\/a> - des <a href=\"http:\/\/www.carideal.com\/blog\/voitures-occasions\/\">voitures d'occasions<\/a> r\u00e9centes aux voitures d'occasions anciennes et garanties, aux options de <a href=\"http:\/\/www.carideal.com\/blog\/credit-auto\/\">financement<\/a> et aux <a href=\"http:\/\/www.carideal.com\/blog\/garage-automobile\/revision-voiture\/\">services apr\u00e8s-vente<\/a>. Rendez-nous visite ou appelez-nous pour parler \u00e0 l'un des membres de l'\u00e9quipe pour tout conseil sur l'achat d'une voiture d'occasion \u00e0 Annecy.<\/p>\n\n\n\n<div class=\"wp-block-image size-full wp-image-16881\"><figure class=\"aligncenter\"><img loading=\"lazy\" decoding=\"async\" width=\"600\" height=\"319\" src=\"http:\/\/www.carideal.com\/blog\/wp-content\/uploads\/2018\/02\/voiture-occasion-annecy-e1580552446586.jpg\" alt=\"Voiture occasion Annecy\" class=\"wp-image-16881\"\/><figcaption>Voiture occasion Annecy<\/figcaption><\/figure><\/div>\n\n\n\n<p>Ouvert six jours sur sept, vous pouvez visiter le showroom le jour qui vous convient le mieux. Nous sommes situ\u00e9s \u00e0 <a href=\"http:\/\/www.carideal.com\/blog\/voitures-occasions\/voiture-occasion-chambery\/\">Chamb\u00e9ry<\/a> en <a href=\"http:\/\/www.carideal.com\/blog\/voitures-occasions\/voitures-occasions-en-savoie\/\">Savoie<\/a>, juste \u00e0 30 minutes de la Ville d'Annecy. Si vous voyagez en transports en commun, rendez-vous \u00e0 la gare de Chamb\u00e9ry - nous sommes \u00e0 moins de 10 minutes en bus ou nous venons vous chercher pour r\u00e9cup\u00e9rer votre voiture d'occasion.<\/p>\n\n\n\n<p>Dans notre Showroom, vous pouvez voir et essayer toutes nos voitures d'occasion avant de l'acheter \u00e0 Annecy, chez vous. Vous trouverez des Audi d'occasions, Volkswagen d'occasion, Citroen d'occasion, Dacia d'occasion, les derni\u00e8res voitures d'occasions produits par les plus grandes marques et disponible sur notre site internet chez vous \u00e0 Annecy.<\/p>\n\n\n\n<p>Pour maintenir votre voiture en excellent \u00e9tat, nous offrons des services, des r\u00e9parations et des pr\u00e9parations de notre centre apr\u00e8s-vente. L'atelier est dirig\u00e9 par des techniciens form\u00e9s par les constructeurs qui utilisent toujours les derniers outils de diagnostic et de r\u00e9paration sp\u00e9cialement con\u00e7us pour toutes les marques, afin de s'assurer que votre voiture est entre de bonnes mains \u00e0 tout moment avant que celle-ci n'arrive \u00e0 Annecy.<\/p>\n\n\n\n<p>Si nous ne sommes pas ouverts mais que vous souhaitez un conseil avant d'acheter une voiture d'occasion \u00e0 Annecy, vous pouvez soumettre un formulaire de demande en ligne ou utiliser la fonction de chat en direct pour nous envoyer un message et nous vous r\u00e9pondrons dans les plus brefs d\u00e9lais.<\/p>\n\n\n\n<p><strong>Adresse<\/strong><\/p>\n\n\n\n<p>13 av de Turin 73000 Bassens<\/p>\n\n\n\n<p><strong>T\u00e9l\u00e9phone<\/strong> : 0479330353<\/p>\n\n\n\n<p><strong>Horaires d'ouverture<\/strong><\/p>\n\n\n\n<p>Lundi de 08h30 \u00e0 19h00 le mardi de 8h30 \u00e0 19h00<br>Le mercredi de 8h30 \u00e0 19h00 le jeudi de 8h30 \u00e0 19h00<br>Vendredi 08h30 - 19h00 Samedi 08h30 - 17h00<\/p>\n\n\n\n<p><iframe loading=\"lazy\" style=\"border: 0;\" src=\"https:\/\/www.google.com\/maps\/embed?pb=!1m18!1m12!1m3!1d44433.1507319631!2d6.093483100953028!3d45.88987465158342!2m3!1f0!2f0!3f0!3m2!1i1024!2i768!4f13.1!3m3!1m2!1s0x478b8ffa1c0551c9%3A0x42781681620534ba!2sAnnecy!5e0!3m2!1sen!2sfr!4v1518040760035\" width=\"600\" height=\"450\" frameborder=\"0\" allowfullscreen=\"allowfullscreen\"><\/p>\n\n\n\n<h3 class=\"wp-block-heading\">Trouvez votre voiture d'occasion en France<\/h3>\n\n\n\n<ul class=\"wp-block-list\"><li><a href=\"http:\/\/www.carideal.com\/blog\/voitures-occasions\/annecy\/\">Voitures d'occasions \u00e0 Annecy<\/a><\/li><li><a href=\"http:\/\/www.carideal.com\/blog\/voitures-occasions\/bordeaux\/\">Voitures d'occasions \u00e0 Bordeaux<\/a><\/li><li><a href=\"http:\/\/www.carideal.com\/blog\/voitures-occasions\/gap\/\">Voitures d'occasions \u00e0 Gap<\/a><\/li><li><a href=\"http:\/\/www.carideal.com\/blog\/voitures-occasions\/lyon\/\">Voitures d'occasions \u00e0 Lyon<\/a><\/li><li><a href=\"http:\/\/www.carideal.com\/blog\/voitures-occasions\/paris\/\">Voitures d'occasion \u00e0 Paris<\/a><\/li><li><a href=\"http:\/\/www.carideal.com\/blog\/voitures-occasions\/voiture-occasion-macon\/\">Voitures d'occasions \u00e0 M\u00e2con<\/a><\/li><li><a href=\"http:\/\/www.carideal.com\/blog\/voitures-occasions\/marseille\/\">Voitures d'occasion \u00e0 Marseille<\/a><\/li><li><a href=\"http:\/\/www.carideal.com\/blog\/voitures-occasions\/metz\/\">Voitures d'occasions \u00e0 Metz<\/a><\/li><li><a href=\"http:\/\/www.carideal.com\/blog\/voitures-occasions\/metz\/\">Voitures d'occasions \u00e0 Montpellier<\/a><\/li><li><a href=\"http:\/\/www.carideal.com\/blog\/voitures-occasions\/nantes\/\">Voitures d'occasions \u00e0 Nantes<\/a><\/li><\/ul>\n","protected":false},"excerpt":{"rendered":"<p>Contactez Carideal pour trouver votre voiture d&rsquo;occasion \u00e0 Annecy Toutes les marques | Peugeot | Renault | Citro\u00ebn | Dacia | Volkswagen | Kia | Land Rover Chez Carideal mandataire auto, nous sommes experts dans tout ce qui\u00a0les voitures d&rsquo;occasion \u00e0 Annecy en Haute-Savoie &#8211; des voitures d&rsquo;occasions r\u00e9centes aux voitures d&rsquo;occasions anciennes et garanties, &#8230; <a title=\"Voiture occasion Annecy &#8211; Annonce auto\" class=\"read-more\" href=\"https:\/\/www.carideal.com\/blog\/voitures-occasions\/annecy\/\" aria-label=\"En savoir plus sur Voiture occasion Annecy &#8211; Annonce auto\">Lire plus<\/a><\/p>\n","protected":false},"author":3,"featured_media":16881,"parent":15469,"menu_order":0,"comment_status":"closed","ping_status":"closed","template":"","meta":{"_uag_custom_page_level_css":"","_themeisle_gutenberg_block_has_review":false,"footnotes":""},"class_list":["post-16878","page","type-page","status-publish","has-post-thumbnail"],"wppr_data":{"cwp_meta_box_check":"No"},"yoast_head":"<!-- This site is optimized with the Yoast SEO plugin v24.8.1 - https:\/\/yoast.com\/wordpress\/plugins\/seo\/ -->\n<title>Voiture occasion Annecy - Annonce auto - Blog auto Carid\u00e9al<\/title>\n<meta name=\"description\" content=\"Trouvez votre voiture d&#039;occasion \u00e0 Annecy avec Carideal mandataire automobile, un vaste choix de voitures d&#039;occasions garanties. Livraison possible \u00e0 domicile ou sur votre lieu de travail.\" \/>\n<meta name=\"robots\" content=\"index, follow, max-snippet:-1, max-image-preview:large, max-video-preview:-1\" \/>\n<link rel=\"canonical\" href=\"https:\/\/www.carideal.com\/blog\/voitures-occasions\/annecy\/\" \/>\n<meta property=\"og:locale\" content=\"fr_FR\" \/>\n<meta property=\"og:type\" content=\"article\" \/>\n<meta property=\"og:title\" content=\"Voiture occasion Annecy - Annonce auto - Blog auto Carid\u00e9al\" \/>\n<meta property=\"og:description\" content=\"Trouvez votre voiture d&#039;occasion \u00e0 Annecy avec Carideal mandataire automobile, un vaste choix de voitures d&#039;occasions garanties. Livraison possible \u00e0 domicile ou sur votre lieu de travail.\" \/>\n<meta property=\"og:url\" content=\"https:\/\/www.carideal.com\/blog\/voitures-occasions\/annecy\/\" \/>\n<meta property=\"og:site_name\" content=\"Blog auto Carid\u00e9al\" \/>\n<meta property=\"article:publisher\" content=\"https:\/\/www.facebook.com\/Carideal.mandataire.automobile\" \/>\n<meta property=\"article:modified_time\" content=\"2021-05-21T08:45:57+00:00\" \/>\n<meta property=\"og:image\" content=\"https:\/\/www.carideal.com\/blog\/wp-content\/uploads\/2018\/02\/voiture-occasion-annecy-e1580552446586.jpg\" \/>\n\t<meta property=\"og:image:width\" content=\"600\" \/>\n\t<meta property=\"og:image:height\" content=\"319\" \/>\n\t<meta property=\"og:image:type\" content=\"image\/jpeg\" \/>\n<meta name=\"twitter:card\" content=\"summary_large_image\" \/>\n<meta name=\"twitter:site\" content=\"@caridealauto\" \/>\n<meta name=\"twitter:label1\" content=\"Dur\u00e9e de lecture estim\u00e9e\" \/>\n\t<meta name=\"twitter:data1\" content=\"2 minutes\" \/>\n<script type=\"application\/ld+json\" class=\"yoast-schema-graph\">{\"@context\":\"https:\/\/schema.org\",\"@graph\":[{\"@type\":\"WebPage\",\"@id\":\"https:\/\/www.carideal.com\/blog\/voitures-occasions\/annecy\/\",\"url\":\"https:\/\/www.carideal.com\/blog\/voitures-occasions\/annecy\/\",\"name\":\"Voiture occasion Annecy - Annonce auto - Blog auto Carid\u00e9al\",\"isPartOf\":{\"@id\":\"https:\/\/www.carideal.com\/blog\/#website\"},\"primaryImageOfPage\":{\"@id\":\"https:\/\/www.carideal.com\/blog\/voitures-occasions\/annecy\/#primaryimage\"},\"image\":{\"@id\":\"https:\/\/www.carideal.com\/blog\/voitures-occasions\/annecy\/#primaryimage\"},\"thumbnailUrl\":\"https:\/\/www.carideal.com\/blog\/wp-content\/uploads\/2018\/02\/voiture-occasion-annecy-e1580552446586.jpg\",\"datePublished\":\"2018-02-08T15:35:40+00:00\",\"dateModified\":\"2021-05-21T08:45:57+00:00\",\"description\":\"Trouvez votre voiture d'occasion \u00e0 Annecy avec Carideal mandataire automobile, un vaste choix de voitures d'occasions garanties. Livraison possible \u00e0 domicile ou sur votre lieu de travail.\",\"breadcrumb\":{\"@id\":\"https:\/\/www.carideal.com\/blog\/voitures-occasions\/annecy\/#breadcrumb\"},\"inLanguage\":\"fr-FR\",\"potentialAction\":[{\"@type\":\"ReadAction\",\"target\":[\"https:\/\/www.carideal.com\/blog\/voitures-occasions\/annecy\/\"]}]},{\"@type\":\"ImageObject\",\"inLanguage\":\"fr-FR\",\"@id\":\"https:\/\/www.carideal.com\/blog\/voitures-occasions\/annecy\/#primaryimage\",\"url\":\"https:\/\/www.carideal.com\/blog\/wp-content\/uploads\/2018\/02\/voiture-occasion-annecy-e1580552446586.jpg\",\"contentUrl\":\"https:\/\/www.carideal.com\/blog\/wp-content\/uploads\/2018\/02\/voiture-occasion-annecy-e1580552446586.jpg\",\"width\":600,\"height\":319,\"caption\":\"Voiture occasion Annecy\"},{\"@type\":\"BreadcrumbList\",\"@id\":\"https:\/\/www.carideal.com\/blog\/voitures-occasions\/annecy\/#breadcrumb\",\"itemListElement\":[{\"@type\":\"ListItem\",\"position\":1,\"name\":\"Blog Carid\u00e9al\",\"item\":\"https:\/\/www.carideal.com\/blog\/\"},{\"@type\":\"ListItem\",\"position\":2,\"name\":\"Voitures occasions\",\"item\":\"https:\/\/www.carideal.com\/blog\/voitures-occasions\/\"},{\"@type\":\"ListItem\",\"position\":3,\"name\":\"Voiture occasion Annecy &#8211; Annonce auto\"}]},{\"@type\":\"WebSite\",\"@id\":\"https:\/\/www.carideal.com\/blog\/#website\",\"url\":\"https:\/\/www.carideal.com\/blog\/\",\"name\":\"Blog auto Carid\u00e9al\",\"description\":\"Actualit\u00e9 auto par des passionn\u00e9s\",\"publisher\":{\"@id\":\"https:\/\/www.carideal.com\/blog\/#organization\"},\"potentialAction\":[{\"@type\":\"SearchAction\",\"target\":{\"@type\":\"EntryPoint\",\"urlTemplate\":\"https:\/\/www.carideal.com\/blog\/?s={search_term_string}\"},\"query-input\":{\"@type\":\"PropertyValueSpecification\",\"valueRequired\":true,\"valueName\":\"search_term_string\"}}],\"inLanguage\":\"fr-FR\"},{\"@type\":\"Organization\",\"@id\":\"https:\/\/www.carideal.com\/blog\/#organization\",\"name\":\"Carideal\",\"url\":\"https:\/\/www.carideal.com\/blog\/\",\"logo\":{\"@type\":\"ImageObject\",\"inLanguage\":\"fr-FR\",\"@id\":\"https:\/\/www.carideal.com\/blog\/#\/schema\/logo\/image\/\",\"url\":\"http:\/\/www.carideal.com\/blog\/wp-content\/uploads\/2016\/03\/logo-carideal-mandataire-automobile.png\",\"contentUrl\":\"http:\/\/www.carideal.com\/blog\/wp-content\/uploads\/2016\/03\/logo-carideal-mandataire-automobile.png\",\"width\":300,\"height\":300,\"caption\":\"Carideal\"},\"image\":{\"@id\":\"https:\/\/www.carideal.com\/blog\/#\/schema\/logo\/image\/\"},\"sameAs\":[\"https:\/\/www.facebook.com\/Carideal.mandataire.automobile\",\"https:\/\/x.com\/caridealauto\",\"https:\/\/www.instagram.com\/carideal1\/\",\"https:\/\/www.linkedin.com\/company\/carideal.com\",\"https:\/\/fr.pinterest.com\/schiavonsas\/\",\"https:\/\/www.youtube.com\/user\/caridealsas\"]}]}<\/script>\n<!-- \/ Yoast SEO plugin. -->","yoast_head_json":{"title":"Voiture occasion Annecy - Annonce auto - Blog auto Carid\u00e9al","description":"Trouvez votre voiture d'occasion \u00e0 Annecy avec Carideal mandataire automobile, un vaste choix de voitures d'occasions garanties. Livraison possible \u00e0 domicile ou sur votre lieu de travail.","robots":{"index":"index","follow":"follow","max-snippet":"max-snippet:-1","max-image-preview":"max-image-preview:large","max-video-preview":"max-video-preview:-1"},"canonical":"https:\/\/www.carideal.com\/blog\/voitures-occasions\/annecy\/","og_locale":"fr_FR","og_type":"article","og_title":"Voiture occasion Annecy - Annonce auto - Blog auto Carid\u00e9al","og_description":"Trouvez votre voiture d'occasion \u00e0 Annecy avec Carideal mandataire automobile, un vaste choix de voitures d'occasions garanties. Livraison possible \u00e0 domicile ou sur votre lieu de travail.","og_url":"https:\/\/www.carideal.com\/blog\/voitures-occasions\/annecy\/","og_site_name":"Blog auto Carid\u00e9al","article_publisher":"https:\/\/www.facebook.com\/Carideal.mandataire.automobile","article_modified_time":"2021-05-21T08:45:57+00:00","og_image":[{"width":600,"height":319,"url":"https:\/\/www.carideal.com\/blog\/wp-content\/uploads\/2018\/02\/voiture-occasion-annecy-e1580552446586.jpg","type":"image\/jpeg"}],"twitter_card":"summary_large_image","twitter_site":"@caridealauto","twitter_misc":{"Dur\u00e9e de lecture estim\u00e9e":"2 minutes"},"schema":{"@context":"https:\/\/schema.org","@graph":[{"@type":"WebPage","@id":"https:\/\/www.carideal.com\/blog\/voitures-occasions\/annecy\/","url":"https:\/\/www.carideal.com\/blog\/voitures-occasions\/annecy\/","name":"Voiture occasion Annecy - Annonce auto - Blog auto Carid\u00e9al","isPartOf":{"@id":"https:\/\/www.carideal.com\/blog\/#website"},"primaryImageOfPage":{"@id":"https:\/\/www.carideal.com\/blog\/voitures-occasions\/annecy\/#primaryimage"},"image":{"@id":"https:\/\/www.carideal.com\/blog\/voitures-occasions\/annecy\/#primaryimage"},"thumbnailUrl":"https:\/\/www.carideal.com\/blog\/wp-content\/uploads\/2018\/02\/voiture-occasion-annecy-e1580552446586.jpg","datePublished":"2018-02-08T15:35:40+00:00","dateModified":"2021-05-21T08:45:57+00:00","description":"Trouvez votre voiture d'occasion \u00e0 Annecy avec Carideal mandataire automobile, un vaste choix de voitures d'occasions garanties. Livraison possible \u00e0 domicile ou sur votre lieu de travail.","breadcrumb":{"@id":"https:\/\/www.carideal.com\/blog\/voitures-occasions\/annecy\/#breadcrumb"},"inLanguage":"fr-FR","potentialAction":[{"@type":"ReadAction","target":["https:\/\/www.carideal.com\/blog\/voitures-occasions\/annecy\/"]}]},{"@type":"ImageObject","inLanguage":"fr-FR","@id":"https:\/\/www.carideal.com\/blog\/voitures-occasions\/annecy\/#primaryimage","url":"https:\/\/www.carideal.com\/blog\/wp-content\/uploads\/2018\/02\/voiture-occasion-annecy-e1580552446586.jpg","contentUrl":"https:\/\/www.carideal.com\/blog\/wp-content\/uploads\/2018\/02\/voiture-occasion-annecy-e1580552446586.jpg","width":600,"height":319,"caption":"Voiture occasion Annecy"},{"@type":"BreadcrumbList","@id":"https:\/\/www.carideal.com\/blog\/voitures-occasions\/annecy\/#breadcrumb","itemListElement":[{"@type":"ListItem","position":1,"name":"Blog Carid\u00e9al","item":"https:\/\/www.carideal.com\/blog\/"},{"@type":"ListItem","position":2,"name":"Voitures occasions","item":"https:\/\/www.carideal.com\/blog\/voitures-occasions\/"},{"@type":"ListItem","position":3,"name":"Voiture occasion Annecy &#8211; Annonce auto"}]},{"@type":"WebSite","@id":"https:\/\/www.carideal.com\/blog\/#website","url":"https:\/\/www.carideal.com\/blog\/","name":"Blog auto Carid\u00e9al","description":"Actualit\u00e9 auto par des passionn\u00e9s","publisher":{"@id":"https:\/\/www.carideal.com\/blog\/#organization"},"potentialAction":[{"@type":"SearchAction","target":{"@type":"EntryPoint","urlTemplate":"https:\/\/www.carideal.com\/blog\/?s={search_term_string}"},"query-input":{"@type":"PropertyValueSpecification","valueRequired":true,"valueName":"search_term_string"}}],"inLanguage":"fr-FR"},{"@type":"Organization","@id":"https:\/\/www.carideal.com\/blog\/#organization","name":"Carideal","url":"https:\/\/www.carideal.com\/blog\/","logo":{"@type":"ImageObject","inLanguage":"fr-FR","@id":"https:\/\/www.carideal.com\/blog\/#\/schema\/logo\/image\/","url":"http:\/\/www.carideal.com\/blog\/wp-content\/uploads\/2016\/03\/logo-carideal-mandataire-automobile.png","contentUrl":"http:\/\/www.carideal.com\/blog\/wp-content\/uploads\/2016\/03\/logo-carideal-mandataire-automobile.png","width":300,"height":300,"caption":"Carideal"},"image":{"@id":"https:\/\/www.carideal.com\/blog\/#\/schema\/logo\/image\/"},"sameAs":["https:\/\/www.facebook.com\/Carideal.mandataire.automobile","https:\/\/x.com\/caridealauto","https:\/\/www.instagram.com\/carideal1\/","https:\/\/www.linkedin.com\/company\/carideal.com","https:\/\/fr.pinterest.com\/schiavonsas\/","https:\/\/www.youtube.com\/user\/caridealsas"]}]}},"uagb_featured_image_src":{"full":["https:\/\/www.carideal.com\/blog\/wp-content\/uploads\/2018\/02\/voiture-occasion-annecy-e1580552446586.jpg",600,319,false],"thumbnail":["https:\/\/www.carideal.com\/blog\/wp-content\/uploads\/2018\/02\/voiture-occasion-annecy-150x150.jpg",150,150,true],"medium":["https:\/\/www.carideal.com\/blog\/wp-content\/uploads\/2018\/02\/voiture-occasion-annecy-300x160.jpg",300,160,true],"medium_large":["https:\/\/www.carideal.com\/blog\/wp-content\/uploads\/2018\/02\/voiture-occasion-annecy-e1580552446586.jpg",600,319,false],"large":["https:\/\/www.carideal.com\/blog\/wp-content\/uploads\/2018\/02\/voiture-occasion-annecy-e1580552446586.jpg",600,319,false],"1536x1536":["https:\/\/www.carideal.com\/blog\/wp-content\/uploads\/2018\/02\/voiture-occasion-annecy-e1580552446586.jpg",600,319,false],"2048x2048":["https:\/\/www.carideal.com\/blog\/wp-content\/uploads\/2018\/02\/voiture-occasion-annecy-e1580552446586.jpg",600,319,false],"wppr-widget":["https:\/\/www.carideal.com\/blog\/wp-content\/uploads\/2018\/02\/voiture-occasion-annecy-e1580552446586.jpg",50,27,false]},"uagb_author_info":{"display_name":"Nicolas SCHIAVON","author_link":"https:\/\/www.carideal.com\/blog\/author\/nschiavon\/"},"uagb_comment_info":0,"uagb_excerpt":"Contactez Carideal pour trouver votre voiture d'occasion \u00e0 Annecy Toutes les marques | Peugeot | Renault | Citro\u00ebn | Dacia | Volkswagen | Kia | Land Rover Chez Carideal mandataire auto, nous sommes experts dans tout ce qui\u00a0les voitures d'occasion \u00e0 Annecy en Haute-Savoie - des voitures d'occasions r\u00e9centes aux voitures d'occasions anciennes et garanties,\u2026","_links":{"self":[{"href":"https:\/\/www.carideal.com\/blog\/wp-json\/wp\/v2\/pages\/16878"}],"collection":[{"href":"https:\/\/www.carideal.com\/blog\/wp-json\/wp\/v2\/pages"}],"about":[{"href":"https:\/\/www.carideal.com\/blog\/wp-json\/wp\/v2\/types\/page"}],"author":[{"embeddable":true,"href":"https:\/\/www.carideal.com\/blog\/wp-json\/wp\/v2\/users\/3"}],"replies":[{"embeddable":true,"href":"https:\/\/www.carideal.com\/blog\/wp-json\/wp\/v2\/comments?post=16878"}],"version-history":[{"count":0,"href":"https:\/\/www.carideal.com\/blog\/wp-json\/wp\/v2\/pages\/16878\/revisions"}],"up":[{"embeddable":true,"href":"https:\/\/www.carideal.com\/blog\/wp-json\/wp\/v2\/pages\/15469"}],"wp:featuredmedia":[{"embeddable":true,"href":"https:\/\/www.carideal.com\/blog\/wp-json\/wp\/v2\/media\/16881"}],"wp:attachment":[{"href":"https:\/\/www.carideal.com\/blog\/wp-json\/wp\/v2\/media?parent=16878"}],"curies":[{"name":"wp","href":"https:\/\/api.w.org\/{rel}","templated":true}]}}