{"id":16745,"date":"2017-12-16T10:44:58","date_gmt":"2017-12-16T09:44:58","guid":{"rendered":"http:\/\/www.carideal.com\/blog\/?page_id=16745"},"modified":"2021-05-21T11:15:59","modified_gmt":"2021-05-21T09:15:59","slug":"toulouse","status":"publish","type":"page","link":"https:\/\/www.carideal.com\/blog\/voitures-occasions\/toulouse\/","title":{"rendered":"Voiture occasion Toulouse &#8211; Annonce Auto"},"content":{"rendered":"\n<h2 class=\"wp-block-heading\">Trouvez votre voiture d'occasion \u00e0 Toulouse avec Carideal<\/h2>\n\n\n\n<p>Que vous soyez\u00a0\u00e0 la recherche d'une <strong>voiture d'occasion \u00e0 Toulouse<\/strong> r\u00e9vis\u00e9e et garantie, ou que vous ayez simplement besoin d'un conseil sur l'achat de votre <a href=\"http:\/\/www.carideal.com\/blog\/voitures-occasions\/\">voiture d'occasion<\/a> ou d'estimer la valeur de reprise de votre voiture, vous pouvez compter sur <a href=\"http:\/\/www.carideal.com\/\">Carideal<\/a> pour vous aider \u00e0 trouver votre voiture d'occasion \u00e0 Toulouse.<\/p>\n\n\n\n<p>Toutes les marques\u00a0|\u00a0Peugeot\u00a0|\u00a0Renault\u00a0|\u00a0Citro\u00ebn\u00a0|\u00a0Dacia\u00a0|\u00a0Volkswagen\u00a0|\u00a0Kia\u00a0|\u00a0Land Rover | Mandataire auto Toulouse<\/p>\n\n\n\n<div class=\"wp-block-image size-full wp-image-16746\"><figure class=\"aligncenter\"><img loading=\"lazy\" decoding=\"async\" width=\"600\" height=\"410\" src=\"http:\/\/www.carideal.com\/blog\/wp-content\/uploads\/2017\/12\/voiture-occasion-toulouse-e1580738026428.jpg\" alt=\"Voiture occasion Toulouse\" class=\"wp-image-16746\"\/><figcaption>Voiture occasion Toulouse<\/figcaption><\/figure><\/div>\n\n\n\n<p>Nous sommes ouverts six jours sur sept et vous pouvez toujours venir nous rendre visite au si\u00e8ge ou nous t\u00e9l\u00e9phoner pendant les heures d'ouverture pour parler \u00e0 l'un de nos conseillers. Une fois que vous aurez trouv\u00e9 votre voiture d'occasion sur notre site automobile Carideal.com, nous pourrons vous livrer votre voiture d'occasion \u00e0 Toulouse \u00e0 votre domicile ou sur votre lieu de travail ou dans le d\u00e9partement de la Haute-Garonne dans le sud Ouest de la France en r\u00e9gion d'Occitanie.<\/p>\n\n\n\n<h2 class=\"wp-block-heading\">Recherchez votre voiture d'occasion&nbsp;\u00e0 Toulouse<\/h2>\n\n\n\n<p>Utilisez les liens du menu en haut de la page.<\/p>\n\n\n\n<p>Nos experts sont d\u00e9vou\u00e9s \u00e0 vous aider avec tous vos besoins automobiles. Sur notre site internet Carideal.com, vous pouvez parcourir la collection des voitures d'occasions Audi, voitures d'occasions Citro\u00ebn, voitures d'occasions Peugeot, de la derni\u00e8re C3 d'occasion au robuste Q7 d'occasion, en passant par une large gamme de voiture d'occasion approuv\u00e9s. L'\u00e9quipe r\u00e9pondra \u00e0 toutes vos questions et pourra vous donner plus d'informations sur les nombreuses options de financement disponibles pour l'achat de votre voiture d'occasion \u00e0 Toulouse.<\/p>\n\n\n\n<p>Nous disposons \u00e9galement d'un centre de service apr\u00e8s-vente enti\u00e8rement \u00e9quip\u00e9, g\u00e9r\u00e9 par une \u00e9quipe de techniciens form\u00e9s aux derni\u00e8res techniques des constructeurs automobiles. Nos \u00e9quipes effectuent l'entretien, le contr\u00f4le technique et les r\u00e9parations des voitures d'occasion pour Toulouse, en utilisant les derniers outils de diagnostic et de r\u00e9paration pour s'assurer qu'aucun probl\u00e8me ne passe inaper\u00e7u.<\/p>\n\n\n\n<hr class=\"wp-block-separator\"\/>\n\n\n\n<p>Pour prendre rendez-vous pour venir nous voir, ou si vous avez besoin de <a href=\"http:\/\/www.carideal.com\/blog\/carideal-mandataire-auto-france\/\">nous contacter<\/a> en dehors des heures d'ouverture, envoyez-nous un message via la fonction de chat en direct ou en remplissant le formulaire de demande en ligne.<\/p>\n\n\n\n<h3 class=\"wp-block-heading\">T\u00e9l\u00e9phone<\/h3>\n\n\n\n<p>Ventes : 0479330353<\/p>\n\n\n\n<h3 class=\"wp-block-heading\">Ventes<\/h3>\n\n\n\n<p>- de 8h30 \u00e0 18h30: le mardi: de 8h30 \u00e0 18h30<br> - le mercredi : de 8h30 \u00e0 18h30 le jeudi: de 8h30 \u00e0 18h30<br> Le vendredi : de 8h30 \u00e0 18h30 le samedi de 8h30 \u00e0 17h00<br> Dimanche : Non<br> <iframe loading=\"lazy\" style=\"border: 0;\" src=\"https:\/\/www.google.com\/maps\/embed?pb=!1m18!1m12!1m3!1d92457.01034624902!2d1.3628011707550793!3d43.60067857090314!2m3!1f0!2f0!3f0!3m2!1i1024!2i768!4f13.1!3m3!1m2!1s0x12aebb6fec7552ff%3A0x406f69c2f411030!2sToulouse!5e0!3m2!1sen!2sfr!4v1513417940676\" width=\"600\" height=\"450\" frameborder=\"0\" allowfullscreen=\"allowfullscreen\"><\/p>\n\n\n\n<h3 class=\"wp-block-heading\">Trouvez votre voiture d'occasion en France<\/h3>\n\n\n\n<ul class=\"wp-block-list\"><li><a href=\"http:\/\/www.carideal.com\/blog\/voitures-occasions\/annecy\/\">Voitures d'occasions \u00e0 Annecy<\/a><\/li><li><a href=\"http:\/\/www.carideal.com\/blog\/voitures-occasions\/bordeaux\/\">Voitures d'occasions \u00e0 Bordeaux<\/a><\/li><li><a href=\"http:\/\/www.carideal.com\/blog\/voitures-occasions\/gap\/\">Voitures d'occasions \u00e0 Gap<\/a><\/li><li><a href=\"http:\/\/www.carideal.com\/blog\/voitures-occasions\/lyon\/\">Voitures d'occasions \u00e0 Lyon<\/a><\/li><li><a href=\"http:\/\/www.carideal.com\/blog\/voitures-occasions\/paris\/\">Voitures d'occasion \u00e0 Paris<\/a><\/li><li><a href=\"http:\/\/www.carideal.com\/blog\/voitures-occasions\/voiture-occasion-macon\/\">Voitures d'occasions \u00e0 M\u00e2con<\/a><\/li><li><a href=\"http:\/\/www.carideal.com\/blog\/voitures-occasions\/marseille\/\">Voitures d'occasion \u00e0 Marseille<\/a><\/li><li><a href=\"http:\/\/www.carideal.com\/blog\/voitures-occasions\/metz\/\">Voitures d'occasions \u00e0 Metz<\/a><\/li><li><a href=\"http:\/\/www.carideal.com\/blog\/voitures-occasions\/metz\/\">Voitures d'occasions \u00e0 Montpellier<\/a><\/li><li><a href=\"http:\/\/www.carideal.com\/blog\/voitures-occasions\/nantes\/\">Voitures d'occasions \u00e0 Nantes<\/a><\/li><li><a href=\"http:\/\/www.carideal.com\/blog\/voitures-occasions\/nice\/\">Voitures d'occasions \u00e0 Nice<\/a><\/li><li><a href=\"http:\/\/www.carideal.com\/blog\/voitures-occasions\/strasbourg\/\">Voitures d'occasions \u00e0 Strasbourg<\/a><\/li><li><a href=\"http:\/\/www.carideal.com\/blog\/voitures-occasions\/toulouse\/\">Voitures d'occasions \u00e0 Toulouse<\/a><\/li><\/ul>\n","protected":false},"excerpt":{"rendered":"<p>Trouvez votre voiture d&rsquo;occasion \u00e0 Toulouse avec Carideal Que vous soyez\u00a0\u00e0 la recherche d&rsquo;une voiture d&rsquo;occasion \u00e0 Toulouse r\u00e9vis\u00e9e et garantie, ou que vous ayez simplement besoin d&rsquo;un conseil sur l&rsquo;achat de votre voiture d&rsquo;occasion ou d&rsquo;estimer la valeur de reprise de votre voiture, vous pouvez compter sur Carideal pour vous aider \u00e0 trouver votre &#8230; <a title=\"Voiture occasion Toulouse &#8211; Annonce Auto\" class=\"read-more\" href=\"https:\/\/www.carideal.com\/blog\/voitures-occasions\/toulouse\/\" aria-label=\"En savoir plus sur Voiture occasion Toulouse &#8211; Annonce Auto\">Lire plus<\/a><\/p>\n","protected":false},"author":3,"featured_media":16746,"parent":15469,"menu_order":0,"comment_status":"closed","ping_status":"closed","template":"","meta":{"_uag_custom_page_level_css":"","_themeisle_gutenberg_block_has_review":false,"footnotes":""},"class_list":["post-16745","page","type-page","status-publish","has-post-thumbnail"],"wppr_data":{"cwp_meta_box_check":"No"},"yoast_head":"<!-- This site is optimized with the Yoast SEO plugin v24.8.1 - https:\/\/yoast.com\/wordpress\/plugins\/seo\/ -->\n<title>Voiture occasion Toulouse - Annonce Auto - Blog auto Carid\u00e9al<\/title>\n<meta name=\"description\" content=\"Trouvez votre voiture d&#039;occasion \u00e0 Toulouse avec Carideal Mandataire auto d&#039;occasion. Nos conseillers vous aideront \u00e0 trouver la bonne voiture d&#039;occasion\" \/>\n<meta name=\"robots\" content=\"index, follow, max-snippet:-1, max-image-preview:large, max-video-preview:-1\" \/>\n<link rel=\"canonical\" href=\"https:\/\/www.carideal.com\/blog\/voitures-occasions\/toulouse\/\" \/>\n<meta property=\"og:locale\" content=\"fr_FR\" \/>\n<meta property=\"og:type\" content=\"article\" \/>\n<meta property=\"og:title\" content=\"Voiture occasion Toulouse - Annonce Auto - Blog auto Carid\u00e9al\" \/>\n<meta property=\"og:description\" content=\"Trouvez votre voiture d&#039;occasion \u00e0 Toulouse avec Carideal Mandataire auto d&#039;occasion. Nos conseillers vous aideront \u00e0 trouver la bonne voiture d&#039;occasion\" \/>\n<meta property=\"og:url\" content=\"https:\/\/www.carideal.com\/blog\/voitures-occasions\/toulouse\/\" \/>\n<meta property=\"og:site_name\" content=\"Blog auto Carid\u00e9al\" \/>\n<meta property=\"article:publisher\" content=\"https:\/\/www.facebook.com\/Carideal.mandataire.automobile\" \/>\n<meta property=\"article:modified_time\" content=\"2021-05-21T09:15:59+00:00\" \/>\n<meta property=\"og:image\" content=\"https:\/\/www.carideal.com\/blog\/wp-content\/uploads\/2017\/12\/voiture-occasion-toulouse-e1580738026428.jpg\" \/>\n\t<meta property=\"og:image:width\" content=\"600\" \/>\n\t<meta property=\"og:image:height\" content=\"410\" \/>\n\t<meta property=\"og:image:type\" content=\"image\/jpeg\" \/>\n<meta name=\"twitter:card\" content=\"summary_large_image\" \/>\n<meta name=\"twitter:site\" content=\"@caridealauto\" \/>\n<meta name=\"twitter:label1\" content=\"Dur\u00e9e de lecture estim\u00e9e\" \/>\n\t<meta name=\"twitter:data1\" content=\"3 minutes\" \/>\n<script type=\"application\/ld+json\" class=\"yoast-schema-graph\">{\"@context\":\"https:\/\/schema.org\",\"@graph\":[{\"@type\":\"WebPage\",\"@id\":\"https:\/\/www.carideal.com\/blog\/voitures-occasions\/toulouse\/\",\"url\":\"https:\/\/www.carideal.com\/blog\/voitures-occasions\/toulouse\/\",\"name\":\"Voiture occasion Toulouse - Annonce Auto - Blog auto Carid\u00e9al\",\"isPartOf\":{\"@id\":\"https:\/\/www.carideal.com\/blog\/#website\"},\"primaryImageOfPage\":{\"@id\":\"https:\/\/www.carideal.com\/blog\/voitures-occasions\/toulouse\/#primaryimage\"},\"image\":{\"@id\":\"https:\/\/www.carideal.com\/blog\/voitures-occasions\/toulouse\/#primaryimage\"},\"thumbnailUrl\":\"https:\/\/www.carideal.com\/blog\/wp-content\/uploads\/2017\/12\/voiture-occasion-toulouse-e1580738026428.jpg\",\"datePublished\":\"2017-12-16T09:44:58+00:00\",\"dateModified\":\"2021-05-21T09:15:59+00:00\",\"description\":\"Trouvez votre voiture d'occasion \u00e0 Toulouse avec Carideal Mandataire auto d'occasion. Nos conseillers vous aideront \u00e0 trouver la bonne voiture d'occasion\",\"breadcrumb\":{\"@id\":\"https:\/\/www.carideal.com\/blog\/voitures-occasions\/toulouse\/#breadcrumb\"},\"inLanguage\":\"fr-FR\",\"potentialAction\":[{\"@type\":\"ReadAction\",\"target\":[\"https:\/\/www.carideal.com\/blog\/voitures-occasions\/toulouse\/\"]}]},{\"@type\":\"ImageObject\",\"inLanguage\":\"fr-FR\",\"@id\":\"https:\/\/www.carideal.com\/blog\/voitures-occasions\/toulouse\/#primaryimage\",\"url\":\"https:\/\/www.carideal.com\/blog\/wp-content\/uploads\/2017\/12\/voiture-occasion-toulouse-e1580738026428.jpg\",\"contentUrl\":\"https:\/\/www.carideal.com\/blog\/wp-content\/uploads\/2017\/12\/voiture-occasion-toulouse-e1580738026428.jpg\",\"width\":600,\"height\":410,\"caption\":\"Voiture occasion Toulouse\"},{\"@type\":\"BreadcrumbList\",\"@id\":\"https:\/\/www.carideal.com\/blog\/voitures-occasions\/toulouse\/#breadcrumb\",\"itemListElement\":[{\"@type\":\"ListItem\",\"position\":1,\"name\":\"Blog Carid\u00e9al\",\"item\":\"https:\/\/www.carideal.com\/blog\/\"},{\"@type\":\"ListItem\",\"position\":2,\"name\":\"Voitures occasions\",\"item\":\"https:\/\/www.carideal.com\/blog\/voitures-occasions\/\"},{\"@type\":\"ListItem\",\"position\":3,\"name\":\"Voiture occasion Toulouse &#8211; Annonce Auto\"}]},{\"@type\":\"WebSite\",\"@id\":\"https:\/\/www.carideal.com\/blog\/#website\",\"url\":\"https:\/\/www.carideal.com\/blog\/\",\"name\":\"Blog auto Carid\u00e9al\",\"description\":\"Actualit\u00e9 auto par des passionn\u00e9s\",\"publisher\":{\"@id\":\"https:\/\/www.carideal.com\/blog\/#organization\"},\"potentialAction\":[{\"@type\":\"SearchAction\",\"target\":{\"@type\":\"EntryPoint\",\"urlTemplate\":\"https:\/\/www.carideal.com\/blog\/?s={search_term_string}\"},\"query-input\":{\"@type\":\"PropertyValueSpecification\",\"valueRequired\":true,\"valueName\":\"search_term_string\"}}],\"inLanguage\":\"fr-FR\"},{\"@type\":\"Organization\",\"@id\":\"https:\/\/www.carideal.com\/blog\/#organization\",\"name\":\"Carideal\",\"url\":\"https:\/\/www.carideal.com\/blog\/\",\"logo\":{\"@type\":\"ImageObject\",\"inLanguage\":\"fr-FR\",\"@id\":\"https:\/\/www.carideal.com\/blog\/#\/schema\/logo\/image\/\",\"url\":\"http:\/\/www.carideal.com\/blog\/wp-content\/uploads\/2016\/03\/logo-carideal-mandataire-automobile.png\",\"contentUrl\":\"http:\/\/www.carideal.com\/blog\/wp-content\/uploads\/2016\/03\/logo-carideal-mandataire-automobile.png\",\"width\":300,\"height\":300,\"caption\":\"Carideal\"},\"image\":{\"@id\":\"https:\/\/www.carideal.com\/blog\/#\/schema\/logo\/image\/\"},\"sameAs\":[\"https:\/\/www.facebook.com\/Carideal.mandataire.automobile\",\"https:\/\/x.com\/caridealauto\",\"https:\/\/www.instagram.com\/carideal1\/\",\"https:\/\/www.linkedin.com\/company\/carideal.com\",\"https:\/\/fr.pinterest.com\/schiavonsas\/\",\"https:\/\/www.youtube.com\/user\/caridealsas\"]}]}<\/script>\n<!-- \/ Yoast SEO plugin. -->","yoast_head_json":{"title":"Voiture occasion Toulouse - Annonce Auto - Blog auto Carid\u00e9al","description":"Trouvez votre voiture d'occasion \u00e0 Toulouse avec Carideal Mandataire auto d'occasion. Nos conseillers vous aideront \u00e0 trouver la bonne voiture d'occasion","robots":{"index":"index","follow":"follow","max-snippet":"max-snippet:-1","max-image-preview":"max-image-preview:large","max-video-preview":"max-video-preview:-1"},"canonical":"https:\/\/www.carideal.com\/blog\/voitures-occasions\/toulouse\/","og_locale":"fr_FR","og_type":"article","og_title":"Voiture occasion Toulouse - Annonce Auto - Blog auto Carid\u00e9al","og_description":"Trouvez votre voiture d'occasion \u00e0 Toulouse avec Carideal Mandataire auto d'occasion. Nos conseillers vous aideront \u00e0 trouver la bonne voiture d'occasion","og_url":"https:\/\/www.carideal.com\/blog\/voitures-occasions\/toulouse\/","og_site_name":"Blog auto Carid\u00e9al","article_publisher":"https:\/\/www.facebook.com\/Carideal.mandataire.automobile","article_modified_time":"2021-05-21T09:15:59+00:00","og_image":[{"width":600,"height":410,"url":"https:\/\/www.carideal.com\/blog\/wp-content\/uploads\/2017\/12\/voiture-occasion-toulouse-e1580738026428.jpg","type":"image\/jpeg"}],"twitter_card":"summary_large_image","twitter_site":"@caridealauto","twitter_misc":{"Dur\u00e9e de lecture estim\u00e9e":"3 minutes"},"schema":{"@context":"https:\/\/schema.org","@graph":[{"@type":"WebPage","@id":"https:\/\/www.carideal.com\/blog\/voitures-occasions\/toulouse\/","url":"https:\/\/www.carideal.com\/blog\/voitures-occasions\/toulouse\/","name":"Voiture occasion Toulouse - Annonce Auto - Blog auto Carid\u00e9al","isPartOf":{"@id":"https:\/\/www.carideal.com\/blog\/#website"},"primaryImageOfPage":{"@id":"https:\/\/www.carideal.com\/blog\/voitures-occasions\/toulouse\/#primaryimage"},"image":{"@id":"https:\/\/www.carideal.com\/blog\/voitures-occasions\/toulouse\/#primaryimage"},"thumbnailUrl":"https:\/\/www.carideal.com\/blog\/wp-content\/uploads\/2017\/12\/voiture-occasion-toulouse-e1580738026428.jpg","datePublished":"2017-12-16T09:44:58+00:00","dateModified":"2021-05-21T09:15:59+00:00","description":"Trouvez votre voiture d'occasion \u00e0 Toulouse avec Carideal Mandataire auto d'occasion. Nos conseillers vous aideront \u00e0 trouver la bonne voiture d'occasion","breadcrumb":{"@id":"https:\/\/www.carideal.com\/blog\/voitures-occasions\/toulouse\/#breadcrumb"},"inLanguage":"fr-FR","potentialAction":[{"@type":"ReadAction","target":["https:\/\/www.carideal.com\/blog\/voitures-occasions\/toulouse\/"]}]},{"@type":"ImageObject","inLanguage":"fr-FR","@id":"https:\/\/www.carideal.com\/blog\/voitures-occasions\/toulouse\/#primaryimage","url":"https:\/\/www.carideal.com\/blog\/wp-content\/uploads\/2017\/12\/voiture-occasion-toulouse-e1580738026428.jpg","contentUrl":"https:\/\/www.carideal.com\/blog\/wp-content\/uploads\/2017\/12\/voiture-occasion-toulouse-e1580738026428.jpg","width":600,"height":410,"caption":"Voiture occasion Toulouse"},{"@type":"BreadcrumbList","@id":"https:\/\/www.carideal.com\/blog\/voitures-occasions\/toulouse\/#breadcrumb","itemListElement":[{"@type":"ListItem","position":1,"name":"Blog Carid\u00e9al","item":"https:\/\/www.carideal.com\/blog\/"},{"@type":"ListItem","position":2,"name":"Voitures occasions","item":"https:\/\/www.carideal.com\/blog\/voitures-occasions\/"},{"@type":"ListItem","position":3,"name":"Voiture occasion Toulouse &#8211; Annonce Auto"}]},{"@type":"WebSite","@id":"https:\/\/www.carideal.com\/blog\/#website","url":"https:\/\/www.carideal.com\/blog\/","name":"Blog auto Carid\u00e9al","description":"Actualit\u00e9 auto par des passionn\u00e9s","publisher":{"@id":"https:\/\/www.carideal.com\/blog\/#organization"},"potentialAction":[{"@type":"SearchAction","target":{"@type":"EntryPoint","urlTemplate":"https:\/\/www.carideal.com\/blog\/?s={search_term_string}"},"query-input":{"@type":"PropertyValueSpecification","valueRequired":true,"valueName":"search_term_string"}}],"inLanguage":"fr-FR"},{"@type":"Organization","@id":"https:\/\/www.carideal.com\/blog\/#organization","name":"Carideal","url":"https:\/\/www.carideal.com\/blog\/","logo":{"@type":"ImageObject","inLanguage":"fr-FR","@id":"https:\/\/www.carideal.com\/blog\/#\/schema\/logo\/image\/","url":"http:\/\/www.carideal.com\/blog\/wp-content\/uploads\/2016\/03\/logo-carideal-mandataire-automobile.png","contentUrl":"http:\/\/www.carideal.com\/blog\/wp-content\/uploads\/2016\/03\/logo-carideal-mandataire-automobile.png","width":300,"height":300,"caption":"Carideal"},"image":{"@id":"https:\/\/www.carideal.com\/blog\/#\/schema\/logo\/image\/"},"sameAs":["https:\/\/www.facebook.com\/Carideal.mandataire.automobile","https:\/\/x.com\/caridealauto","https:\/\/www.instagram.com\/carideal1\/","https:\/\/www.linkedin.com\/company\/carideal.com","https:\/\/fr.pinterest.com\/schiavonsas\/","https:\/\/www.youtube.com\/user\/caridealsas"]}]}},"uagb_featured_image_src":{"full":["https:\/\/www.carideal.com\/blog\/wp-content\/uploads\/2017\/12\/voiture-occasion-toulouse-e1580738026428.jpg",600,410,false],"thumbnail":["https:\/\/www.carideal.com\/blog\/wp-content\/uploads\/2017\/12\/voiture-occasion-toulouse-150x150.jpg",150,150,true],"medium":["https:\/\/www.carideal.com\/blog\/wp-content\/uploads\/2017\/12\/voiture-occasion-toulouse-300x205.jpg",300,205,true],"medium_large":["https:\/\/www.carideal.com\/blog\/wp-content\/uploads\/2017\/12\/voiture-occasion-toulouse-768x525.jpg",768,525,true],"large":["https:\/\/www.carideal.com\/blog\/wp-content\/uploads\/2017\/12\/voiture-occasion-toulouse-e1580738026428.jpg",600,410,false],"1536x1536":["https:\/\/www.carideal.com\/blog\/wp-content\/uploads\/2017\/12\/voiture-occasion-toulouse-e1580738026428.jpg",600,410,false],"2048x2048":["https:\/\/www.carideal.com\/blog\/wp-content\/uploads\/2017\/12\/voiture-occasion-toulouse-e1580738026428.jpg",600,410,false],"wppr-widget":["https:\/\/www.carideal.com\/blog\/wp-content\/uploads\/2017\/12\/voiture-occasion-toulouse-e1580738026428.jpg",50,34,false]},"uagb_author_info":{"display_name":"Nicolas SCHIAVON","author_link":"https:\/\/www.carideal.com\/blog\/author\/nschiavon\/"},"uagb_comment_info":0,"uagb_excerpt":"Trouvez votre voiture d'occasion \u00e0 Toulouse avec Carideal Que vous soyez\u00a0\u00e0 la recherche d'une voiture d'occasion \u00e0 Toulouse r\u00e9vis\u00e9e et garantie, ou que vous ayez simplement besoin d'un conseil sur l'achat de votre voiture d'occasion ou d'estimer la valeur de reprise de votre voiture, vous pouvez compter sur Carideal pour vous aider \u00e0 trouver votre\u2026","_links":{"self":[{"href":"https:\/\/www.carideal.com\/blog\/wp-json\/wp\/v2\/pages\/16745"}],"collection":[{"href":"https:\/\/www.carideal.com\/blog\/wp-json\/wp\/v2\/pages"}],"about":[{"href":"https:\/\/www.carideal.com\/blog\/wp-json\/wp\/v2\/types\/page"}],"author":[{"embeddable":true,"href":"https:\/\/www.carideal.com\/blog\/wp-json\/wp\/v2\/users\/3"}],"replies":[{"embeddable":true,"href":"https:\/\/www.carideal.com\/blog\/wp-json\/wp\/v2\/comments?post=16745"}],"version-history":[{"count":0,"href":"https:\/\/www.carideal.com\/blog\/wp-json\/wp\/v2\/pages\/16745\/revisions"}],"up":[{"embeddable":true,"href":"https:\/\/www.carideal.com\/blog\/wp-json\/wp\/v2\/pages\/15469"}],"wp:featuredmedia":[{"embeddable":true,"href":"https:\/\/www.carideal.com\/blog\/wp-json\/wp\/v2\/media\/16746"}],"wp:attachment":[{"href":"https:\/\/www.carideal.com\/blog\/wp-json\/wp\/v2\/media?parent=16745"}],"curies":[{"name":"wp","href":"https:\/\/api.w.org\/{rel}","templated":true}]}}