{"id":16722,"date":"2017-12-15T13:03:49","date_gmt":"2017-12-15T12:03:49","guid":{"rendered":"http:\/\/www.carideal.com\/blog\/?page_id=16722"},"modified":"2021-05-21T11:00:31","modified_gmt":"2021-05-21T09:00:31","slug":"marseille","status":"publish","type":"page","link":"https:\/\/www.carideal.com\/blog\/voitures-occasions\/marseille\/","title":{"rendered":"Voiture occasion Marseille annonces auto"},"content":{"rendered":"\n<h2 class=\"wp-block-heading\">Contactez Carideal pour trouver votre voiture d'occasion \u00e0 Marseille<\/h2>\n\n\n\n<p>Chez <a href=\"http:\/\/www.carideal.com\/\">Carideal<\/a>, votre mandataire auto,\u00a0nous vous aidons \u00e0 trouver votre <strong>voiture d'occasion \u00e0 Marseille<\/strong>, vous pouvez parcourir une large s\u00e9lection de <a href=\"http:\/\/www.carideal.com\/blog\/voitures-occasions\/\">voitures\u00a0d'occasions<\/a> et\u00a0garanties avec l'aide d'un expert. <a href=\"http:\/\/www.carideal.com\/blog\/ou-acheter-une-voiture-doccasion-fiable\/\">O\u00f9 acheter une voiture d'occasion Fiable ?<\/a><\/p>\n\n\n\n<p>Toutes les marques | Peugeot | Citro\u00ebn |Renault | Dacia | Volkswagen | Kia | Land Rover<\/p>\n\n\n\n<p>Nous avons \u00e9galement un centre de services apr\u00e8s-vente&nbsp;et de pr\u00e9paration qui est d\u00e9di\u00e9 \u00e0 garder votre&nbsp;voiture d'occasion en excellent \u00e9tat.<\/p>\n\n\n\n<div class=\"wp-block-image size-full wp-image-16723\"><figure class=\"aligncenter\"><img loading=\"lazy\" decoding=\"async\" width=\"600\" height=\"399\" src=\"http:\/\/www.carideal.com\/blog\/wp-content\/uploads\/2017\/12\/achat-voiture-occasion-marseille-e1580575615802.jpg\" alt=\"voiture occasion Marseille\" class=\"wp-image-16723\"\/><figcaption>Voiture occasion Marseille<\/figcaption><\/figure><\/div>\n\n\n\n<p>Ouvert six jours par semaine, vous pouvez explorer&nbsp;la gamme de voiture d'occasion \u00e0 Marseille \u00e0 votre guise. Vous pourrez vous faire livrer votre voiture d'occasion \u00e0 Marseille, \u00e0 votre domicile ou sur votre lieu de travail. Cette position nous met \u00e0 port\u00e9e de main de Lestaque, pointe rouge, le vieux Port Marignane ou Martigues. Attention le sud de Marseille et les Goudes sont difficile d'acc\u00e8s.<\/p>\n\n\n\n<p>Nos experts sont toujours heureux de vous aider, que vous soyez \u00e0 la recherche d'une Audi d'occasion, d'une Citro\u00ebn d'occasion, d'une Renault d'occasion ou tout simplement \u00e0 la recherche d'une voiture d'occasion \u00e0 Marseille \u00e0 un prix abordable. Si vous d\u00e9cidez de nous rendre visite, nous venons vous chercher \u00e0 la gare, et nos conseillers seront sur place pour r\u00e9pondre \u00e0 vos questions sur les voitures d'occasion et vous guider dans nos <a href=\"http:\/\/www.carideal.com\/blog\/credit-auto\/\">plans de financement<\/a>.<\/p>\n\n\n\n<p>Pour les services et extension de garantie d'occasion, ou les essais, prenez rendez-vous avec notre centre de service apr\u00e8s-vente. Nos <a href=\"http:\/\/www.carideal.com\/blog\/2015\/06\/03\/garantie-voitures-doccasions\/\">garanties de voiture d'occasion<\/a> sont valable dans votre garage habituel \u00e0 Marseille. G\u00e9r\u00e9 par des techniciens form\u00e9s par le fabricant qui utilisent des outils de diagnostic et de r\u00e9paration con\u00e7us sp\u00e9cifiquement pour les voitures r\u00e9centes, vous pouvez \u00eatre assur\u00e9 que votre voiture d'occasion sera entre de bonnes mains pour sa pr\u00e9paration et <a href=\"http:\/\/www.carideal.com\/blog\/garage-automobile\/revision-voiture\/\">r\u00e9vision<\/a>.<\/p>\n\n\n\n<p>Si vous avez des questions pour l'achat de votre voiture d'occasion \u00e0 Marseille, appelez-nous dans les heures d'ouverture ou <a href=\"http:\/\/www.carideal.com\/blog\/contactez-nous\/\">contactez-nous<\/a> en ligne en utilisant le formulaire. Un membre de l'\u00e9quipe vous r\u00e9pondra dans les plus brefs d\u00e9lais.<\/p>\n\n\n\n<p>T\u00e9l\u00e9phone Ventes : 0479330353<br>Heures de travail<br>- le lundi : de 8h30 \u00e0 19h00 le mardi: de 8h30 \u00e0 19h00<br>- le mercredi : de 8h30 \u00e0 19h00 le jeudi: de 8h30 \u00e0 19h00<br>Vendredi : de 8h30 \u00e0 19h00 le samedi: de 8h30 \u00e0 17h00<br>Dimanche: non<br><iframe loading=\"lazy\" style=\"border: 0;\" src=\"https:\/\/www.google.com\/maps\/embed?pb=!1m18!1m12!1m3!1d185895.77508925594!2d5.240412801235383!3d43.280305080770155!2m3!1f0!2f0!3f0!3m2!1i1024!2i768!4f13.1!3m3!1m2!1s0x12c9bf4344da5333%3A0x40819a5fd970220!2sMarseille!5e0!3m2!1sen!2sfr!4v1513337033471\" width=\"600\" height=\"450\" frameborder=\"0\" allowfullscreen=\"allowfullscreen\"><\/p>\n\n\n\n<h3 class=\"wp-block-heading\">Trouvez votre voiture d'occasion en France<\/h3>\n\n\n\n<ul class=\"wp-block-list\"><li><a href=\"http:\/\/www.carideal.com\/blog\/voitures-occasions\/annecy\/\">Voitures d'occasions \u00e0 Annecy<\/a><\/li><li><a href=\"http:\/\/www.carideal.com\/blog\/voitures-occasions\/bordeaux\/\">Voitures d'occasions \u00e0 Bordeaux<\/a><\/li><li><a href=\"http:\/\/www.carideal.com\/blog\/voitures-occasions\/gap\/\">Voitures d'occasions \u00e0 Gap<\/a><\/li><li><a href=\"http:\/\/www.carideal.com\/blog\/voitures-occasions\/lyon\/\">Voitures d'occasions \u00e0 Lyon<\/a><\/li><li><a href=\"http:\/\/www.carideal.com\/blog\/voitures-occasions\/paris\/\">Voitures d'occasion \u00e0 Paris<\/a><\/li><li><a href=\"http:\/\/www.carideal.com\/blog\/voitures-occasions\/voiture-occasion-macon\/\">Voitures d'occasions \u00e0 M\u00e2con<\/a><\/li><li><a href=\"http:\/\/www.carideal.com\/blog\/voitures-occasions\/marseille\/\">Voitures d'occasion \u00e0 Marseille<\/a><\/li><li><a href=\"http:\/\/www.carideal.com\/blog\/voitures-occasions\/metz\/\">Voitures d'occasions \u00e0 Metz<\/a><\/li><li><a href=\"http:\/\/www.carideal.com\/blog\/voitures-occasions\/metz\/\">Voitures d'occasions \u00e0 Montpellier<\/a><\/li><li><a href=\"http:\/\/www.carideal.com\/blog\/voitures-occasions\/nantes\/\">Voitures d'occasions \u00e0 Nantes<\/a><\/li><\/ul>\n","protected":false},"excerpt":{"rendered":"<p>Contactez Carideal pour trouver votre voiture d&rsquo;occasion \u00e0 Marseille Chez Carideal, votre mandataire auto,\u00a0nous vous aidons \u00e0 trouver votre voiture d&rsquo;occasion \u00e0 Marseille, vous pouvez parcourir une large s\u00e9lection de voitures\u00a0d&rsquo;occasions et\u00a0garanties avec l&rsquo;aide d&rsquo;un expert. O\u00f9 acheter une voiture d&rsquo;occasion Fiable ? Toutes les marques | Peugeot | Citro\u00ebn |Renault | Dacia | Volkswagen &#8230; <a title=\"Voiture occasion Marseille annonces auto\" class=\"read-more\" href=\"https:\/\/www.carideal.com\/blog\/voitures-occasions\/marseille\/\" aria-label=\"En savoir plus sur Voiture occasion Marseille annonces auto\">Lire plus<\/a><\/p>\n","protected":false},"author":3,"featured_media":16723,"parent":15469,"menu_order":0,"comment_status":"closed","ping_status":"closed","template":"","meta":{"_uag_custom_page_level_css":"","_themeisle_gutenberg_block_has_review":false,"footnotes":""},"class_list":["post-16722","page","type-page","status-publish","has-post-thumbnail"],"wppr_data":{"cwp_meta_box_check":"No"},"yoast_head":"<!-- This site is optimized with the Yoast SEO plugin v24.8.1 - https:\/\/yoast.com\/wordpress\/plugins\/seo\/ -->\n<title>Voiture occasion Marseille annonces auto - Blog auto Carid\u00e9al<\/title>\n<meta name=\"description\" content=\"Nos conseillers vous aident \u00e0 trouver votre voiture d&#039;occasion \u00e0 Marseille, r\u00e9vis\u00e9e, garantie, elle saura vous satisfaire et nous vous la livrons soit \u00e0 votre domicile ou sur votre lieux de travail.\" \/>\n<meta name=\"robots\" content=\"index, follow, max-snippet:-1, max-image-preview:large, max-video-preview:-1\" \/>\n<link rel=\"canonical\" href=\"https:\/\/www.carideal.com\/blog\/voitures-occasions\/marseille\/\" \/>\n<meta property=\"og:locale\" content=\"fr_FR\" \/>\n<meta property=\"og:type\" content=\"article\" \/>\n<meta property=\"og:title\" content=\"Voiture occasion Marseille annonces auto - Blog auto Carid\u00e9al\" \/>\n<meta property=\"og:description\" content=\"Nos conseillers vous aident \u00e0 trouver votre voiture d&#039;occasion \u00e0 Marseille, r\u00e9vis\u00e9e, garantie, elle saura vous satisfaire et nous vous la livrons soit \u00e0 votre domicile ou sur votre lieux de travail.\" \/>\n<meta property=\"og:url\" content=\"https:\/\/www.carideal.com\/blog\/voitures-occasions\/marseille\/\" \/>\n<meta property=\"og:site_name\" content=\"Blog auto Carid\u00e9al\" \/>\n<meta property=\"article:publisher\" content=\"https:\/\/www.facebook.com\/Carideal.mandataire.automobile\" \/>\n<meta property=\"article:modified_time\" content=\"2021-05-21T09:00:31+00:00\" \/>\n<meta property=\"og:image\" content=\"https:\/\/www.carideal.com\/blog\/wp-content\/uploads\/2017\/12\/achat-voiture-occasion-marseille-e1580575615802.jpg\" \/>\n\t<meta property=\"og:image:width\" content=\"600\" \/>\n\t<meta property=\"og:image:height\" content=\"399\" \/>\n\t<meta property=\"og:image:type\" content=\"image\/jpeg\" \/>\n<meta name=\"twitter:card\" content=\"summary_large_image\" \/>\n<meta name=\"twitter:site\" content=\"@caridealauto\" \/>\n<meta name=\"twitter:label1\" content=\"Dur\u00e9e de lecture estim\u00e9e\" \/>\n\t<meta name=\"twitter:data1\" content=\"3 minutes\" \/>\n<script type=\"application\/ld+json\" class=\"yoast-schema-graph\">{\"@context\":\"https:\/\/schema.org\",\"@graph\":[{\"@type\":\"WebPage\",\"@id\":\"https:\/\/www.carideal.com\/blog\/voitures-occasions\/marseille\/\",\"url\":\"https:\/\/www.carideal.com\/blog\/voitures-occasions\/marseille\/\",\"name\":\"Voiture occasion Marseille annonces auto - Blog auto Carid\u00e9al\",\"isPartOf\":{\"@id\":\"https:\/\/www.carideal.com\/blog\/#website\"},\"primaryImageOfPage\":{\"@id\":\"https:\/\/www.carideal.com\/blog\/voitures-occasions\/marseille\/#primaryimage\"},\"image\":{\"@id\":\"https:\/\/www.carideal.com\/blog\/voitures-occasions\/marseille\/#primaryimage\"},\"thumbnailUrl\":\"https:\/\/www.carideal.com\/blog\/wp-content\/uploads\/2017\/12\/achat-voiture-occasion-marseille-e1580575615802.jpg\",\"datePublished\":\"2017-12-15T12:03:49+00:00\",\"dateModified\":\"2021-05-21T09:00:31+00:00\",\"description\":\"Nos conseillers vous aident \u00e0 trouver votre voiture d'occasion \u00e0 Marseille, r\u00e9vis\u00e9e, garantie, elle saura vous satisfaire et nous vous la livrons soit \u00e0 votre domicile ou sur votre lieux de travail.\",\"breadcrumb\":{\"@id\":\"https:\/\/www.carideal.com\/blog\/voitures-occasions\/marseille\/#breadcrumb\"},\"inLanguage\":\"fr-FR\",\"potentialAction\":[{\"@type\":\"ReadAction\",\"target\":[\"https:\/\/www.carideal.com\/blog\/voitures-occasions\/marseille\/\"]}]},{\"@type\":\"ImageObject\",\"inLanguage\":\"fr-FR\",\"@id\":\"https:\/\/www.carideal.com\/blog\/voitures-occasions\/marseille\/#primaryimage\",\"url\":\"https:\/\/www.carideal.com\/blog\/wp-content\/uploads\/2017\/12\/achat-voiture-occasion-marseille-e1580575615802.jpg\",\"contentUrl\":\"https:\/\/www.carideal.com\/blog\/wp-content\/uploads\/2017\/12\/achat-voiture-occasion-marseille-e1580575615802.jpg\",\"width\":600,\"height\":399,\"caption\":\"Voiture occasion Marseille\"},{\"@type\":\"BreadcrumbList\",\"@id\":\"https:\/\/www.carideal.com\/blog\/voitures-occasions\/marseille\/#breadcrumb\",\"itemListElement\":[{\"@type\":\"ListItem\",\"position\":1,\"name\":\"Blog Carid\u00e9al\",\"item\":\"https:\/\/www.carideal.com\/blog\/\"},{\"@type\":\"ListItem\",\"position\":2,\"name\":\"Voitures occasions\",\"item\":\"https:\/\/www.carideal.com\/blog\/voitures-occasions\/\"},{\"@type\":\"ListItem\",\"position\":3,\"name\":\"Marseille\"}]},{\"@type\":\"WebSite\",\"@id\":\"https:\/\/www.carideal.com\/blog\/#website\",\"url\":\"https:\/\/www.carideal.com\/blog\/\",\"name\":\"Blog auto Carid\u00e9al\",\"description\":\"Actualit\u00e9 auto par des passionn\u00e9s\",\"publisher\":{\"@id\":\"https:\/\/www.carideal.com\/blog\/#organization\"},\"potentialAction\":[{\"@type\":\"SearchAction\",\"target\":{\"@type\":\"EntryPoint\",\"urlTemplate\":\"https:\/\/www.carideal.com\/blog\/?s={search_term_string}\"},\"query-input\":{\"@type\":\"PropertyValueSpecification\",\"valueRequired\":true,\"valueName\":\"search_term_string\"}}],\"inLanguage\":\"fr-FR\"},{\"@type\":\"Organization\",\"@id\":\"https:\/\/www.carideal.com\/blog\/#organization\",\"name\":\"Carideal\",\"url\":\"https:\/\/www.carideal.com\/blog\/\",\"logo\":{\"@type\":\"ImageObject\",\"inLanguage\":\"fr-FR\",\"@id\":\"https:\/\/www.carideal.com\/blog\/#\/schema\/logo\/image\/\",\"url\":\"http:\/\/www.carideal.com\/blog\/wp-content\/uploads\/2016\/03\/logo-carideal-mandataire-automobile.png\",\"contentUrl\":\"http:\/\/www.carideal.com\/blog\/wp-content\/uploads\/2016\/03\/logo-carideal-mandataire-automobile.png\",\"width\":300,\"height\":300,\"caption\":\"Carideal\"},\"image\":{\"@id\":\"https:\/\/www.carideal.com\/blog\/#\/schema\/logo\/image\/\"},\"sameAs\":[\"https:\/\/www.facebook.com\/Carideal.mandataire.automobile\",\"https:\/\/x.com\/caridealauto\",\"https:\/\/www.instagram.com\/carideal1\/\",\"https:\/\/www.linkedin.com\/company\/carideal.com\",\"https:\/\/fr.pinterest.com\/schiavonsas\/\",\"https:\/\/www.youtube.com\/user\/caridealsas\"]}]}<\/script>\n<!-- \/ Yoast SEO plugin. -->","yoast_head_json":{"title":"Voiture occasion Marseille annonces auto - Blog auto Carid\u00e9al","description":"Nos conseillers vous aident \u00e0 trouver votre voiture d'occasion \u00e0 Marseille, r\u00e9vis\u00e9e, garantie, elle saura vous satisfaire et nous vous la livrons soit \u00e0 votre domicile ou sur votre lieux de travail.","robots":{"index":"index","follow":"follow","max-snippet":"max-snippet:-1","max-image-preview":"max-image-preview:large","max-video-preview":"max-video-preview:-1"},"canonical":"https:\/\/www.carideal.com\/blog\/voitures-occasions\/marseille\/","og_locale":"fr_FR","og_type":"article","og_title":"Voiture occasion Marseille annonces auto - Blog auto Carid\u00e9al","og_description":"Nos conseillers vous aident \u00e0 trouver votre voiture d'occasion \u00e0 Marseille, r\u00e9vis\u00e9e, garantie, elle saura vous satisfaire et nous vous la livrons soit \u00e0 votre domicile ou sur votre lieux de travail.","og_url":"https:\/\/www.carideal.com\/blog\/voitures-occasions\/marseille\/","og_site_name":"Blog auto Carid\u00e9al","article_publisher":"https:\/\/www.facebook.com\/Carideal.mandataire.automobile","article_modified_time":"2021-05-21T09:00:31+00:00","og_image":[{"width":600,"height":399,"url":"https:\/\/www.carideal.com\/blog\/wp-content\/uploads\/2017\/12\/achat-voiture-occasion-marseille-e1580575615802.jpg","type":"image\/jpeg"}],"twitter_card":"summary_large_image","twitter_site":"@caridealauto","twitter_misc":{"Dur\u00e9e de lecture estim\u00e9e":"3 minutes"},"schema":{"@context":"https:\/\/schema.org","@graph":[{"@type":"WebPage","@id":"https:\/\/www.carideal.com\/blog\/voitures-occasions\/marseille\/","url":"https:\/\/www.carideal.com\/blog\/voitures-occasions\/marseille\/","name":"Voiture occasion Marseille annonces auto - Blog auto Carid\u00e9al","isPartOf":{"@id":"https:\/\/www.carideal.com\/blog\/#website"},"primaryImageOfPage":{"@id":"https:\/\/www.carideal.com\/blog\/voitures-occasions\/marseille\/#primaryimage"},"image":{"@id":"https:\/\/www.carideal.com\/blog\/voitures-occasions\/marseille\/#primaryimage"},"thumbnailUrl":"https:\/\/www.carideal.com\/blog\/wp-content\/uploads\/2017\/12\/achat-voiture-occasion-marseille-e1580575615802.jpg","datePublished":"2017-12-15T12:03:49+00:00","dateModified":"2021-05-21T09:00:31+00:00","description":"Nos conseillers vous aident \u00e0 trouver votre voiture d'occasion \u00e0 Marseille, r\u00e9vis\u00e9e, garantie, elle saura vous satisfaire et nous vous la livrons soit \u00e0 votre domicile ou sur votre lieux de travail.","breadcrumb":{"@id":"https:\/\/www.carideal.com\/blog\/voitures-occasions\/marseille\/#breadcrumb"},"inLanguage":"fr-FR","potentialAction":[{"@type":"ReadAction","target":["https:\/\/www.carideal.com\/blog\/voitures-occasions\/marseille\/"]}]},{"@type":"ImageObject","inLanguage":"fr-FR","@id":"https:\/\/www.carideal.com\/blog\/voitures-occasions\/marseille\/#primaryimage","url":"https:\/\/www.carideal.com\/blog\/wp-content\/uploads\/2017\/12\/achat-voiture-occasion-marseille-e1580575615802.jpg","contentUrl":"https:\/\/www.carideal.com\/blog\/wp-content\/uploads\/2017\/12\/achat-voiture-occasion-marseille-e1580575615802.jpg","width":600,"height":399,"caption":"Voiture occasion Marseille"},{"@type":"BreadcrumbList","@id":"https:\/\/www.carideal.com\/blog\/voitures-occasions\/marseille\/#breadcrumb","itemListElement":[{"@type":"ListItem","position":1,"name":"Blog Carid\u00e9al","item":"https:\/\/www.carideal.com\/blog\/"},{"@type":"ListItem","position":2,"name":"Voitures occasions","item":"https:\/\/www.carideal.com\/blog\/voitures-occasions\/"},{"@type":"ListItem","position":3,"name":"Marseille"}]},{"@type":"WebSite","@id":"https:\/\/www.carideal.com\/blog\/#website","url":"https:\/\/www.carideal.com\/blog\/","name":"Blog auto Carid\u00e9al","description":"Actualit\u00e9 auto par des passionn\u00e9s","publisher":{"@id":"https:\/\/www.carideal.com\/blog\/#organization"},"potentialAction":[{"@type":"SearchAction","target":{"@type":"EntryPoint","urlTemplate":"https:\/\/www.carideal.com\/blog\/?s={search_term_string}"},"query-input":{"@type":"PropertyValueSpecification","valueRequired":true,"valueName":"search_term_string"}}],"inLanguage":"fr-FR"},{"@type":"Organization","@id":"https:\/\/www.carideal.com\/blog\/#organization","name":"Carideal","url":"https:\/\/www.carideal.com\/blog\/","logo":{"@type":"ImageObject","inLanguage":"fr-FR","@id":"https:\/\/www.carideal.com\/blog\/#\/schema\/logo\/image\/","url":"http:\/\/www.carideal.com\/blog\/wp-content\/uploads\/2016\/03\/logo-carideal-mandataire-automobile.png","contentUrl":"http:\/\/www.carideal.com\/blog\/wp-content\/uploads\/2016\/03\/logo-carideal-mandataire-automobile.png","width":300,"height":300,"caption":"Carideal"},"image":{"@id":"https:\/\/www.carideal.com\/blog\/#\/schema\/logo\/image\/"},"sameAs":["https:\/\/www.facebook.com\/Carideal.mandataire.automobile","https:\/\/x.com\/caridealauto","https:\/\/www.instagram.com\/carideal1\/","https:\/\/www.linkedin.com\/company\/carideal.com","https:\/\/fr.pinterest.com\/schiavonsas\/","https:\/\/www.youtube.com\/user\/caridealsas"]}]}},"uagb_featured_image_src":{"full":["https:\/\/www.carideal.com\/blog\/wp-content\/uploads\/2017\/12\/achat-voiture-occasion-marseille-e1580575615802.jpg",600,399,false],"thumbnail":["https:\/\/www.carideal.com\/blog\/wp-content\/uploads\/2017\/12\/achat-voiture-occasion-marseille-150x150.jpg",150,150,true],"medium":["https:\/\/www.carideal.com\/blog\/wp-content\/uploads\/2017\/12\/achat-voiture-occasion-marseille-300x200.jpg",300,200,true],"medium_large":["https:\/\/www.carideal.com\/blog\/wp-content\/uploads\/2017\/12\/achat-voiture-occasion-marseille-768x511.jpg",768,511,true],"large":["https:\/\/www.carideal.com\/blog\/wp-content\/uploads\/2017\/12\/achat-voiture-occasion-marseille-e1580575615802.jpg",600,399,false],"1536x1536":["https:\/\/www.carideal.com\/blog\/wp-content\/uploads\/2017\/12\/achat-voiture-occasion-marseille-e1580575615802.jpg",600,399,false],"2048x2048":["https:\/\/www.carideal.com\/blog\/wp-content\/uploads\/2017\/12\/achat-voiture-occasion-marseille-e1580575615802.jpg",600,399,false],"wppr-widget":["https:\/\/www.carideal.com\/blog\/wp-content\/uploads\/2017\/12\/achat-voiture-occasion-marseille-e1580575615802.jpg",50,33,false]},"uagb_author_info":{"display_name":"Nicolas SCHIAVON","author_link":"https:\/\/www.carideal.com\/blog\/author\/nschiavon\/"},"uagb_comment_info":0,"uagb_excerpt":"Contactez Carideal pour trouver votre voiture d'occasion \u00e0 Marseille Chez Carideal, votre mandataire auto,\u00a0nous vous aidons \u00e0 trouver votre voiture d'occasion \u00e0 Marseille, vous pouvez parcourir une large s\u00e9lection de voitures\u00a0d'occasions et\u00a0garanties avec l'aide d'un expert. O\u00f9 acheter une voiture d'occasion Fiable ? Toutes les marques | Peugeot | Citro\u00ebn |Renault | Dacia | Volkswagen\u2026","_links":{"self":[{"href":"https:\/\/www.carideal.com\/blog\/wp-json\/wp\/v2\/pages\/16722"}],"collection":[{"href":"https:\/\/www.carideal.com\/blog\/wp-json\/wp\/v2\/pages"}],"about":[{"href":"https:\/\/www.carideal.com\/blog\/wp-json\/wp\/v2\/types\/page"}],"author":[{"embeddable":true,"href":"https:\/\/www.carideal.com\/blog\/wp-json\/wp\/v2\/users\/3"}],"replies":[{"embeddable":true,"href":"https:\/\/www.carideal.com\/blog\/wp-json\/wp\/v2\/comments?post=16722"}],"version-history":[{"count":0,"href":"https:\/\/www.carideal.com\/blog\/wp-json\/wp\/v2\/pages\/16722\/revisions"}],"up":[{"embeddable":true,"href":"https:\/\/www.carideal.com\/blog\/wp-json\/wp\/v2\/pages\/15469"}],"wp:featuredmedia":[{"embeddable":true,"href":"https:\/\/www.carideal.com\/blog\/wp-json\/wp\/v2\/media\/16723"}],"wp:attachment":[{"href":"https:\/\/www.carideal.com\/blog\/wp-json\/wp\/v2\/media?parent=16722"}],"curies":[{"name":"wp","href":"https:\/\/api.w.org\/{rel}","templated":true}]}}