{"id":16207,"date":"2016-05-17T17:51:27","date_gmt":"2016-05-17T15:51:27","guid":{"rendered":"http:\/\/www.carideal.com\/blog\/?page_id=16207"},"modified":"2020-10-04T17:18:07","modified_gmt":"2020-10-04T15:18:07","slug":"mise-a-jour-gps-citroen-peugeot","status":"publish","type":"page","link":"https:\/\/www.carideal.com\/blog\/garage-automobile\/mise-a-jour-gps-citroen-peugeot\/","title":{"rendered":"Mise \u00e0 jour GPS Peugeot et Citroen"},"content":{"rendered":"<h2>MISE \u00c0 JOUR du GPS de votre\u00a0Peugeot et Citroen<\/h2>\n<p>Votre voiture <a href=\"http:\/\/www.carideal.com\/blog\/marque-de-voiture-actualites-essais\/citroen\/\">Citro\u00ebn<\/a> est \u00e9quip\u00e9e d'un syst\u00e8me de GPS RT4, RT5, MyWay, eMyway ou Navidrive ? Quel que soit son nom, il vous faut une <strong>MISE \u00c0 JOUR DE VOTRE GPS<\/strong>. Les routes ont chang\u00e9, \u00e9volu\u00e9es, les sens de circulations aussi, les sens interdits ont \"pouss\u00e9s\", et votre GPS s'y perd ! Enfin non... Il vous fera perdre du temps s\u2019il n'est pas \u00e0 jour.<\/p>\n<figure id=\"attachment_16208\" aria-describedby=\"caption-attachment-16208\" style=\"width: 690px\" class=\"wp-caption alignnone\"><img loading=\"lazy\" decoding=\"async\" class=\"wp-image-16208 size-full\" src=\"http:\/\/www.carideal.com\/blog\/wp-content\/uploads\/2017\/08\/mise-\u00e0-jour-navigation-GPS-e1580108024706.jpg\" alt=\"Mise \u00e0 jour du GPS de votre Citroen et Peugeot\" width=\"700\" height=\"395\" \/><figcaption id=\"caption-attachment-16208\" class=\"wp-caption-text\">Mise \u00e0 jour du GPS de votre Citroen et Peugeot<\/figcaption><\/figure>\n<p><strong>En fonction de la saison, vous pouvez b\u00e9n\u00e9ficier de remise pour la mise \u00e0 jour de votre GPS chez les constructeurs automobiles et leurs r\u00e9seaux.<\/strong><\/p>\n<p>Une fois la mise \u00e0 Jour du GPS\u00a0achet\u00e9e, le client se connecte sur le site WEB indiqu\u00e9 et d\u00e9clare son achat. Le client recevra son remboursement sous un d\u00e9lai de 6 \u00e0 8 semaines en fonction des promotions \u00e9ventuelles.<\/p>\n<h2>Mise \u00e0 jour GPS\u00a0et cartographie<\/h2>\n<p>Pour faire face aux al\u00e9as des modifications des plans de circulation, ou de nouvelles routes sur le r\u00e9seau routier que vous empruntez et afin de vous proposer une conduite plus s\u00e9curitaire et sereine, Le <a href=\"http:\/\/www.carideal.com\/blog\/garage-automobile\/\">Garage<\/a> <a href=\"http:\/\/www.carideal.com\/blog\/2010\/01\/23\/garage-citroen-schiavon-13-av-de-turin-73000-bassens-chambery\/\">Citro\u00ebn \u00e0 Bassens<\/a>, par exemple\u00a0vous propose de mettre \u00e0 jour le syst\u00e8me de navigation embarqu\u00e9 dans votre voiture. Vous allez pouvoir profiter des derni\u00e8res mise \u00e0 jour des logiciels de navigation, des derni\u00e8res cartes GPS sp\u00e9cialement d\u00e9velopp\u00e9es pour votre <a href=\"http:\/\/www.carideal.com\/blog\/marque-de-voiture-actualites-essais\/citroen\/\">Citro\u00ebn<\/a>\u00a0et votre <a href=\"http:\/\/www.carideal.com\/blog\/marque-de-voiture-actualites-essais\/peugeot\/\">Peugeot<\/a>. Vous pourrez aussi commander des cartes GPS d'autres pays, plus d\u00e9taill\u00e9es comme les pays de l'EST ou nordiques.<\/p>\n<p>En Option, vous pouvez \u00e9galement t\u00e9l\u00e9charger les <strong>mises \u00e0 jour de la base de donn\u00e9es des zones \u00e0 risques<\/strong> en France et en Europe.<\/p>\n<p>Les <a href=\"http:\/\/www.carideal.com\/blog\/2016\/03\/22\/citroen-connect-voiture-connectee\/\">nouvelles tablettes tactiles avec le GPS incorpor\u00e9 le kit main libre Bluetooth et la prise USB<\/a>, disposent aussi de leur mise \u00e0 jour de la cartographie GPS.<\/p>\n<h3>Tableau des nouvelles r\u00e9f\u00e9rences de mise \u00e0 jour Navigation GPS &amp; Cartographie<\/h3>\n<p>Les nouvelles r\u00e9f\u00e9rences des mises \u00e0 jour Navidrive RT3 RT4 MyWay RNEG EMyWay RT6 etc. Ces mises \u00e0 jour sont disponibles sur CD, DVD, carte SD, cl\u00e9 USB.<\/p>\n","protected":false},"excerpt":{"rendered":"<p>MISE \u00c0 JOUR du GPS de votre\u00a0Peugeot et Citroen Votre voiture Citro\u00ebn est \u00e9quip\u00e9e d&rsquo;un syst\u00e8me de GPS RT4, RT5, MyWay, eMyway ou Navidrive ? Quel que soit son nom, il vous faut une MISE \u00c0 JOUR DE VOTRE GPS. Les routes ont chang\u00e9, \u00e9volu\u00e9es, les sens de circulations aussi, les sens interdits ont \u00ab\u00a0pouss\u00e9s\u00a0\u00bb, &#8230; <a title=\"Mise \u00e0 jour GPS Peugeot et Citroen\" class=\"read-more\" href=\"https:\/\/www.carideal.com\/blog\/garage-automobile\/mise-a-jour-gps-citroen-peugeot\/\" aria-label=\"En savoir plus sur Mise \u00e0 jour GPS Peugeot et Citroen\">Lire plus<\/a><\/p>\n","protected":false},"author":3,"featured_media":16208,"parent":13942,"menu_order":0,"comment_status":"closed","ping_status":"closed","template":"","meta":{"_uag_custom_page_level_css":"","_themeisle_gutenberg_block_has_review":false,"footnotes":""},"class_list":["post-16207","page","type-page","status-publish","has-post-thumbnail"],"wppr_data":{"cwp_meta_box_check":"No"},"yoast_head":"<!-- This site is optimized with the Yoast SEO plugin v24.8.1 - https:\/\/yoast.com\/wordpress\/plugins\/seo\/ -->\n<title>Mise \u00e0 jour GPS Peugeot et Citroen - Blog auto Carid\u00e9al<\/title>\n<meta name=\"description\" content=\"Votre Citroen ou Peugeot est \u00e9quip\u00e9e d&#039;un syst\u00e8me GPS RT4 RT5, MyWay, eMyway ou Navidrive ? Quel que soit son nom, il vous faut une MISE \u00c0 JOUR DE VOTRE GPS\" \/>\n<meta name=\"robots\" content=\"index, follow, max-snippet:-1, max-image-preview:large, max-video-preview:-1\" \/>\n<link rel=\"canonical\" href=\"https:\/\/www.carideal.com\/blog\/garage-automobile\/mise-a-jour-gps-citroen-peugeot\/\" \/>\n<meta property=\"og:locale\" content=\"fr_FR\" \/>\n<meta property=\"og:type\" content=\"article\" \/>\n<meta property=\"og:title\" content=\"Mise \u00e0 jour GPS Peugeot et Citroen - Blog auto Carid\u00e9al\" \/>\n<meta property=\"og:description\" content=\"Votre Citroen ou Peugeot est \u00e9quip\u00e9e d&#039;un syst\u00e8me GPS RT4 RT5, MyWay, eMyway ou Navidrive ? Quel que soit son nom, il vous faut une MISE \u00c0 JOUR DE VOTRE GPS\" \/>\n<meta property=\"og:url\" content=\"https:\/\/www.carideal.com\/blog\/garage-automobile\/mise-a-jour-gps-citroen-peugeot\/\" \/>\n<meta property=\"og:site_name\" content=\"Blog auto Carid\u00e9al\" \/>\n<meta property=\"article:publisher\" content=\"https:\/\/www.facebook.com\/Carideal.mandataire.automobile\" \/>\n<meta property=\"article:modified_time\" content=\"2020-10-04T15:18:07+00:00\" \/>\n<meta property=\"og:image\" content=\"https:\/\/www.carideal.com\/blog\/wp-content\/uploads\/2017\/08\/mise-\u00e0-jour-navigation-GPS-e1580108024706.jpg\" \/>\n\t<meta property=\"og:image:width\" content=\"700\" \/>\n\t<meta property=\"og:image:height\" content=\"395\" \/>\n\t<meta property=\"og:image:type\" content=\"image\/jpeg\" \/>\n<meta name=\"twitter:card\" content=\"summary_large_image\" \/>\n<meta name=\"twitter:site\" content=\"@caridealauto\" \/>\n<meta name=\"twitter:label1\" content=\"Dur\u00e9e de lecture estim\u00e9e\" \/>\n\t<meta name=\"twitter:data1\" content=\"2 minutes\" \/>\n<script type=\"application\/ld+json\" class=\"yoast-schema-graph\">{\"@context\":\"https:\/\/schema.org\",\"@graph\":[{\"@type\":\"WebPage\",\"@id\":\"https:\/\/www.carideal.com\/blog\/garage-automobile\/mise-a-jour-gps-citroen-peugeot\/\",\"url\":\"https:\/\/www.carideal.com\/blog\/garage-automobile\/mise-a-jour-gps-citroen-peugeot\/\",\"name\":\"Mise \u00e0 jour GPS Peugeot et Citroen - Blog auto Carid\u00e9al\",\"isPartOf\":{\"@id\":\"https:\/\/www.carideal.com\/blog\/#website\"},\"primaryImageOfPage\":{\"@id\":\"https:\/\/www.carideal.com\/blog\/garage-automobile\/mise-a-jour-gps-citroen-peugeot\/#primaryimage\"},\"image\":{\"@id\":\"https:\/\/www.carideal.com\/blog\/garage-automobile\/mise-a-jour-gps-citroen-peugeot\/#primaryimage\"},\"thumbnailUrl\":\"https:\/\/www.carideal.com\/blog\/wp-content\/uploads\/2017\/08\/mise-\u00e0-jour-navigation-GPS-e1580108024706.jpg\",\"datePublished\":\"2016-05-17T15:51:27+00:00\",\"dateModified\":\"2020-10-04T15:18:07+00:00\",\"description\":\"Votre Citroen ou Peugeot est \u00e9quip\u00e9e d'un syst\u00e8me GPS RT4 RT5, MyWay, eMyway ou Navidrive ? Quel que soit son nom, il vous faut une MISE \u00c0 JOUR DE VOTRE GPS\",\"breadcrumb\":{\"@id\":\"https:\/\/www.carideal.com\/blog\/garage-automobile\/mise-a-jour-gps-citroen-peugeot\/#breadcrumb\"},\"inLanguage\":\"fr-FR\",\"potentialAction\":[{\"@type\":\"ReadAction\",\"target\":[\"https:\/\/www.carideal.com\/blog\/garage-automobile\/mise-a-jour-gps-citroen-peugeot\/\"]}]},{\"@type\":\"ImageObject\",\"inLanguage\":\"fr-FR\",\"@id\":\"https:\/\/www.carideal.com\/blog\/garage-automobile\/mise-a-jour-gps-citroen-peugeot\/#primaryimage\",\"url\":\"https:\/\/www.carideal.com\/blog\/wp-content\/uploads\/2017\/08\/mise-\u00e0-jour-navigation-GPS-e1580108024706.jpg\",\"contentUrl\":\"https:\/\/www.carideal.com\/blog\/wp-content\/uploads\/2017\/08\/mise-\u00e0-jour-navigation-GPS-e1580108024706.jpg\",\"width\":700,\"height\":395,\"caption\":\"Mise \u00e0 jour du GPS de votre Citroen et Peugeot\"},{\"@type\":\"BreadcrumbList\",\"@id\":\"https:\/\/www.carideal.com\/blog\/garage-automobile\/mise-a-jour-gps-citroen-peugeot\/#breadcrumb\",\"itemListElement\":[{\"@type\":\"ListItem\",\"position\":1,\"name\":\"Blog Carid\u00e9al\",\"item\":\"https:\/\/www.carideal.com\/blog\/\"},{\"@type\":\"ListItem\",\"position\":2,\"name\":\"Garage Automobile\",\"item\":\"https:\/\/www.carideal.com\/blog\/garage-automobile\/\"},{\"@type\":\"ListItem\",\"position\":3,\"name\":\"Mise \u00e0 jour GPS Peugeot et Citroen\"}]},{\"@type\":\"WebSite\",\"@id\":\"https:\/\/www.carideal.com\/blog\/#website\",\"url\":\"https:\/\/www.carideal.com\/blog\/\",\"name\":\"Blog auto Carid\u00e9al\",\"description\":\"Actualit\u00e9 auto par des passionn\u00e9s\",\"publisher\":{\"@id\":\"https:\/\/www.carideal.com\/blog\/#organization\"},\"potentialAction\":[{\"@type\":\"SearchAction\",\"target\":{\"@type\":\"EntryPoint\",\"urlTemplate\":\"https:\/\/www.carideal.com\/blog\/?s={search_term_string}\"},\"query-input\":{\"@type\":\"PropertyValueSpecification\",\"valueRequired\":true,\"valueName\":\"search_term_string\"}}],\"inLanguage\":\"fr-FR\"},{\"@type\":\"Organization\",\"@id\":\"https:\/\/www.carideal.com\/blog\/#organization\",\"name\":\"Carideal\",\"url\":\"https:\/\/www.carideal.com\/blog\/\",\"logo\":{\"@type\":\"ImageObject\",\"inLanguage\":\"fr-FR\",\"@id\":\"https:\/\/www.carideal.com\/blog\/#\/schema\/logo\/image\/\",\"url\":\"http:\/\/www.carideal.com\/blog\/wp-content\/uploads\/2016\/03\/logo-carideal-mandataire-automobile.png\",\"contentUrl\":\"http:\/\/www.carideal.com\/blog\/wp-content\/uploads\/2016\/03\/logo-carideal-mandataire-automobile.png\",\"width\":300,\"height\":300,\"caption\":\"Carideal\"},\"image\":{\"@id\":\"https:\/\/www.carideal.com\/blog\/#\/schema\/logo\/image\/\"},\"sameAs\":[\"https:\/\/www.facebook.com\/Carideal.mandataire.automobile\",\"https:\/\/x.com\/caridealauto\",\"https:\/\/www.instagram.com\/carideal1\/\",\"https:\/\/www.linkedin.com\/company\/carideal.com\",\"https:\/\/fr.pinterest.com\/schiavonsas\/\",\"https:\/\/www.youtube.com\/user\/caridealsas\"]}]}<\/script>\n<!-- \/ Yoast SEO plugin. -->","yoast_head_json":{"title":"Mise \u00e0 jour GPS Peugeot et Citroen - Blog auto Carid\u00e9al","description":"Votre Citroen ou Peugeot est \u00e9quip\u00e9e d'un syst\u00e8me GPS RT4 RT5, MyWay, eMyway ou Navidrive ? Quel que soit son nom, il vous faut une MISE \u00c0 JOUR DE VOTRE GPS","robots":{"index":"index","follow":"follow","max-snippet":"max-snippet:-1","max-image-preview":"max-image-preview:large","max-video-preview":"max-video-preview:-1"},"canonical":"https:\/\/www.carideal.com\/blog\/garage-automobile\/mise-a-jour-gps-citroen-peugeot\/","og_locale":"fr_FR","og_type":"article","og_title":"Mise \u00e0 jour GPS Peugeot et Citroen - Blog auto Carid\u00e9al","og_description":"Votre Citroen ou Peugeot est \u00e9quip\u00e9e d'un syst\u00e8me GPS RT4 RT5, MyWay, eMyway ou Navidrive ? Quel que soit son nom, il vous faut une MISE \u00c0 JOUR DE VOTRE GPS","og_url":"https:\/\/www.carideal.com\/blog\/garage-automobile\/mise-a-jour-gps-citroen-peugeot\/","og_site_name":"Blog auto Carid\u00e9al","article_publisher":"https:\/\/www.facebook.com\/Carideal.mandataire.automobile","article_modified_time":"2020-10-04T15:18:07+00:00","og_image":[{"width":700,"height":395,"url":"https:\/\/www.carideal.com\/blog\/wp-content\/uploads\/2017\/08\/mise-\u00e0-jour-navigation-GPS-e1580108024706.jpg","type":"image\/jpeg"}],"twitter_card":"summary_large_image","twitter_site":"@caridealauto","twitter_misc":{"Dur\u00e9e de lecture estim\u00e9e":"2 minutes"},"schema":{"@context":"https:\/\/schema.org","@graph":[{"@type":"WebPage","@id":"https:\/\/www.carideal.com\/blog\/garage-automobile\/mise-a-jour-gps-citroen-peugeot\/","url":"https:\/\/www.carideal.com\/blog\/garage-automobile\/mise-a-jour-gps-citroen-peugeot\/","name":"Mise \u00e0 jour GPS Peugeot et Citroen - Blog auto Carid\u00e9al","isPartOf":{"@id":"https:\/\/www.carideal.com\/blog\/#website"},"primaryImageOfPage":{"@id":"https:\/\/www.carideal.com\/blog\/garage-automobile\/mise-a-jour-gps-citroen-peugeot\/#primaryimage"},"image":{"@id":"https:\/\/www.carideal.com\/blog\/garage-automobile\/mise-a-jour-gps-citroen-peugeot\/#primaryimage"},"thumbnailUrl":"https:\/\/www.carideal.com\/blog\/wp-content\/uploads\/2017\/08\/mise-\u00e0-jour-navigation-GPS-e1580108024706.jpg","datePublished":"2016-05-17T15:51:27+00:00","dateModified":"2020-10-04T15:18:07+00:00","description":"Votre Citroen ou Peugeot est \u00e9quip\u00e9e d'un syst\u00e8me GPS RT4 RT5, MyWay, eMyway ou Navidrive ? Quel que soit son nom, il vous faut une MISE \u00c0 JOUR DE VOTRE GPS","breadcrumb":{"@id":"https:\/\/www.carideal.com\/blog\/garage-automobile\/mise-a-jour-gps-citroen-peugeot\/#breadcrumb"},"inLanguage":"fr-FR","potentialAction":[{"@type":"ReadAction","target":["https:\/\/www.carideal.com\/blog\/garage-automobile\/mise-a-jour-gps-citroen-peugeot\/"]}]},{"@type":"ImageObject","inLanguage":"fr-FR","@id":"https:\/\/www.carideal.com\/blog\/garage-automobile\/mise-a-jour-gps-citroen-peugeot\/#primaryimage","url":"https:\/\/www.carideal.com\/blog\/wp-content\/uploads\/2017\/08\/mise-\u00e0-jour-navigation-GPS-e1580108024706.jpg","contentUrl":"https:\/\/www.carideal.com\/blog\/wp-content\/uploads\/2017\/08\/mise-\u00e0-jour-navigation-GPS-e1580108024706.jpg","width":700,"height":395,"caption":"Mise \u00e0 jour du GPS de votre Citroen et Peugeot"},{"@type":"BreadcrumbList","@id":"https:\/\/www.carideal.com\/blog\/garage-automobile\/mise-a-jour-gps-citroen-peugeot\/#breadcrumb","itemListElement":[{"@type":"ListItem","position":1,"name":"Blog Carid\u00e9al","item":"https:\/\/www.carideal.com\/blog\/"},{"@type":"ListItem","position":2,"name":"Garage Automobile","item":"https:\/\/www.carideal.com\/blog\/garage-automobile\/"},{"@type":"ListItem","position":3,"name":"Mise \u00e0 jour GPS Peugeot et Citroen"}]},{"@type":"WebSite","@id":"https:\/\/www.carideal.com\/blog\/#website","url":"https:\/\/www.carideal.com\/blog\/","name":"Blog auto Carid\u00e9al","description":"Actualit\u00e9 auto par des passionn\u00e9s","publisher":{"@id":"https:\/\/www.carideal.com\/blog\/#organization"},"potentialAction":[{"@type":"SearchAction","target":{"@type":"EntryPoint","urlTemplate":"https:\/\/www.carideal.com\/blog\/?s={search_term_string}"},"query-input":{"@type":"PropertyValueSpecification","valueRequired":true,"valueName":"search_term_string"}}],"inLanguage":"fr-FR"},{"@type":"Organization","@id":"https:\/\/www.carideal.com\/blog\/#organization","name":"Carideal","url":"https:\/\/www.carideal.com\/blog\/","logo":{"@type":"ImageObject","inLanguage":"fr-FR","@id":"https:\/\/www.carideal.com\/blog\/#\/schema\/logo\/image\/","url":"http:\/\/www.carideal.com\/blog\/wp-content\/uploads\/2016\/03\/logo-carideal-mandataire-automobile.png","contentUrl":"http:\/\/www.carideal.com\/blog\/wp-content\/uploads\/2016\/03\/logo-carideal-mandataire-automobile.png","width":300,"height":300,"caption":"Carideal"},"image":{"@id":"https:\/\/www.carideal.com\/blog\/#\/schema\/logo\/image\/"},"sameAs":["https:\/\/www.facebook.com\/Carideal.mandataire.automobile","https:\/\/x.com\/caridealauto","https:\/\/www.instagram.com\/carideal1\/","https:\/\/www.linkedin.com\/company\/carideal.com","https:\/\/fr.pinterest.com\/schiavonsas\/","https:\/\/www.youtube.com\/user\/caridealsas"]}]}},"uagb_featured_image_src":{"full":["https:\/\/www.carideal.com\/blog\/wp-content\/uploads\/2017\/08\/mise-\u00e0-jour-navigation-GPS-e1580108024706.jpg",700,395,false],"thumbnail":["https:\/\/www.carideal.com\/blog\/wp-content\/uploads\/2017\/08\/mise-\u00e0-jour-navigation-GPS-150x150.jpg",150,150,true],"medium":["https:\/\/www.carideal.com\/blog\/wp-content\/uploads\/2017\/08\/mise-\u00e0-jour-navigation-GPS-300x169.jpg",300,169,true],"medium_large":["https:\/\/www.carideal.com\/blog\/wp-content\/uploads\/2017\/08\/mise-\u00e0-jour-navigation-GPS-e1580108024706.jpg",700,395,false],"large":["https:\/\/www.carideal.com\/blog\/wp-content\/uploads\/2017\/08\/mise-\u00e0-jour-navigation-GPS-e1580108024706.jpg",700,395,false],"1536x1536":["https:\/\/www.carideal.com\/blog\/wp-content\/uploads\/2017\/08\/mise-\u00e0-jour-navigation-GPS-e1580108024706.jpg",700,395,false],"2048x2048":["https:\/\/www.carideal.com\/blog\/wp-content\/uploads\/2017\/08\/mise-\u00e0-jour-navigation-GPS-e1580108024706.jpg",700,395,false],"wppr-widget":["https:\/\/www.carideal.com\/blog\/wp-content\/uploads\/2017\/08\/mise-\u00e0-jour-navigation-GPS-e1580108024706.jpg",50,28,false]},"uagb_author_info":{"display_name":"Nicolas SCHIAVON","author_link":"https:\/\/www.carideal.com\/blog\/author\/nschiavon\/"},"uagb_comment_info":0,"uagb_excerpt":"MISE \u00c0 JOUR du GPS de votre\u00a0Peugeot et Citroen Votre voiture Citro\u00ebn est \u00e9quip\u00e9e d'un syst\u00e8me de GPS RT4, RT5, MyWay, eMyway ou Navidrive ? Quel que soit son nom, il vous faut une MISE \u00c0 JOUR DE VOTRE GPS. Les routes ont chang\u00e9, \u00e9volu\u00e9es, les sens de circulations aussi, les sens interdits ont \"pouss\u00e9s\",\u2026","_links":{"self":[{"href":"https:\/\/www.carideal.com\/blog\/wp-json\/wp\/v2\/pages\/16207"}],"collection":[{"href":"https:\/\/www.carideal.com\/blog\/wp-json\/wp\/v2\/pages"}],"about":[{"href":"https:\/\/www.carideal.com\/blog\/wp-json\/wp\/v2\/types\/page"}],"author":[{"embeddable":true,"href":"https:\/\/www.carideal.com\/blog\/wp-json\/wp\/v2\/users\/3"}],"replies":[{"embeddable":true,"href":"https:\/\/www.carideal.com\/blog\/wp-json\/wp\/v2\/comments?post=16207"}],"version-history":[{"count":0,"href":"https:\/\/www.carideal.com\/blog\/wp-json\/wp\/v2\/pages\/16207\/revisions"}],"up":[{"embeddable":true,"href":"https:\/\/www.carideal.com\/blog\/wp-json\/wp\/v2\/pages\/13942"}],"wp:featuredmedia":[{"embeddable":true,"href":"https:\/\/www.carideal.com\/blog\/wp-json\/wp\/v2\/media\/16208"}],"wp:attachment":[{"href":"https:\/\/www.carideal.com\/blog\/wp-json\/wp\/v2\/media?parent=16207"}],"curies":[{"name":"wp","href":"https:\/\/api.w.org\/{rel}","templated":true}]}}