{"id":16156,"date":"2017-08-01T07:08:03","date_gmt":"2017-08-01T05:08:03","guid":{"rendered":"http:\/\/www.carideal.com\/blog\/?page_id=16156"},"modified":"2020-01-26T20:01:38","modified_gmt":"2020-01-26T19:01:38","slug":"traitement-assainissant-climatisation","status":"publish","type":"page","link":"https:\/\/www.carideal.com\/blog\/garage-automobile\/climatisation-automobile\/traitement-assainissant-climatisation\/","title":{"rendered":"Traitement assainissant climatisation 19\u20ac"},"content":{"rendered":"<h2>Traitement assainissant de Climatisation 19 \u20ac au lieu de 24 \u20ac<\/h2>\n<p>Dans le cadre de votre <a href=\"http:\/\/www.carideal.com\/blog\/garage-automobile\/revision-voiture\/\">entretien annuel<\/a>, votre\u00a0<a href=\"http:\/\/www.carideal.com\/blog\/garage-automobile\/\">garage automobile<\/a> doit remplacer votre filtre d\u2019habitacle. En fonction des conditions d'utilisations, il est parfois n\u00e9cessaire de le remplacer plus d'une fois par an, en cas de fortes poussi\u00e8res, ou pollens. Nous vous proposons d\u2019en profiter pour nettoyer le <a href=\"http:\/\/www.carideal.com\/blog\/garage-automobile\/climatisation-automobile\/\">circuit de climatisation<\/a> et chauffage avec un traitement assainissant, afin d\u2019\u00e9viter les allergies et la prolif\u00e9ration de bact\u00e9ries, germes, microbes et ainsi pr\u00e9server votre sant\u00e9 et celle de votre famille. Simplement une fois par an pour 19 \u20ac seulement.<\/p>\n<figure id=\"attachment_16157\" aria-describedby=\"caption-attachment-16157\" style=\"width: 398px\" class=\"wp-caption aligncenter\"><img loading=\"lazy\" decoding=\"async\" class=\"size-full wp-image-16157\" src=\"http:\/\/www.carideal.com\/blog\/wp-content\/uploads\/2017\/08\/traitement-assainissant-climatisation.jpg\" alt=\"Traitement assainissant de climatisation\" width=\"408\" height=\"307\" srcset=\"https:\/\/www.carideal.com\/blog\/wp-content\/uploads\/2017\/08\/traitement-assainissant-climatisation.jpg 408w, https:\/\/www.carideal.com\/blog\/wp-content\/uploads\/2017\/08\/traitement-assainissant-climatisation-300x226.jpg 300w, https:\/\/www.carideal.com\/blog\/wp-content\/uploads\/2017\/08\/traitement-assainissant-climatisation-110x83.jpg 110w, https:\/\/www.carideal.com\/blog\/wp-content\/uploads\/2017\/08\/traitement-assainissant-climatisation-50x38.jpg 50w\" sizes=\"(max-width: 408px) 100vw, 408px\" \/><figcaption id=\"caption-attachment-16157\" class=\"wp-caption-text\">Traitement assainissant de climatisation<\/figcaption><\/figure>\n<h2>Comment fonctionne le Traitement Assainissant de climatisation ?<\/h2>\n<p>C\u2019est en traversant l\u2019\u00e9vaporateur thermique que l\u2019air ext\u00e9rieur est refroidi ou chauff\u00e9 avant d\u2019\u00eatre souffl\u00e9 dans l\u2019habitacle. L\u2019humidit\u00e9, les poussi\u00e8res et l\u2019alternance de chaud et de froid favorisent la prolif\u00e9ration de germes, microbes et bact\u00e9ries responsables d\u2019odeurs d\u00e9sagr\u00e9ables lors de la mise en route de la climatisation ou du chauffage. Ces germes ou bact\u00e9ries, s\u2019ils s'installent dans vos bronches, peuvent-vous cr\u00e9er de fortes bronchites et vous soumettre \u00e0 un traitement antibiotique.<\/p>\n<p><strong><a href=\"http:\/\/www.carideal.com\/blog\/contactez-nous\/\">CONTACTEZ-NOUS<\/a> POUR LE TRAITEMENT ASSAINISSANT CLIMATISATION AU 04 79 33 03 53<\/strong><\/p>\n<p>Les premi\u00e8res chaleurs sont l\u00e0 profitez de notre offre sur la\u00a0<a href=\"http:\/\/www.carideal.com\/blog\/garage-automobile\/forfait-recharge-climatisation\/\">recharge de climatisation \u00e0 59 \u20ac<\/a> au lieu de 89 \u20ac. (gaz R134A) et du Bilan Clim gratuit en plusieurs points de contr\u00f4le qui est propos\u00e9 en m\u00eame temps. Un autre forfait de recharge de climatisation sera propos\u00e9 pour le nouveau <a href=\"http:\/\/www.carideal.com\/blog\/garage-automobile\/climatisation-automobile\/recharge-climatisation-gaz-r1234yf\/\">gaz de Climatisation R1234YF<\/a>.<\/p>\n<p>Le traitement assainissant de climatisation anti-bact\u00e9rien vous est propos\u00e9 pendant cette p\u00e9riode \u00e0 19 \u20ac au lieu de 24 \u20ac.<\/p>\n<p>* Offre non cumulable r\u00e9serv\u00e9e aux particuliers valable du 02\/05\/2016 au 31\/08\/2016. Le traitement assainissant \u00e0 19\u20ac TTC au lieu de 24\u20ac TTC est valable pour toutes les marques de v\u00e9hicule.<\/p>\n","protected":false},"excerpt":{"rendered":"<p>Traitement assainissant de Climatisation 19 \u20ac au lieu de 24 \u20ac Dans le cadre de votre entretien annuel, votre\u00a0garage automobile doit remplacer votre filtre d\u2019habitacle. En fonction des conditions d&rsquo;utilisations, il est parfois n\u00e9cessaire de le remplacer plus d&rsquo;une fois par an, en cas de fortes poussi\u00e8res, ou pollens. Nous vous proposons d\u2019en profiter pour &#8230; <a title=\"Traitement assainissant climatisation 19\u20ac\" class=\"read-more\" href=\"https:\/\/www.carideal.com\/blog\/garage-automobile\/climatisation-automobile\/traitement-assainissant-climatisation\/\" aria-label=\"En savoir plus sur Traitement assainissant climatisation 19\u20ac\">Lire plus<\/a><\/p>\n","protected":false},"author":3,"featured_media":16157,"parent":15780,"menu_order":0,"comment_status":"closed","ping_status":"closed","template":"","meta":{"_uag_custom_page_level_css":"","_themeisle_gutenberg_block_has_review":false,"footnotes":""},"class_list":["post-16156","page","type-page","status-publish","has-post-thumbnail"],"wppr_data":{"cwp_meta_box_check":"No"},"yoast_head":"<!-- This site is optimized with the Yoast SEO plugin v24.8.1 - https:\/\/yoast.com\/wordpress\/plugins\/seo\/ -->\n<title>Traitement assainissant climatisation 19\u20ac - Blog auto Carid\u00e9al<\/title>\n<meta name=\"description\" content=\"Le traitement assainissant de climatisation anti-bact\u00e9rien vous est propos\u00e9 pendant cette p\u00e9riode \u00e0 19 \u20ac au lieu de 24 \u20ac chez votre Garage Carideal\" \/>\n<meta name=\"robots\" content=\"index, follow, max-snippet:-1, max-image-preview:large, max-video-preview:-1\" \/>\n<link rel=\"canonical\" href=\"https:\/\/www.carideal.com\/blog\/garage-automobile\/climatisation-automobile\/traitement-assainissant-climatisation\/\" \/>\n<meta property=\"og:locale\" content=\"fr_FR\" \/>\n<meta property=\"og:type\" content=\"article\" \/>\n<meta property=\"og:title\" content=\"Traitement assainissant climatisation 19\u20ac - Blog auto Carid\u00e9al\" \/>\n<meta property=\"og:description\" content=\"Le traitement assainissant de climatisation anti-bact\u00e9rien vous est propos\u00e9 pendant cette p\u00e9riode \u00e0 19 \u20ac au lieu de 24 \u20ac chez votre Garage Carideal\" \/>\n<meta property=\"og:url\" content=\"https:\/\/www.carideal.com\/blog\/garage-automobile\/climatisation-automobile\/traitement-assainissant-climatisation\/\" \/>\n<meta property=\"og:site_name\" content=\"Blog auto Carid\u00e9al\" \/>\n<meta property=\"article:publisher\" content=\"https:\/\/www.facebook.com\/Carideal.mandataire.automobile\" \/>\n<meta property=\"article:modified_time\" content=\"2020-01-26T19:01:38+00:00\" \/>\n<meta property=\"og:image\" content=\"https:\/\/www.carideal.com\/blog\/wp-content\/uploads\/2017\/08\/traitement-assainissant-climatisation.jpg\" \/>\n\t<meta property=\"og:image:width\" content=\"408\" \/>\n\t<meta property=\"og:image:height\" content=\"307\" \/>\n\t<meta property=\"og:image:type\" content=\"image\/jpeg\" \/>\n<meta name=\"twitter:card\" content=\"summary_large_image\" \/>\n<meta name=\"twitter:site\" content=\"@caridealauto\" \/>\n<meta name=\"twitter:label1\" content=\"Dur\u00e9e de lecture estim\u00e9e\" \/>\n\t<meta name=\"twitter:data1\" content=\"2 minutes\" \/>\n<script type=\"application\/ld+json\" class=\"yoast-schema-graph\">{\"@context\":\"https:\/\/schema.org\",\"@graph\":[{\"@type\":\"WebPage\",\"@id\":\"https:\/\/www.carideal.com\/blog\/garage-automobile\/climatisation-automobile\/traitement-assainissant-climatisation\/\",\"url\":\"https:\/\/www.carideal.com\/blog\/garage-automobile\/climatisation-automobile\/traitement-assainissant-climatisation\/\",\"name\":\"Traitement assainissant climatisation 19\u20ac - Blog auto Carid\u00e9al\",\"isPartOf\":{\"@id\":\"https:\/\/www.carideal.com\/blog\/#website\"},\"primaryImageOfPage\":{\"@id\":\"https:\/\/www.carideal.com\/blog\/garage-automobile\/climatisation-automobile\/traitement-assainissant-climatisation\/#primaryimage\"},\"image\":{\"@id\":\"https:\/\/www.carideal.com\/blog\/garage-automobile\/climatisation-automobile\/traitement-assainissant-climatisation\/#primaryimage\"},\"thumbnailUrl\":\"https:\/\/www.carideal.com\/blog\/wp-content\/uploads\/2017\/08\/traitement-assainissant-climatisation.jpg\",\"datePublished\":\"2017-08-01T05:08:03+00:00\",\"dateModified\":\"2020-01-26T19:01:38+00:00\",\"description\":\"Le traitement assainissant de climatisation anti-bact\u00e9rien vous est propos\u00e9 pendant cette p\u00e9riode \u00e0 19 \u20ac au lieu de 24 \u20ac chez votre Garage Carideal\",\"breadcrumb\":{\"@id\":\"https:\/\/www.carideal.com\/blog\/garage-automobile\/climatisation-automobile\/traitement-assainissant-climatisation\/#breadcrumb\"},\"inLanguage\":\"fr-FR\",\"potentialAction\":[{\"@type\":\"ReadAction\",\"target\":[\"https:\/\/www.carideal.com\/blog\/garage-automobile\/climatisation-automobile\/traitement-assainissant-climatisation\/\"]}]},{\"@type\":\"ImageObject\",\"inLanguage\":\"fr-FR\",\"@id\":\"https:\/\/www.carideal.com\/blog\/garage-automobile\/climatisation-automobile\/traitement-assainissant-climatisation\/#primaryimage\",\"url\":\"https:\/\/www.carideal.com\/blog\/wp-content\/uploads\/2017\/08\/traitement-assainissant-climatisation.jpg\",\"contentUrl\":\"https:\/\/www.carideal.com\/blog\/wp-content\/uploads\/2017\/08\/traitement-assainissant-climatisation.jpg\",\"width\":408,\"height\":307,\"caption\":\"Traitement assainissant de climatisation\"},{\"@type\":\"BreadcrumbList\",\"@id\":\"https:\/\/www.carideal.com\/blog\/garage-automobile\/climatisation-automobile\/traitement-assainissant-climatisation\/#breadcrumb\",\"itemListElement\":[{\"@type\":\"ListItem\",\"position\":1,\"name\":\"Blog Carid\u00e9al\",\"item\":\"https:\/\/www.carideal.com\/blog\/\"},{\"@type\":\"ListItem\",\"position\":2,\"name\":\"Garage Automobile\",\"item\":\"https:\/\/www.carideal.com\/blog\/garage-automobile\/\"},{\"@type\":\"ListItem\",\"position\":3,\"name\":\"Climatisation\",\"item\":\"https:\/\/www.carideal.com\/blog\/garage-automobile\/climatisation-automobile\/\"},{\"@type\":\"ListItem\",\"position\":4,\"name\":\"Traitement assainissant climatisation 19\u20ac\"}]},{\"@type\":\"WebSite\",\"@id\":\"https:\/\/www.carideal.com\/blog\/#website\",\"url\":\"https:\/\/www.carideal.com\/blog\/\",\"name\":\"Blog auto Carid\u00e9al\",\"description\":\"Actualit\u00e9 auto par des passionn\u00e9s\",\"publisher\":{\"@id\":\"https:\/\/www.carideal.com\/blog\/#organization\"},\"potentialAction\":[{\"@type\":\"SearchAction\",\"target\":{\"@type\":\"EntryPoint\",\"urlTemplate\":\"https:\/\/www.carideal.com\/blog\/?s={search_term_string}\"},\"query-input\":{\"@type\":\"PropertyValueSpecification\",\"valueRequired\":true,\"valueName\":\"search_term_string\"}}],\"inLanguage\":\"fr-FR\"},{\"@type\":\"Organization\",\"@id\":\"https:\/\/www.carideal.com\/blog\/#organization\",\"name\":\"Carideal\",\"url\":\"https:\/\/www.carideal.com\/blog\/\",\"logo\":{\"@type\":\"ImageObject\",\"inLanguage\":\"fr-FR\",\"@id\":\"https:\/\/www.carideal.com\/blog\/#\/schema\/logo\/image\/\",\"url\":\"http:\/\/www.carideal.com\/blog\/wp-content\/uploads\/2016\/03\/logo-carideal-mandataire-automobile.png\",\"contentUrl\":\"http:\/\/www.carideal.com\/blog\/wp-content\/uploads\/2016\/03\/logo-carideal-mandataire-automobile.png\",\"width\":300,\"height\":300,\"caption\":\"Carideal\"},\"image\":{\"@id\":\"https:\/\/www.carideal.com\/blog\/#\/schema\/logo\/image\/\"},\"sameAs\":[\"https:\/\/www.facebook.com\/Carideal.mandataire.automobile\",\"https:\/\/x.com\/caridealauto\",\"https:\/\/www.instagram.com\/carideal1\/\",\"https:\/\/www.linkedin.com\/company\/carideal.com\",\"https:\/\/fr.pinterest.com\/schiavonsas\/\",\"https:\/\/www.youtube.com\/user\/caridealsas\"]}]}<\/script>\n<!-- \/ Yoast SEO plugin. -->","yoast_head_json":{"title":"Traitement assainissant climatisation 19\u20ac - Blog auto Carid\u00e9al","description":"Le traitement assainissant de climatisation anti-bact\u00e9rien vous est propos\u00e9 pendant cette p\u00e9riode \u00e0 19 \u20ac au lieu de 24 \u20ac chez votre Garage Carideal","robots":{"index":"index","follow":"follow","max-snippet":"max-snippet:-1","max-image-preview":"max-image-preview:large","max-video-preview":"max-video-preview:-1"},"canonical":"https:\/\/www.carideal.com\/blog\/garage-automobile\/climatisation-automobile\/traitement-assainissant-climatisation\/","og_locale":"fr_FR","og_type":"article","og_title":"Traitement assainissant climatisation 19\u20ac - Blog auto Carid\u00e9al","og_description":"Le traitement assainissant de climatisation anti-bact\u00e9rien vous est propos\u00e9 pendant cette p\u00e9riode \u00e0 19 \u20ac au lieu de 24 \u20ac chez votre Garage Carideal","og_url":"https:\/\/www.carideal.com\/blog\/garage-automobile\/climatisation-automobile\/traitement-assainissant-climatisation\/","og_site_name":"Blog auto Carid\u00e9al","article_publisher":"https:\/\/www.facebook.com\/Carideal.mandataire.automobile","article_modified_time":"2020-01-26T19:01:38+00:00","og_image":[{"width":408,"height":307,"url":"https:\/\/www.carideal.com\/blog\/wp-content\/uploads\/2017\/08\/traitement-assainissant-climatisation.jpg","type":"image\/jpeg"}],"twitter_card":"summary_large_image","twitter_site":"@caridealauto","twitter_misc":{"Dur\u00e9e de lecture estim\u00e9e":"2 minutes"},"schema":{"@context":"https:\/\/schema.org","@graph":[{"@type":"WebPage","@id":"https:\/\/www.carideal.com\/blog\/garage-automobile\/climatisation-automobile\/traitement-assainissant-climatisation\/","url":"https:\/\/www.carideal.com\/blog\/garage-automobile\/climatisation-automobile\/traitement-assainissant-climatisation\/","name":"Traitement assainissant climatisation 19\u20ac - Blog auto Carid\u00e9al","isPartOf":{"@id":"https:\/\/www.carideal.com\/blog\/#website"},"primaryImageOfPage":{"@id":"https:\/\/www.carideal.com\/blog\/garage-automobile\/climatisation-automobile\/traitement-assainissant-climatisation\/#primaryimage"},"image":{"@id":"https:\/\/www.carideal.com\/blog\/garage-automobile\/climatisation-automobile\/traitement-assainissant-climatisation\/#primaryimage"},"thumbnailUrl":"https:\/\/www.carideal.com\/blog\/wp-content\/uploads\/2017\/08\/traitement-assainissant-climatisation.jpg","datePublished":"2017-08-01T05:08:03+00:00","dateModified":"2020-01-26T19:01:38+00:00","description":"Le traitement assainissant de climatisation anti-bact\u00e9rien vous est propos\u00e9 pendant cette p\u00e9riode \u00e0 19 \u20ac au lieu de 24 \u20ac chez votre Garage Carideal","breadcrumb":{"@id":"https:\/\/www.carideal.com\/blog\/garage-automobile\/climatisation-automobile\/traitement-assainissant-climatisation\/#breadcrumb"},"inLanguage":"fr-FR","potentialAction":[{"@type":"ReadAction","target":["https:\/\/www.carideal.com\/blog\/garage-automobile\/climatisation-automobile\/traitement-assainissant-climatisation\/"]}]},{"@type":"ImageObject","inLanguage":"fr-FR","@id":"https:\/\/www.carideal.com\/blog\/garage-automobile\/climatisation-automobile\/traitement-assainissant-climatisation\/#primaryimage","url":"https:\/\/www.carideal.com\/blog\/wp-content\/uploads\/2017\/08\/traitement-assainissant-climatisation.jpg","contentUrl":"https:\/\/www.carideal.com\/blog\/wp-content\/uploads\/2017\/08\/traitement-assainissant-climatisation.jpg","width":408,"height":307,"caption":"Traitement assainissant de climatisation"},{"@type":"BreadcrumbList","@id":"https:\/\/www.carideal.com\/blog\/garage-automobile\/climatisation-automobile\/traitement-assainissant-climatisation\/#breadcrumb","itemListElement":[{"@type":"ListItem","position":1,"name":"Blog Carid\u00e9al","item":"https:\/\/www.carideal.com\/blog\/"},{"@type":"ListItem","position":2,"name":"Garage Automobile","item":"https:\/\/www.carideal.com\/blog\/garage-automobile\/"},{"@type":"ListItem","position":3,"name":"Climatisation","item":"https:\/\/www.carideal.com\/blog\/garage-automobile\/climatisation-automobile\/"},{"@type":"ListItem","position":4,"name":"Traitement assainissant climatisation 19\u20ac"}]},{"@type":"WebSite","@id":"https:\/\/www.carideal.com\/blog\/#website","url":"https:\/\/www.carideal.com\/blog\/","name":"Blog auto Carid\u00e9al","description":"Actualit\u00e9 auto par des passionn\u00e9s","publisher":{"@id":"https:\/\/www.carideal.com\/blog\/#organization"},"potentialAction":[{"@type":"SearchAction","target":{"@type":"EntryPoint","urlTemplate":"https:\/\/www.carideal.com\/blog\/?s={search_term_string}"},"query-input":{"@type":"PropertyValueSpecification","valueRequired":true,"valueName":"search_term_string"}}],"inLanguage":"fr-FR"},{"@type":"Organization","@id":"https:\/\/www.carideal.com\/blog\/#organization","name":"Carideal","url":"https:\/\/www.carideal.com\/blog\/","logo":{"@type":"ImageObject","inLanguage":"fr-FR","@id":"https:\/\/www.carideal.com\/blog\/#\/schema\/logo\/image\/","url":"http:\/\/www.carideal.com\/blog\/wp-content\/uploads\/2016\/03\/logo-carideal-mandataire-automobile.png","contentUrl":"http:\/\/www.carideal.com\/blog\/wp-content\/uploads\/2016\/03\/logo-carideal-mandataire-automobile.png","width":300,"height":300,"caption":"Carideal"},"image":{"@id":"https:\/\/www.carideal.com\/blog\/#\/schema\/logo\/image\/"},"sameAs":["https:\/\/www.facebook.com\/Carideal.mandataire.automobile","https:\/\/x.com\/caridealauto","https:\/\/www.instagram.com\/carideal1\/","https:\/\/www.linkedin.com\/company\/carideal.com","https:\/\/fr.pinterest.com\/schiavonsas\/","https:\/\/www.youtube.com\/user\/caridealsas"]}]}},"uagb_featured_image_src":{"full":["https:\/\/www.carideal.com\/blog\/wp-content\/uploads\/2017\/08\/traitement-assainissant-climatisation.jpg",408,307,false],"thumbnail":["https:\/\/www.carideal.com\/blog\/wp-content\/uploads\/2017\/08\/traitement-assainissant-climatisation-150x150.jpg",150,150,true],"medium":["https:\/\/www.carideal.com\/blog\/wp-content\/uploads\/2017\/08\/traitement-assainissant-climatisation-300x226.jpg",300,226,true],"medium_large":["https:\/\/www.carideal.com\/blog\/wp-content\/uploads\/2017\/08\/traitement-assainissant-climatisation.jpg",408,307,false],"large":["https:\/\/www.carideal.com\/blog\/wp-content\/uploads\/2017\/08\/traitement-assainissant-climatisation.jpg",408,307,false],"1536x1536":["https:\/\/www.carideal.com\/blog\/wp-content\/uploads\/2017\/08\/traitement-assainissant-climatisation.jpg",408,307,false],"2048x2048":["https:\/\/www.carideal.com\/blog\/wp-content\/uploads\/2017\/08\/traitement-assainissant-climatisation.jpg",408,307,false],"wppr-widget":["https:\/\/www.carideal.com\/blog\/wp-content\/uploads\/2017\/08\/traitement-assainissant-climatisation.jpg",50,38,false]},"uagb_author_info":{"display_name":"Nicolas SCHIAVON","author_link":"https:\/\/www.carideal.com\/blog\/author\/nschiavon\/"},"uagb_comment_info":0,"uagb_excerpt":"Traitement assainissant de Climatisation 19 \u20ac au lieu de 24 \u20ac Dans le cadre de votre entretien annuel, votre\u00a0garage automobile doit remplacer votre filtre d\u2019habitacle. En fonction des conditions d'utilisations, il est parfois n\u00e9cessaire de le remplacer plus d'une fois par an, en cas de fortes poussi\u00e8res, ou pollens. Nous vous proposons d\u2019en profiter pour\u2026","_links":{"self":[{"href":"https:\/\/www.carideal.com\/blog\/wp-json\/wp\/v2\/pages\/16156"}],"collection":[{"href":"https:\/\/www.carideal.com\/blog\/wp-json\/wp\/v2\/pages"}],"about":[{"href":"https:\/\/www.carideal.com\/blog\/wp-json\/wp\/v2\/types\/page"}],"author":[{"embeddable":true,"href":"https:\/\/www.carideal.com\/blog\/wp-json\/wp\/v2\/users\/3"}],"replies":[{"embeddable":true,"href":"https:\/\/www.carideal.com\/blog\/wp-json\/wp\/v2\/comments?post=16156"}],"version-history":[{"count":0,"href":"https:\/\/www.carideal.com\/blog\/wp-json\/wp\/v2\/pages\/16156\/revisions"}],"up":[{"embeddable":true,"href":"https:\/\/www.carideal.com\/blog\/wp-json\/wp\/v2\/pages\/15780"}],"wp:featuredmedia":[{"embeddable":true,"href":"https:\/\/www.carideal.com\/blog\/wp-json\/wp\/v2\/media\/16157"}],"wp:attachment":[{"href":"https:\/\/www.carideal.com\/blog\/wp-json\/wp\/v2\/media?parent=16156"}],"curies":[{"name":"wp","href":"https:\/\/api.w.org\/{rel}","templated":true}]}}