{"id":15941,"date":"2017-04-05T17:25:09","date_gmt":"2017-04-05T15:25:09","guid":{"rendered":"http:\/\/www.carideal.com\/blog\/?page_id=15941"},"modified":"2024-01-22T18:23:17","modified_gmt":"2024-01-22T17:23:17","slug":"batterie-voiture","status":"publish","type":"page","link":"https:\/\/www.carideal.com\/blog\/garage-automobile\/batterie-voiture\/","title":{"rendered":"Batterie voiture pas ch\u00e8re, Eurorepar, Bosch"},"content":{"rendered":"\n<h2 class=\"wp-block-heading\"><strong>Une batterie de voiture au meilleur prix pour assurer de bons d\u00e9marrages&nbsp;<\/strong><\/h2>\n\n\n\n<p>La <strong>BATTERIE DE VOTRE VOITURE<\/strong> assure le d\u00e9marrage et le fonctionnement des organes \u00e9lectroniques et \u00e9lectriques de votre v\u00e9hicule mais elle est \u00e9galement un des \u00e9l\u00e9ments du circuit de charge.<\/p>\n\n\n\n<figure class=\"wp-block-image alignnone wp-image-15942 size-full\"><img loading=\"lazy\" decoding=\"async\" width=\"500\" height=\"150\" src=\"http:\/\/www.carideal.com\/blog\/wp-content\/uploads\/2017\/04\/Batterie-voiture.jpg\" alt=\"Batterie voiture\" class=\"wp-image-15942\" srcset=\"https:\/\/www.carideal.com\/blog\/wp-content\/uploads\/2017\/04\/Batterie-voiture.jpg 500w, https:\/\/www.carideal.com\/blog\/wp-content\/uploads\/2017\/04\/Batterie-voiture-300x90.jpg 300w, https:\/\/www.carideal.com\/blog\/wp-content\/uploads\/2017\/04\/Batterie-voiture-110x33.jpg 110w, https:\/\/www.carideal.com\/blog\/wp-content\/uploads\/2017\/04\/Batterie-voiture-420x126.jpg 420w, https:\/\/www.carideal.com\/blog\/wp-content\/uploads\/2017\/04\/Batterie-voiture-50x15.jpg 50w\" sizes=\"(max-width: 500px) 100vw, 500px\" \/><figcaption class=\"wp-element-caption\">Batterie voiture<\/figcaption><\/figure>\n\n\n\n<p><strong>PROMO Sur les Batteries de voiture<\/strong><\/p>\n\n\n\n<h2 class=\"wp-block-heading\"><strong>TOUT COMMENCE PAR LA BATTERIE DE VOTRE VOITURE<\/strong><\/h2>\n\n\n\n<p>La batterie d'une voiture subit une usure naturelle, li\u00e9e au temps et \u00e0 son utilisation. Par ailleurs, les fortes d\u00e9charges, la d\u00e9faillance du circuit \u00e9lectrique ou les temp\u00e9ratures extr\u00eames peuvent cr\u00e9er une usure pr\u00e9matur\u00e9e de la batterie de votre voiture. Il faut tester votre batterie de voiture pour v\u00e9rifier son \u00e9tat.<br><strong>La sophistication \u00e9lectronique croissante des v\u00e9hicules rend les interventions de plus en plus complexes. Les batteries de voiture que nous vendons offrent des qualit\u00e9s optimales et r\u00e9pondent \u00e0 un cahier des charges draconien. Avant de&nbsp;<\/strong><\/p>\n\n\n\n<p><strong><a href=\"http:\/\/www.carideal.com\/blog\/contactez-nous\/\">CONTACTEZ-NOUS<\/a> POUR VOTRE BATTERIE VOITURE AU 04 79 33 03 53<\/strong><\/p>\n\n\n\n<figure class=\"wp-block-image alignnone wp-image-15943 size-full\"><img loading=\"lazy\" decoding=\"async\" width=\"800\" height=\"105\" src=\"http:\/\/www.carideal.com\/blog\/wp-content\/uploads\/2017\/04\/Batterie-voiture-2-e1491404832453.jpg\" alt=\"Batterie voiture pas ch\u00e8re\" class=\"wp-image-15943\"\/><figcaption class=\"wp-element-caption\">Batterie voiture pas ch\u00e8re<\/figcaption><\/figure>\n\n\n\n<h2 class=\"wp-block-heading\">Choisir une batterie de Voiture<\/h2>\n\n\n\n<h3 class=\"wp-block-heading\">Qu'est-ce qu'une Batterie de voiture ?<\/h3>\n\n\n\n<p>En r\u00e9alit\u00e9, le terme batte\u00adrie de voiture est un \"raccourci\". On devrait parler de Batterie d'Accumulateurs.&nbsp;Une \"batterie\" est en effet consti\u00adtu\u00e9e d'une s\u00e9rie d'accumulateurs connect\u00e9s les uns aux autres et regroup\u00e9s dans une m\u00eame boite. Un accumulateur (au plomb) pro\u00adduit une tension de 2.1 Volts. Pour obtenir une batterie de 12 volts, on va associer 6 accumulateurs. A pleine charge, la batterie nous donnera 12,6 volts.<\/p>\n\n\n\n<p>La batterie d'une voiture \u00e9quip\u00e9e du <a href=\"http:\/\/www.carideal.com\/blog\/2012\/12\/06\/stopstart\/\">Stop &amp; Start<\/a> est diff\u00e9rente de celle qui n'en est pas \u00e9quip\u00e9e, consultez votre <a href=\"http:\/\/www.carideal.com\/blog\/garage-automobile\/\">garagiste<\/a>.<\/p>\n\n\n\n<h3 class=\"wp-block-heading\">Les Caract\u00e9ristiques Elec\u00adtriques d'une batterie de voiture :<\/h3>\n\n\n\n<p>Une batterie se caract\u00e9rise par : La Tension, La Capacit\u00e9, Le D\u00e9bit Maximum<br>La Tension (exprim\u00e9e en Volts - V): Repr\u00e9sente la diff\u00e9rence de poten\u00adtiel \u00e9lectrique entre les 2 bornes. En g\u00e9n\u00e9ral les batteries offrent 6 volts, 12 volts ou 24 volts.<br>Par analogie, prenons l'image d'un&nbsp;barrage hydro\u00e9lectrique : cela&nbsp;correspondrait alors \u00e0 la hauteur d'eau. Bien entendu, il faut que la tension de la batterie corresponde \u00e0 la tension pour laquelle votre v\u00e9hicule est con\u00e7u !...<\/p>\n\n\n\n<h3 class=\"wp-block-heading\">La Capacit\u00e9 d'une batterie de voiture (exprim\u00e9e en Amp\u00e8re-heure - Ah) :<\/h3>\n\n\n\n<p>C'est la quantit\u00e9 d'\u00e9nergie que la batterie pourra restituer. Par exemple, prenons une batterie de 40 Ah. Cette batterie pourra d\u00e9bi\u00adter 1 amp\u00e8re pendant 40 heures... ou bien 40 amp\u00e8res pendant 1 heure !<br>Toutes les batteries sont donc ca\u00adract\u00e9ris\u00e9es par ces 3 nombres : Ten\u00adsion - Capacit\u00e9 - D\u00e9bit Max. Notre<strong>&nbsp;<a href=\"http:\/\/www.carideal.com\/blog\/2010\/01\/23\/garage-citroen-schiavon-13-av-de-turin-73000-bassens-chambery\/\">Garage Citroen&nbsp;\u00e0 Chamb\u00e9ry<\/a> saura vous conseiller pour l'achat de la bonne batterie pour votre v\u00e9hicule<\/strong>.<\/p>\n\n\n\n<h3 class=\"wp-block-heading\">Les Dimensions d'une batterie de Voiture :<\/h3>\n\n\n\n<p>Bien entendu, la taille de la bat\u00adterie est fondamentale, car c'est impos\u00e9 par la place pr\u00e9vue \u00e0 cet effet dans votre v\u00e9hicule !... V\u00e9ri\u00adfiez bien les dimensions (L x I x h) avant de commander faute de quoi vous pourriez avoir une batterie trop grande impossible \u00e0 installer.<\/p>\n\n\n\n<h2 class=\"wp-block-heading\">Retrouvez toutes nos offres de Batteries pas ch\u00e8res<\/h2>\n\n\n<ul class=\"lcp_catlist\" id=\"lcp_instance_0\"><li class=\"current\"><a href=\"https:\/\/www.carideal.com\/blog\/garage-automobile\/batterie-voiture\/\">Batterie voiture pas ch\u00e8re, Eurorepar, Bosch<\/a><div class=\"lcp_excerpt\">\nUne batterie de voiture au meilleur prix pour assurer de bons d\u00e9marrages&nbsp;\n\n\nLa BATTERIE DE VOTRE VOITURE assure le d\u00e9marrage et le fonctionnement des organes \u00e9lectroniques et \u00e9lectriques de votre v\u00e9hicule mais elle est \u00e9galement un des \u00e9l\u00e9ments du circuit de charge.\n\n\nBatterie voiture\n\n\nPROMO Sur les Batteries de voiture\n\n\nTOUT COMMENCE PAR LA BATTERIE DE VOTRE VOITURE\n\n\nLa batterie ...<\/div><\/li><li><a href=\"https:\/\/www.carideal.com\/blog\/2015\/11\/04\/des-chercheurs-anglais-mettent-au-point-une-batterie-offrant-600-km-dautonomie\/\">Batterie Lithium Air Oxygene 600 km d autonomie<\/a><div class=\"lcp_excerpt\">Des chercheurs anglais mettent au point une batterie offrant 600 km d&rsquo;autonomie\nDes chercheurs de l\u2019Universit\u00e9 de Cambridge, en Angleterre ont mis au point en laboratoire une batterie lithium air oxyg\u00e8ne qui donnera une autonomie aux voiture \u00e9lectrique de l&rsquo;ordre de 600 km mais c&rsquo;est pas pour tout de suite mais dans 10 ans. l&rsquo;\u00e8re du ...<\/div><\/li><li><a href=\"https:\/\/www.carideal.com\/blog\/2014\/09\/26\/tesla-veut-la-plus-grosse-usine-de-batteries\/\">Tesla veut la plus grosse usine de batteries<\/a><div class=\"lcp_excerpt\">\nTesla veut la plus grosse usine de batteries\n\nTesla veut la plus grosse usine de batteries. Le Fabricant de voitures \u00e9lectriques Tesla veut construire la plus grande usine de production de batteries au monde. Il a annonc\u00e9 vouloir investir 4 \u00e0 5 milliards de Dollars soit l&rsquo;\u00e9quivalent du prix de lancement d&rsquo;un nouveau mod\u00e8le. Elle devrait ...<\/div><\/li><li><a href=\"https:\/\/www.carideal.com\/blog\/2012\/12\/06\/stopstart\/\">Batterie pour voiture \u00e9quip\u00e9e du Stop &#038; Start<\/a><div class=\"lcp_excerpt\">\nBatterie pour voiture \u00e9quip\u00e9e du Stop &amp; Start\n\n\nNombre de conducteurs de v\u00e9hicules \u00e9quip\u00e9s d&rsquo;un syst\u00e8me Stop &amp; Start (micro-hybride) remplacent leur batterie affaiblie pour une conventionnelle. Si la batterie qui \u00e9quipe un mod\u00e8le Stop&amp;Start est \u00e9galement de type plomb-acide, sa conception autorise une recharge beaucoup plus rapide, pour red\u00e9marrer le moteur \u00e0 chaque arr\u00eat, et ...<\/div><\/li><li><a href=\"https:\/\/www.carideal.com\/blog\/2011\/01\/17\/bollore-pose-la-premiere-pierre-de-son-usine-bretonne-de-batterie\/\">Bollore construit son usine de batterie<\/a><div class=\"lcp_excerpt\">Bollore pose la premi\u00e8re pierre de son usine bretonne de batterie\nLe ministre de l&rsquo;industrie Eric Besson a symboliquement pos\u00e9 la premi\u00e8re pierre de sa nouvelle usine bretonne, en pr\u00e9sence de Vincent Bollor\u00e9.\nLe site, bas\u00e9 \u00e0 Ergu\u00e9-Gab\u00e9ric (29), produira 20 000 batteries lithium m\u00e9tal polym\u00e8re par an, qui \u00e9quiperont la Bluecar, mod\u00e8le qui vient d&rsquo;\u00eatre retenu ...<\/div><\/li><li><a href=\"https:\/\/www.carideal.com\/blog\/2025\/04\/03\/comment-nettoyer-une-vanne-egr\/\">Comment Nettoyer une Vanne EGR ?<\/a><div class=\"lcp_excerpt\">\nComment Nettoyer une Vanne EGR Efficacement : Guide Complet\n\n\nLa vanne EGR (Exhaust Gas Recirculation) est un composant essentiel de votre v\u00e9hicule qui contribue significativement \u00e0 la r\u00e9duction des \u00e9missions polluantes. En recyclant une partie des gaz d&rsquo;\u00e9chappement vers la chambre de combustion, elle permet de diminuer la temp\u00e9rature de combustion et ainsi r\u00e9duire la production ...<\/div><\/li><li><a href=\"https:\/\/www.carideal.com\/blog\/renault-5\/\">Renault 5<\/a><div class=\"lcp_excerpt\">\nRenault 5 : L\u2019ic\u00f4ne fran\u00e7aise qui a conquis des millions de conducteurs\n\n\nLa Renault 5 incarne l\u2019une des plus grandes r\u00e9ussites de l\u2019industrie automobile fran\u00e7aise. Lanc\u00e9e en 1972, cette citadine a su s\u00e9duire diff\u00e9rentes g\u00e9n\u00e9rations d\u2019automobilistes gr\u00e2ce \u00e0 son design audacieux, sa polyvalence et son esprit novateur. De la toute premi\u00e8re version \u00e0 la Supercinq, en ...<\/div><\/li><li><a href=\"https:\/\/www.carideal.com\/blog\/2025\/03\/20\/renault-5-evolution-une-version-plus-abordable-mais-a-quel-prix\/\">Renault 5 Evolution : Une Version Plus Abordable, Mais \u00c0 Quel Prix ?<\/a><div class=\"lcp_excerpt\">\nRenault 5 Evolution : Une Version Plus Abordable, Mais \u00c0 Quel Prix ?\n\n\nUne Finition d&rsquo;Entr\u00e9e de Gamme Qui Perd en Attrait\n\n\nLa nouvelle Renault 5 E-Tech \u00c9lectrique se d\u00e9voile sous une version plus accessible avec la finition \u00ab\u00a0Evolution\u00a0\u00bb. Si cette offre permet de rendre la citadine \u00e9lectrique plus abordable, elle entra\u00eene aussi son lot de compromis. ...<\/div><\/li><li><a href=\"https:\/\/www.carideal.com\/blog\/2025\/03\/09\/prix-renault-4-e-tech-decouvrez-les-tarifs-et-versions-du-nouveau-suv-electrique-iconique\/\">PRIX Renault 4 E-Tech : D\u00e9couvrez les tarifs et versions du nouveau SUV \u00e9lectrique iconique<\/a><div class=\"lcp_excerpt\">\nRenault 4 E-Tech : D\u00e9couvrez les tarifs et versions du nouveau SUV \u00e9lectrique iconique\n\n\nEn r\u00e9sum\u00e9 :\n\n\n\nLancement officiel des commandes pour le grand public d\u00e8s le 12 mars 2025.\n\n\nDeux motorisations disponibles : 120 ch (308 km d&rsquo;autonomie) et 150 ch (409 km d&rsquo;autonomie).\n\n\nTrois niveaux de finition : Evolution, Techno, Iconic.\n\n\nTarifs \u00e0 partir de 29 990 \u20ac ...<\/div><\/li><li><a href=\"https:\/\/www.carideal.com\/blog\/2024\/12\/22\/essai-bmw-330e-2024-la-meilleure-voiture-hybride\/\">Essai BMW 330e 2024 : La meilleure voiture hybridE ?<\/a><div class=\"lcp_excerpt\">\nEssai BMW 330e 2024 : La meilleure voiture hybride rechargeable ?\n\n\nLa BMW 330e 2024, version restyl\u00e9e de la berline hybride rechargeable, s\u2019impose une fois encore comme une r\u00e9f\u00e9rence dans le domaine des voitures d\u2019entreprise plug-in hybrid (PHEV). Avec une autonomie \u00e9lectrique accrue et des performances au sommet, elle se positionne comme un choix incontournable pour ...<\/div><\/li><\/ul>\n","protected":false},"excerpt":{"rendered":"<p>Une batterie de voiture au meilleur prix pour assurer de bons d\u00e9marrages&nbsp; La BATTERIE DE VOTRE VOITURE assure le d\u00e9marrage et le fonctionnement des organes \u00e9lectroniques et \u00e9lectriques de votre v\u00e9hicule mais elle est \u00e9galement un des \u00e9l\u00e9ments du circuit de charge. PROMO Sur les Batteries de voiture TOUT COMMENCE PAR LA BATTERIE DE VOTRE &#8230; <a title=\"Batterie voiture pas ch\u00e8re, Eurorepar, Bosch\" class=\"read-more\" href=\"https:\/\/www.carideal.com\/blog\/garage-automobile\/batterie-voiture\/\" aria-label=\"En savoir plus sur Batterie voiture pas ch\u00e8re, Eurorepar, Bosch\">Lire plus<\/a><\/p>\n","protected":false},"author":3,"featured_media":15942,"parent":13942,"menu_order":0,"comment_status":"closed","ping_status":"closed","template":"","meta":{"_uag_custom_page_level_css":"","_themeisle_gutenberg_block_has_review":false,"footnotes":""},"class_list":["post-15941","page","type-page","status-publish","has-post-thumbnail"],"wppr_data":{"cwp_meta_box_check":"No"},"yoast_head":"<!-- This site is optimized with the Yoast SEO plugin v24.8.1 - https:\/\/yoast.com\/wordpress\/plugins\/seo\/ -->\n<title>Batterie voiture pas ch\u00e8re, Eurorepar, Bosch - Blog auto Carid\u00e9al<\/title>\n<meta name=\"description\" content=\"Batterie voiture : elle assure le d\u00e9marrage et le fonctionnement des organes \u00e9lectriques de votre v\u00e9hicule et est un \u00e9l\u00e9ments du circuit de charge\" \/>\n<meta name=\"robots\" content=\"index, follow, max-snippet:-1, max-image-preview:large, max-video-preview:-1\" \/>\n<link rel=\"canonical\" href=\"https:\/\/www.carideal.com\/blog\/garage-automobile\/batterie-voiture\/\" \/>\n<meta property=\"og:locale\" content=\"fr_FR\" \/>\n<meta property=\"og:type\" content=\"article\" \/>\n<meta property=\"og:title\" content=\"Batterie voiture pas ch\u00e8re, Eurorepar, Bosch - Blog auto Carid\u00e9al\" \/>\n<meta property=\"og:description\" content=\"Batterie voiture : elle assure le d\u00e9marrage et le fonctionnement des organes \u00e9lectriques de votre v\u00e9hicule et est un \u00e9l\u00e9ments du circuit de charge\" \/>\n<meta property=\"og:url\" content=\"https:\/\/www.carideal.com\/blog\/garage-automobile\/batterie-voiture\/\" \/>\n<meta property=\"og:site_name\" content=\"Blog auto Carid\u00e9al\" \/>\n<meta property=\"article:publisher\" content=\"https:\/\/www.facebook.com\/Carideal.mandataire.automobile\" \/>\n<meta property=\"article:modified_time\" content=\"2024-01-22T17:23:17+00:00\" \/>\n<meta property=\"og:image\" content=\"https:\/\/www.carideal.com\/blog\/wp-content\/uploads\/2017\/04\/Batterie-voiture.jpg\" \/>\n\t<meta property=\"og:image:width\" content=\"500\" \/>\n\t<meta property=\"og:image:height\" content=\"150\" \/>\n\t<meta property=\"og:image:type\" content=\"image\/jpeg\" \/>\n<meta name=\"twitter:card\" content=\"summary_large_image\" \/>\n<meta name=\"twitter:site\" content=\"@caridealauto\" \/>\n<meta name=\"twitter:label1\" content=\"Dur\u00e9e de lecture estim\u00e9e\" \/>\n\t<meta name=\"twitter:data1\" content=\"4 minutes\" \/>\n<script type=\"application\/ld+json\" class=\"yoast-schema-graph\">{\"@context\":\"https:\/\/schema.org\",\"@graph\":[{\"@type\":\"WebPage\",\"@id\":\"https:\/\/www.carideal.com\/blog\/garage-automobile\/batterie-voiture\/\",\"url\":\"https:\/\/www.carideal.com\/blog\/garage-automobile\/batterie-voiture\/\",\"name\":\"Batterie voiture pas ch\u00e8re, Eurorepar, Bosch - Blog auto Carid\u00e9al\",\"isPartOf\":{\"@id\":\"https:\/\/www.carideal.com\/blog\/#website\"},\"primaryImageOfPage\":{\"@id\":\"https:\/\/www.carideal.com\/blog\/garage-automobile\/batterie-voiture\/#primaryimage\"},\"image\":{\"@id\":\"https:\/\/www.carideal.com\/blog\/garage-automobile\/batterie-voiture\/#primaryimage\"},\"thumbnailUrl\":\"https:\/\/www.carideal.com\/blog\/wp-content\/uploads\/2017\/04\/Batterie-voiture.jpg\",\"datePublished\":\"2017-04-05T15:25:09+00:00\",\"dateModified\":\"2024-01-22T17:23:17+00:00\",\"description\":\"Batterie voiture : elle assure le d\u00e9marrage et le fonctionnement des organes \u00e9lectriques de votre v\u00e9hicule et est un \u00e9l\u00e9ments du circuit de charge\",\"breadcrumb\":{\"@id\":\"https:\/\/www.carideal.com\/blog\/garage-automobile\/batterie-voiture\/#breadcrumb\"},\"inLanguage\":\"fr-FR\",\"potentialAction\":[{\"@type\":\"ReadAction\",\"target\":[\"https:\/\/www.carideal.com\/blog\/garage-automobile\/batterie-voiture\/\"]}]},{\"@type\":\"ImageObject\",\"inLanguage\":\"fr-FR\",\"@id\":\"https:\/\/www.carideal.com\/blog\/garage-automobile\/batterie-voiture\/#primaryimage\",\"url\":\"https:\/\/www.carideal.com\/blog\/wp-content\/uploads\/2017\/04\/Batterie-voiture.jpg\",\"contentUrl\":\"https:\/\/www.carideal.com\/blog\/wp-content\/uploads\/2017\/04\/Batterie-voiture.jpg\",\"width\":\"500\",\"height\":\"150\",\"caption\":\"Batterie voiture\"},{\"@type\":\"BreadcrumbList\",\"@id\":\"https:\/\/www.carideal.com\/blog\/garage-automobile\/batterie-voiture\/#breadcrumb\",\"itemListElement\":[{\"@type\":\"ListItem\",\"position\":1,\"name\":\"Blog Carid\u00e9al\",\"item\":\"https:\/\/www.carideal.com\/blog\/\"},{\"@type\":\"ListItem\",\"position\":2,\"name\":\"Garage Automobile\",\"item\":\"https:\/\/www.carideal.com\/blog\/garage-automobile\/\"},{\"@type\":\"ListItem\",\"position\":3,\"name\":\"Batterie voiture pas ch\u00e8re, Eurorepar, Bosch\"}]},{\"@type\":\"WebSite\",\"@id\":\"https:\/\/www.carideal.com\/blog\/#website\",\"url\":\"https:\/\/www.carideal.com\/blog\/\",\"name\":\"Blog auto Carid\u00e9al\",\"description\":\"Actualit\u00e9 auto par des passionn\u00e9s\",\"publisher\":{\"@id\":\"https:\/\/www.carideal.com\/blog\/#organization\"},\"potentialAction\":[{\"@type\":\"SearchAction\",\"target\":{\"@type\":\"EntryPoint\",\"urlTemplate\":\"https:\/\/www.carideal.com\/blog\/?s={search_term_string}\"},\"query-input\":{\"@type\":\"PropertyValueSpecification\",\"valueRequired\":true,\"valueName\":\"search_term_string\"}}],\"inLanguage\":\"fr-FR\"},{\"@type\":\"Organization\",\"@id\":\"https:\/\/www.carideal.com\/blog\/#organization\",\"name\":\"Carideal\",\"url\":\"https:\/\/www.carideal.com\/blog\/\",\"logo\":{\"@type\":\"ImageObject\",\"inLanguage\":\"fr-FR\",\"@id\":\"https:\/\/www.carideal.com\/blog\/#\/schema\/logo\/image\/\",\"url\":\"http:\/\/www.carideal.com\/blog\/wp-content\/uploads\/2016\/03\/logo-carideal-mandataire-automobile.png\",\"contentUrl\":\"http:\/\/www.carideal.com\/blog\/wp-content\/uploads\/2016\/03\/logo-carideal-mandataire-automobile.png\",\"width\":300,\"height\":300,\"caption\":\"Carideal\"},\"image\":{\"@id\":\"https:\/\/www.carideal.com\/blog\/#\/schema\/logo\/image\/\"},\"sameAs\":[\"https:\/\/www.facebook.com\/Carideal.mandataire.automobile\",\"https:\/\/x.com\/caridealauto\",\"https:\/\/www.instagram.com\/carideal1\/\",\"https:\/\/www.linkedin.com\/company\/carideal.com\",\"https:\/\/fr.pinterest.com\/schiavonsas\/\",\"https:\/\/www.youtube.com\/user\/caridealsas\"]}]}<\/script>\n<!-- \/ Yoast SEO plugin. -->","yoast_head_json":{"title":"Batterie voiture pas ch\u00e8re, Eurorepar, Bosch - Blog auto Carid\u00e9al","description":"Batterie voiture : elle assure le d\u00e9marrage et le fonctionnement des organes \u00e9lectriques de votre v\u00e9hicule et est un \u00e9l\u00e9ments du circuit de charge","robots":{"index":"index","follow":"follow","max-snippet":"max-snippet:-1","max-image-preview":"max-image-preview:large","max-video-preview":"max-video-preview:-1"},"canonical":"https:\/\/www.carideal.com\/blog\/garage-automobile\/batterie-voiture\/","og_locale":"fr_FR","og_type":"article","og_title":"Batterie voiture pas ch\u00e8re, Eurorepar, Bosch - Blog auto Carid\u00e9al","og_description":"Batterie voiture : elle assure le d\u00e9marrage et le fonctionnement des organes \u00e9lectriques de votre v\u00e9hicule et est un \u00e9l\u00e9ments du circuit de charge","og_url":"https:\/\/www.carideal.com\/blog\/garage-automobile\/batterie-voiture\/","og_site_name":"Blog auto Carid\u00e9al","article_publisher":"https:\/\/www.facebook.com\/Carideal.mandataire.automobile","article_modified_time":"2024-01-22T17:23:17+00:00","og_image":[{"width":500,"height":150,"url":"https:\/\/www.carideal.com\/blog\/wp-content\/uploads\/2017\/04\/Batterie-voiture.jpg","type":"image\/jpeg"}],"twitter_card":"summary_large_image","twitter_site":"@caridealauto","twitter_misc":{"Dur\u00e9e de lecture estim\u00e9e":"4 minutes"},"schema":{"@context":"https:\/\/schema.org","@graph":[{"@type":"WebPage","@id":"https:\/\/www.carideal.com\/blog\/garage-automobile\/batterie-voiture\/","url":"https:\/\/www.carideal.com\/blog\/garage-automobile\/batterie-voiture\/","name":"Batterie voiture pas ch\u00e8re, Eurorepar, Bosch - Blog auto Carid\u00e9al","isPartOf":{"@id":"https:\/\/www.carideal.com\/blog\/#website"},"primaryImageOfPage":{"@id":"https:\/\/www.carideal.com\/blog\/garage-automobile\/batterie-voiture\/#primaryimage"},"image":{"@id":"https:\/\/www.carideal.com\/blog\/garage-automobile\/batterie-voiture\/#primaryimage"},"thumbnailUrl":"https:\/\/www.carideal.com\/blog\/wp-content\/uploads\/2017\/04\/Batterie-voiture.jpg","datePublished":"2017-04-05T15:25:09+00:00","dateModified":"2024-01-22T17:23:17+00:00","description":"Batterie voiture : elle assure le d\u00e9marrage et le fonctionnement des organes \u00e9lectriques de votre v\u00e9hicule et est un \u00e9l\u00e9ments du circuit de charge","breadcrumb":{"@id":"https:\/\/www.carideal.com\/blog\/garage-automobile\/batterie-voiture\/#breadcrumb"},"inLanguage":"fr-FR","potentialAction":[{"@type":"ReadAction","target":["https:\/\/www.carideal.com\/blog\/garage-automobile\/batterie-voiture\/"]}]},{"@type":"ImageObject","inLanguage":"fr-FR","@id":"https:\/\/www.carideal.com\/blog\/garage-automobile\/batterie-voiture\/#primaryimage","url":"https:\/\/www.carideal.com\/blog\/wp-content\/uploads\/2017\/04\/Batterie-voiture.jpg","contentUrl":"https:\/\/www.carideal.com\/blog\/wp-content\/uploads\/2017\/04\/Batterie-voiture.jpg","width":"500","height":"150","caption":"Batterie voiture"},{"@type":"BreadcrumbList","@id":"https:\/\/www.carideal.com\/blog\/garage-automobile\/batterie-voiture\/#breadcrumb","itemListElement":[{"@type":"ListItem","position":1,"name":"Blog Carid\u00e9al","item":"https:\/\/www.carideal.com\/blog\/"},{"@type":"ListItem","position":2,"name":"Garage Automobile","item":"https:\/\/www.carideal.com\/blog\/garage-automobile\/"},{"@type":"ListItem","position":3,"name":"Batterie voiture pas ch\u00e8re, Eurorepar, Bosch"}]},{"@type":"WebSite","@id":"https:\/\/www.carideal.com\/blog\/#website","url":"https:\/\/www.carideal.com\/blog\/","name":"Blog auto Carid\u00e9al","description":"Actualit\u00e9 auto par des passionn\u00e9s","publisher":{"@id":"https:\/\/www.carideal.com\/blog\/#organization"},"potentialAction":[{"@type":"SearchAction","target":{"@type":"EntryPoint","urlTemplate":"https:\/\/www.carideal.com\/blog\/?s={search_term_string}"},"query-input":{"@type":"PropertyValueSpecification","valueRequired":true,"valueName":"search_term_string"}}],"inLanguage":"fr-FR"},{"@type":"Organization","@id":"https:\/\/www.carideal.com\/blog\/#organization","name":"Carideal","url":"https:\/\/www.carideal.com\/blog\/","logo":{"@type":"ImageObject","inLanguage":"fr-FR","@id":"https:\/\/www.carideal.com\/blog\/#\/schema\/logo\/image\/","url":"http:\/\/www.carideal.com\/blog\/wp-content\/uploads\/2016\/03\/logo-carideal-mandataire-automobile.png","contentUrl":"http:\/\/www.carideal.com\/blog\/wp-content\/uploads\/2016\/03\/logo-carideal-mandataire-automobile.png","width":300,"height":300,"caption":"Carideal"},"image":{"@id":"https:\/\/www.carideal.com\/blog\/#\/schema\/logo\/image\/"},"sameAs":["https:\/\/www.facebook.com\/Carideal.mandataire.automobile","https:\/\/x.com\/caridealauto","https:\/\/www.instagram.com\/carideal1\/","https:\/\/www.linkedin.com\/company\/carideal.com","https:\/\/fr.pinterest.com\/schiavonsas\/","https:\/\/www.youtube.com\/user\/caridealsas"]}]}},"uagb_featured_image_src":{"full":["https:\/\/www.carideal.com\/blog\/wp-content\/uploads\/2017\/04\/Batterie-voiture.jpg",500,150,false],"thumbnail":["https:\/\/www.carideal.com\/blog\/wp-content\/uploads\/2017\/04\/Batterie-voiture-150x150.jpg",150,150,true],"medium":["https:\/\/www.carideal.com\/blog\/wp-content\/uploads\/2017\/04\/Batterie-voiture-300x90.jpg",300,90,true],"medium_large":["https:\/\/www.carideal.com\/blog\/wp-content\/uploads\/2017\/04\/Batterie-voiture.jpg",500,150,false],"large":["https:\/\/www.carideal.com\/blog\/wp-content\/uploads\/2017\/04\/Batterie-voiture.jpg",500,150,false],"1536x1536":["https:\/\/www.carideal.com\/blog\/wp-content\/uploads\/2017\/04\/Batterie-voiture.jpg",500,150,false],"2048x2048":["https:\/\/www.carideal.com\/blog\/wp-content\/uploads\/2017\/04\/Batterie-voiture.jpg",500,150,false],"wppr-widget":["https:\/\/www.carideal.com\/blog\/wp-content\/uploads\/2017\/04\/Batterie-voiture.jpg",50,15,false]},"uagb_author_info":{"display_name":"Nicolas SCHIAVON","author_link":"https:\/\/www.carideal.com\/blog\/author\/nschiavon\/"},"uagb_comment_info":0,"uagb_excerpt":"Une batterie de voiture au meilleur prix pour assurer de bons d\u00e9marrages&nbsp; La BATTERIE DE VOTRE VOITURE assure le d\u00e9marrage et le fonctionnement des organes \u00e9lectroniques et \u00e9lectriques de votre v\u00e9hicule mais elle est \u00e9galement un des \u00e9l\u00e9ments du circuit de charge. PROMO Sur les Batteries de voiture TOUT COMMENCE PAR LA BATTERIE DE VOTRE\u2026","_links":{"self":[{"href":"https:\/\/www.carideal.com\/blog\/wp-json\/wp\/v2\/pages\/15941"}],"collection":[{"href":"https:\/\/www.carideal.com\/blog\/wp-json\/wp\/v2\/pages"}],"about":[{"href":"https:\/\/www.carideal.com\/blog\/wp-json\/wp\/v2\/types\/page"}],"author":[{"embeddable":true,"href":"https:\/\/www.carideal.com\/blog\/wp-json\/wp\/v2\/users\/3"}],"replies":[{"embeddable":true,"href":"https:\/\/www.carideal.com\/blog\/wp-json\/wp\/v2\/comments?post=15941"}],"version-history":[{"count":0,"href":"https:\/\/www.carideal.com\/blog\/wp-json\/wp\/v2\/pages\/15941\/revisions"}],"up":[{"embeddable":true,"href":"https:\/\/www.carideal.com\/blog\/wp-json\/wp\/v2\/pages\/13942"}],"wp:featuredmedia":[{"embeddable":true,"href":"https:\/\/www.carideal.com\/blog\/wp-json\/wp\/v2\/media\/15942"}],"wp:attachment":[{"href":"https:\/\/www.carideal.com\/blog\/wp-json\/wp\/v2\/media?parent=15941"}],"curies":[{"name":"wp","href":"https:\/\/api.w.org\/{rel}","templated":true}]}}