{"id":15843,"date":"2017-03-29T18:03:29","date_gmt":"2017-03-29T16:03:29","guid":{"rendered":"http:\/\/www.carideal.com\/blog\/?page_id=15843"},"modified":"2020-01-27T21:30:54","modified_gmt":"2020-01-27T20:30:54","slug":"promo-vidange","status":"publish","type":"page","link":"https:\/\/www.carideal.com\/blog\/garage-automobile\/promo-vidange\/","title":{"rendered":"Promo Vidange &#8211; Entretien et r\u00e9vision"},"content":{"rendered":"<h2>Promo Vidange : une Vidange avec TOTAL Activa = 1 Cadeau<\/h2>\n<p>Ce mois-ci la <strong>PROMO VIDANGE<\/strong> est relay\u00e9 en sus par un jeu organis\u00e9 par Total en Partenariat avec <a href=\"http:\/\/www.carideal.com\/blog\/marque-de-voiture-actualites-essais\/citroen\/\">Citro\u00ebn<\/a>.<\/p>\n<p>Nous avons constamment des offres de Promo Vidange. Les offres changent chaque mois.<\/p>\n<figure id=\"attachment_15845\" aria-describedby=\"caption-attachment-15845\" style=\"width: 490px\" class=\"wp-caption alignnone\"><img loading=\"lazy\" decoding=\"async\" class=\"wp-image-15845 size-full\" src=\"http:\/\/www.carideal.com\/blog\/wp-content\/uploads\/2017\/03\/promo-vidange.jpg\" alt=\"Promo Vidange\" width=\"500\" height=\"150\" srcset=\"https:\/\/www.carideal.com\/blog\/wp-content\/uploads\/2017\/03\/promo-vidange.jpg 500w, https:\/\/www.carideal.com\/blog\/wp-content\/uploads\/2017\/03\/promo-vidange-300x90.jpg 300w, https:\/\/www.carideal.com\/blog\/wp-content\/uploads\/2017\/03\/promo-vidange-110x33.jpg 110w, https:\/\/www.carideal.com\/blog\/wp-content\/uploads\/2017\/03\/promo-vidange-420x126.jpg 420w, https:\/\/www.carideal.com\/blog\/wp-content\/uploads\/2017\/03\/promo-vidange-50x15.jpg 50w\" sizes=\"(max-width: 500px) 100vw, 500px\" \/><figcaption id=\"caption-attachment-15845\" class=\"wp-caption-text\">Promo Vidange<\/figcaption><\/figure>\n<p><strong><a href=\"http:\/\/www.carideal.com\/blog\/contactez-nous\/\">CONTACTEZ NOUS<\/a> POUR NOS OFFRES DE PROMO VIDANGE 04 79 33 03 53<\/strong><\/p>\n<p>Il est n\u00e9cessaire de bien faire les vidanges sur votre voiture, avec la bonne huile pr\u00e9conis\u00e9e par le constructeur et suivant ses m\u00e9thodes, vous trouverez ici le\u00a0<a href=\"http:\/\/www.carideal.com\/blog\/garage-automobile\/vidange-voiture\/\">guide de la vidange<\/a>. La vidange est un pr\u00e9ambule \u00e0 une bonne r\u00e9vision de votre voiture, elle fait partie imp\u00e9rativement des pr\u00e9-requis.<\/p>\n<p>Pour cela nous utilisons toujours la meilleure qualit\u00e9 d'huile et de lubrifiant pour nos Promos Vidange et nous changeons syst\u00e9matiquement le filtre \u00e0 huile. Entre deux vidanges, le client devra toujours penser \u00e0 v\u00e9rifier le niveau d'huile moteur, tous les 2000 km environ, ou avant chaque grand parcours.<\/p>\n<p>*Jeu avec obligation d\u2019achat organis\u00e9 par la soci\u00e9t\u00e9 TOTAL LUBRIFIANTS SERVICES AUTOMOBILE - 105 Boulevard de la Mission Marchand \u2013 92411 Courbevoie Cedex - RCS 318 881 307. R\u00e9serv\u00e9 \u00e0 toute personne physique majeure (\u00e0 l\u2019exclusion des professionnels et des garagistes participants) r\u00e9sidant en France M\u00e9tropolitaine. Pour jouer, \u00e0 cette Promo Vidange, il suffit d\u2019effectuer une vidange avec l\u2019une des huiles Total entre 01\/05\/2012 et le 31\/08\/2012 dans l\u2019un des garages participants \u00e0 la Promo vidange, qui remettra \u00e0 cette occasion une carte de jeu \u00e0\u00a0gratter.<\/p>\n<p>Dans la limite des 100 premi\u00e8res vidanges par point de vente. Le r\u00e8glement est d\u00e9pos\u00e9 chez Ma\u00eetre Fradin-Dubois &amp; Bernigaud, huissier de justice \u00e0 LYON 69003 et disponible sur simple demande aupr\u00e8s de votre garagiste ou sur <a href=\"http:\/\/www.total.fr\/\">www.operationvidangetotal.com<\/a> . Conform\u00e9ment \u00e0 la Loi Informatique et Libert\u00e9s du 6 janvier 1978, les\u00a0participants \u00e0 cette promo vidange b\u00e9n\u00e9ficient d\u2019un droit d\u2019acc\u00e8s et de rectification ou de radiation des donn\u00e9es personnelles les concernant, sur demande \u00e9crite \u00e0 l\u2019adresse de la soci\u00e9t\u00e9 organisatrice.<\/p>\n","protected":false},"excerpt":{"rendered":"<p>Promo Vidange : une Vidange avec TOTAL Activa = 1 Cadeau Ce mois-ci la PROMO VIDANGE est relay\u00e9 en sus par un jeu organis\u00e9 par Total en Partenariat avec Citro\u00ebn. Nous avons constamment des offres de Promo Vidange. Les offres changent chaque mois. CONTACTEZ NOUS POUR NOS OFFRES DE PROMO VIDANGE 04 79 33 03 &#8230; <a title=\"Promo Vidange &#8211; Entretien et r\u00e9vision\" class=\"read-more\" href=\"https:\/\/www.carideal.com\/blog\/garage-automobile\/promo-vidange\/\" aria-label=\"En savoir plus sur Promo Vidange &#8211; Entretien et r\u00e9vision\">Lire plus<\/a><\/p>\n","protected":false},"author":3,"featured_media":15845,"parent":13942,"menu_order":0,"comment_status":"closed","ping_status":"closed","template":"","meta":{"_uag_custom_page_level_css":"","_themeisle_gutenberg_block_has_review":false,"footnotes":""},"class_list":["post-15843","page","type-page","status-publish","has-post-thumbnail"],"wppr_data":{"cwp_meta_box_check":"No"},"yoast_head":"<!-- This site is optimized with the Yoast SEO plugin v24.8.1 - https:\/\/yoast.com\/wordpress\/plugins\/seo\/ -->\n<title>Promo Vidange - Entretien et r\u00e9vision - Blog auto Carid\u00e9al<\/title>\n<meta name=\"description\" content=\"Promo Vidange 1 Vidange avec TOTAL Activa : profitez de notre partenariat avec Total et d\u00e9couvrez les offres de Carideal pour la vidange de votre voiture\" \/>\n<meta name=\"robots\" content=\"index, follow, max-snippet:-1, max-image-preview:large, max-video-preview:-1\" \/>\n<link rel=\"canonical\" href=\"https:\/\/www.carideal.com\/blog\/garage-automobile\/promo-vidange\/\" \/>\n<meta property=\"og:locale\" content=\"fr_FR\" \/>\n<meta property=\"og:type\" content=\"article\" \/>\n<meta property=\"og:title\" content=\"Promo Vidange - Entretien et r\u00e9vision - Blog auto Carid\u00e9al\" \/>\n<meta property=\"og:description\" content=\"Promo Vidange 1 Vidange avec TOTAL Activa : profitez de notre partenariat avec Total et d\u00e9couvrez les offres de Carideal pour la vidange de votre voiture\" \/>\n<meta property=\"og:url\" content=\"https:\/\/www.carideal.com\/blog\/garage-automobile\/promo-vidange\/\" \/>\n<meta property=\"og:site_name\" content=\"Blog auto Carid\u00e9al\" \/>\n<meta property=\"article:publisher\" content=\"https:\/\/www.facebook.com\/Carideal.mandataire.automobile\" \/>\n<meta property=\"article:modified_time\" content=\"2020-01-27T20:30:54+00:00\" \/>\n<meta property=\"og:image\" content=\"https:\/\/www.carideal.com\/blog\/wp-content\/uploads\/2017\/03\/promo-vidange.jpg\" \/>\n\t<meta property=\"og:image:width\" content=\"500\" \/>\n\t<meta property=\"og:image:height\" content=\"150\" \/>\n\t<meta property=\"og:image:type\" content=\"image\/jpeg\" \/>\n<meta name=\"twitter:card\" content=\"summary_large_image\" \/>\n<meta name=\"twitter:site\" content=\"@caridealauto\" \/>\n<meta name=\"twitter:label1\" content=\"Dur\u00e9e de lecture estim\u00e9e\" \/>\n\t<meta name=\"twitter:data1\" content=\"2 minutes\" \/>\n<script type=\"application\/ld+json\" class=\"yoast-schema-graph\">{\"@context\":\"https:\/\/schema.org\",\"@graph\":[{\"@type\":\"WebPage\",\"@id\":\"https:\/\/www.carideal.com\/blog\/garage-automobile\/promo-vidange\/\",\"url\":\"https:\/\/www.carideal.com\/blog\/garage-automobile\/promo-vidange\/\",\"name\":\"Promo Vidange - Entretien et r\u00e9vision - Blog auto Carid\u00e9al\",\"isPartOf\":{\"@id\":\"https:\/\/www.carideal.com\/blog\/#website\"},\"primaryImageOfPage\":{\"@id\":\"https:\/\/www.carideal.com\/blog\/garage-automobile\/promo-vidange\/#primaryimage\"},\"image\":{\"@id\":\"https:\/\/www.carideal.com\/blog\/garage-automobile\/promo-vidange\/#primaryimage\"},\"thumbnailUrl\":\"https:\/\/www.carideal.com\/blog\/wp-content\/uploads\/2017\/03\/promo-vidange.jpg\",\"datePublished\":\"2017-03-29T16:03:29+00:00\",\"dateModified\":\"2020-01-27T20:30:54+00:00\",\"description\":\"Promo Vidange 1 Vidange avec TOTAL Activa : profitez de notre partenariat avec Total et d\u00e9couvrez les offres de Carideal pour la vidange de votre voiture\",\"breadcrumb\":{\"@id\":\"https:\/\/www.carideal.com\/blog\/garage-automobile\/promo-vidange\/#breadcrumb\"},\"inLanguage\":\"fr-FR\",\"potentialAction\":[{\"@type\":\"ReadAction\",\"target\":[\"https:\/\/www.carideal.com\/blog\/garage-automobile\/promo-vidange\/\"]}]},{\"@type\":\"ImageObject\",\"inLanguage\":\"fr-FR\",\"@id\":\"https:\/\/www.carideal.com\/blog\/garage-automobile\/promo-vidange\/#primaryimage\",\"url\":\"https:\/\/www.carideal.com\/blog\/wp-content\/uploads\/2017\/03\/promo-vidange.jpg\",\"contentUrl\":\"https:\/\/www.carideal.com\/blog\/wp-content\/uploads\/2017\/03\/promo-vidange.jpg\",\"width\":500,\"height\":150,\"caption\":\"Promo Vidange\"},{\"@type\":\"BreadcrumbList\",\"@id\":\"https:\/\/www.carideal.com\/blog\/garage-automobile\/promo-vidange\/#breadcrumb\",\"itemListElement\":[{\"@type\":\"ListItem\",\"position\":1,\"name\":\"Blog Carid\u00e9al\",\"item\":\"https:\/\/www.carideal.com\/blog\/\"},{\"@type\":\"ListItem\",\"position\":2,\"name\":\"Garage Automobile\",\"item\":\"https:\/\/www.carideal.com\/blog\/garage-automobile\/\"},{\"@type\":\"ListItem\",\"position\":3,\"name\":\"Promo Vidange &#8211; Entretien et r\u00e9vision\"}]},{\"@type\":\"WebSite\",\"@id\":\"https:\/\/www.carideal.com\/blog\/#website\",\"url\":\"https:\/\/www.carideal.com\/blog\/\",\"name\":\"Blog auto Carid\u00e9al\",\"description\":\"Actualit\u00e9 auto par des passionn\u00e9s\",\"publisher\":{\"@id\":\"https:\/\/www.carideal.com\/blog\/#organization\"},\"potentialAction\":[{\"@type\":\"SearchAction\",\"target\":{\"@type\":\"EntryPoint\",\"urlTemplate\":\"https:\/\/www.carideal.com\/blog\/?s={search_term_string}\"},\"query-input\":{\"@type\":\"PropertyValueSpecification\",\"valueRequired\":true,\"valueName\":\"search_term_string\"}}],\"inLanguage\":\"fr-FR\"},{\"@type\":\"Organization\",\"@id\":\"https:\/\/www.carideal.com\/blog\/#organization\",\"name\":\"Carideal\",\"url\":\"https:\/\/www.carideal.com\/blog\/\",\"logo\":{\"@type\":\"ImageObject\",\"inLanguage\":\"fr-FR\",\"@id\":\"https:\/\/www.carideal.com\/blog\/#\/schema\/logo\/image\/\",\"url\":\"http:\/\/www.carideal.com\/blog\/wp-content\/uploads\/2016\/03\/logo-carideal-mandataire-automobile.png\",\"contentUrl\":\"http:\/\/www.carideal.com\/blog\/wp-content\/uploads\/2016\/03\/logo-carideal-mandataire-automobile.png\",\"width\":300,\"height\":300,\"caption\":\"Carideal\"},\"image\":{\"@id\":\"https:\/\/www.carideal.com\/blog\/#\/schema\/logo\/image\/\"},\"sameAs\":[\"https:\/\/www.facebook.com\/Carideal.mandataire.automobile\",\"https:\/\/x.com\/caridealauto\",\"https:\/\/www.instagram.com\/carideal1\/\",\"https:\/\/www.linkedin.com\/company\/carideal.com\",\"https:\/\/fr.pinterest.com\/schiavonsas\/\",\"https:\/\/www.youtube.com\/user\/caridealsas\"]}]}<\/script>\n<!-- \/ Yoast SEO plugin. -->","yoast_head_json":{"title":"Promo Vidange - Entretien et r\u00e9vision - Blog auto Carid\u00e9al","description":"Promo Vidange 1 Vidange avec TOTAL Activa : profitez de notre partenariat avec Total et d\u00e9couvrez les offres de Carideal pour la vidange de votre voiture","robots":{"index":"index","follow":"follow","max-snippet":"max-snippet:-1","max-image-preview":"max-image-preview:large","max-video-preview":"max-video-preview:-1"},"canonical":"https:\/\/www.carideal.com\/blog\/garage-automobile\/promo-vidange\/","og_locale":"fr_FR","og_type":"article","og_title":"Promo Vidange - Entretien et r\u00e9vision - Blog auto Carid\u00e9al","og_description":"Promo Vidange 1 Vidange avec TOTAL Activa : profitez de notre partenariat avec Total et d\u00e9couvrez les offres de Carideal pour la vidange de votre voiture","og_url":"https:\/\/www.carideal.com\/blog\/garage-automobile\/promo-vidange\/","og_site_name":"Blog auto Carid\u00e9al","article_publisher":"https:\/\/www.facebook.com\/Carideal.mandataire.automobile","article_modified_time":"2020-01-27T20:30:54+00:00","og_image":[{"width":500,"height":150,"url":"https:\/\/www.carideal.com\/blog\/wp-content\/uploads\/2017\/03\/promo-vidange.jpg","type":"image\/jpeg"}],"twitter_card":"summary_large_image","twitter_site":"@caridealauto","twitter_misc":{"Dur\u00e9e de lecture estim\u00e9e":"2 minutes"},"schema":{"@context":"https:\/\/schema.org","@graph":[{"@type":"WebPage","@id":"https:\/\/www.carideal.com\/blog\/garage-automobile\/promo-vidange\/","url":"https:\/\/www.carideal.com\/blog\/garage-automobile\/promo-vidange\/","name":"Promo Vidange - Entretien et r\u00e9vision - Blog auto Carid\u00e9al","isPartOf":{"@id":"https:\/\/www.carideal.com\/blog\/#website"},"primaryImageOfPage":{"@id":"https:\/\/www.carideal.com\/blog\/garage-automobile\/promo-vidange\/#primaryimage"},"image":{"@id":"https:\/\/www.carideal.com\/blog\/garage-automobile\/promo-vidange\/#primaryimage"},"thumbnailUrl":"https:\/\/www.carideal.com\/blog\/wp-content\/uploads\/2017\/03\/promo-vidange.jpg","datePublished":"2017-03-29T16:03:29+00:00","dateModified":"2020-01-27T20:30:54+00:00","description":"Promo Vidange 1 Vidange avec TOTAL Activa : profitez de notre partenariat avec Total et d\u00e9couvrez les offres de Carideal pour la vidange de votre voiture","breadcrumb":{"@id":"https:\/\/www.carideal.com\/blog\/garage-automobile\/promo-vidange\/#breadcrumb"},"inLanguage":"fr-FR","potentialAction":[{"@type":"ReadAction","target":["https:\/\/www.carideal.com\/blog\/garage-automobile\/promo-vidange\/"]}]},{"@type":"ImageObject","inLanguage":"fr-FR","@id":"https:\/\/www.carideal.com\/blog\/garage-automobile\/promo-vidange\/#primaryimage","url":"https:\/\/www.carideal.com\/blog\/wp-content\/uploads\/2017\/03\/promo-vidange.jpg","contentUrl":"https:\/\/www.carideal.com\/blog\/wp-content\/uploads\/2017\/03\/promo-vidange.jpg","width":500,"height":150,"caption":"Promo Vidange"},{"@type":"BreadcrumbList","@id":"https:\/\/www.carideal.com\/blog\/garage-automobile\/promo-vidange\/#breadcrumb","itemListElement":[{"@type":"ListItem","position":1,"name":"Blog Carid\u00e9al","item":"https:\/\/www.carideal.com\/blog\/"},{"@type":"ListItem","position":2,"name":"Garage Automobile","item":"https:\/\/www.carideal.com\/blog\/garage-automobile\/"},{"@type":"ListItem","position":3,"name":"Promo Vidange &#8211; Entretien et r\u00e9vision"}]},{"@type":"WebSite","@id":"https:\/\/www.carideal.com\/blog\/#website","url":"https:\/\/www.carideal.com\/blog\/","name":"Blog auto Carid\u00e9al","description":"Actualit\u00e9 auto par des passionn\u00e9s","publisher":{"@id":"https:\/\/www.carideal.com\/blog\/#organization"},"potentialAction":[{"@type":"SearchAction","target":{"@type":"EntryPoint","urlTemplate":"https:\/\/www.carideal.com\/blog\/?s={search_term_string}"},"query-input":{"@type":"PropertyValueSpecification","valueRequired":true,"valueName":"search_term_string"}}],"inLanguage":"fr-FR"},{"@type":"Organization","@id":"https:\/\/www.carideal.com\/blog\/#organization","name":"Carideal","url":"https:\/\/www.carideal.com\/blog\/","logo":{"@type":"ImageObject","inLanguage":"fr-FR","@id":"https:\/\/www.carideal.com\/blog\/#\/schema\/logo\/image\/","url":"http:\/\/www.carideal.com\/blog\/wp-content\/uploads\/2016\/03\/logo-carideal-mandataire-automobile.png","contentUrl":"http:\/\/www.carideal.com\/blog\/wp-content\/uploads\/2016\/03\/logo-carideal-mandataire-automobile.png","width":300,"height":300,"caption":"Carideal"},"image":{"@id":"https:\/\/www.carideal.com\/blog\/#\/schema\/logo\/image\/"},"sameAs":["https:\/\/www.facebook.com\/Carideal.mandataire.automobile","https:\/\/x.com\/caridealauto","https:\/\/www.instagram.com\/carideal1\/","https:\/\/www.linkedin.com\/company\/carideal.com","https:\/\/fr.pinterest.com\/schiavonsas\/","https:\/\/www.youtube.com\/user\/caridealsas"]}]}},"uagb_featured_image_src":{"full":["https:\/\/www.carideal.com\/blog\/wp-content\/uploads\/2017\/03\/promo-vidange.jpg",500,150,false],"thumbnail":["https:\/\/www.carideal.com\/blog\/wp-content\/uploads\/2017\/03\/promo-vidange-150x150.jpg",150,150,true],"medium":["https:\/\/www.carideal.com\/blog\/wp-content\/uploads\/2017\/03\/promo-vidange-300x90.jpg",300,90,true],"medium_large":["https:\/\/www.carideal.com\/blog\/wp-content\/uploads\/2017\/03\/promo-vidange.jpg",500,150,false],"large":["https:\/\/www.carideal.com\/blog\/wp-content\/uploads\/2017\/03\/promo-vidange.jpg",500,150,false],"1536x1536":["https:\/\/www.carideal.com\/blog\/wp-content\/uploads\/2017\/03\/promo-vidange.jpg",500,150,false],"2048x2048":["https:\/\/www.carideal.com\/blog\/wp-content\/uploads\/2017\/03\/promo-vidange.jpg",500,150,false],"wppr-widget":["https:\/\/www.carideal.com\/blog\/wp-content\/uploads\/2017\/03\/promo-vidange.jpg",50,15,false]},"uagb_author_info":{"display_name":"Nicolas SCHIAVON","author_link":"https:\/\/www.carideal.com\/blog\/author\/nschiavon\/"},"uagb_comment_info":0,"uagb_excerpt":"Promo Vidange : une Vidange avec TOTAL Activa = 1 Cadeau Ce mois-ci la PROMO VIDANGE est relay\u00e9 en sus par un jeu organis\u00e9 par Total en Partenariat avec Citro\u00ebn. Nous avons constamment des offres de Promo Vidange. Les offres changent chaque mois. CONTACTEZ NOUS POUR NOS OFFRES DE PROMO VIDANGE 04 79 33 03\u2026","_links":{"self":[{"href":"https:\/\/www.carideal.com\/blog\/wp-json\/wp\/v2\/pages\/15843"}],"collection":[{"href":"https:\/\/www.carideal.com\/blog\/wp-json\/wp\/v2\/pages"}],"about":[{"href":"https:\/\/www.carideal.com\/blog\/wp-json\/wp\/v2\/types\/page"}],"author":[{"embeddable":true,"href":"https:\/\/www.carideal.com\/blog\/wp-json\/wp\/v2\/users\/3"}],"replies":[{"embeddable":true,"href":"https:\/\/www.carideal.com\/blog\/wp-json\/wp\/v2\/comments?post=15843"}],"version-history":[{"count":0,"href":"https:\/\/www.carideal.com\/blog\/wp-json\/wp\/v2\/pages\/15843\/revisions"}],"up":[{"embeddable":true,"href":"https:\/\/www.carideal.com\/blog\/wp-json\/wp\/v2\/pages\/13942"}],"wp:featuredmedia":[{"embeddable":true,"href":"https:\/\/www.carideal.com\/blog\/wp-json\/wp\/v2\/media\/15845"}],"wp:attachment":[{"href":"https:\/\/www.carideal.com\/blog\/wp-json\/wp\/v2\/media?parent=15843"}],"curies":[{"name":"wp","href":"https:\/\/api.w.org\/{rel}","templated":true}]}}