{"id":15550,"date":"2017-03-04T18:23:59","date_gmt":"2017-03-04T17:23:59","guid":{"rendered":"http:\/\/www.carideal.com\/blog\/?page_id=15550"},"modified":"2020-02-03T14:23:42","modified_gmt":"2020-02-03T13:23:42","slug":"voitures-occasions-rhone","status":"publish","type":"page","link":"https:\/\/www.carideal.com\/blog\/voitures-occasions\/voitures-occasions-rhone\/","title":{"rendered":"Voiture occasion Rh\u00f4ne &#8211; annonces auto"},"content":{"rendered":"<h2>Voitures d'occasions dans le Rh\u00f4ne<\/h2>\n<p><strong>Voiture d'occasion dans le Rh\u00f4ne<\/strong>. Le Rh\u00f4ne est un d\u00e9partement fran\u00e7ais situ\u00e9 dans la r\u00e9gion Centre Est de l'Auvergne-Rh\u00f4ne-Alpes. Il porte le nom du fleuve Rh\u00f4ne.<\/p>\n<p><a href=\"http:\/\/www.carideal.com\/blog\/marque-de-voiture-actualites-essais\/\">Toutes les marques<\/a>\u00a0|\u00a0<a href=\"http:\/\/www.carideal.com\/blog\/marque-de-voiture-actualites-essais\/peugeot\/\">Peugeot<\/a>\u00a0|\u00a0<a href=\"http:\/\/www.carideal.com\/blog\/marque-de-voiture-actualites-essais\/renault\/\">Renault<\/a>\u00a0|\u00a0<a href=\"http:\/\/www.carideal.com\/blog\/marque-de-voiture-actualites-essais\/citroen\/\">Citro\u00ebn<\/a>\u00a0|\u00a0<a href=\"http:\/\/www.carideal.com\/blog\/marque-de-voiture-actualites-essais\/dacia\/\">Dacia<\/a>\u00a0|\u00a0<a href=\"http:\/\/www.carideal.com\/blog\/marque-de-voiture-actualites-essais\/volkswagen\/\">Volkswagen<\/a>\u00a0|\u00a0<a href=\"http:\/\/www.carideal.com\/blog\/marque-de-voiture-actualites-essais\/kia\/\">Kia<\/a>\u00a0|\u00a0<a href=\"http:\/\/www.carideal.com\/blog\/marque-de-voiture-actualites-essais\/land-rover\/\">Land Rover<\/a> | Mandataire auto<\/p>\n<figure id=\"attachment_15552\" aria-describedby=\"caption-attachment-15552\" style=\"width: 207px\" class=\"wp-caption alignleft\"><img loading=\"lazy\" decoding=\"async\" class=\"size-full wp-image-15552\" src=\"http:\/\/www.carideal.com\/blog\/wp-content\/uploads\/2017\/03\/voitures-occasions-a-vendre-rhone-1-e1488647283121.jpg\" alt=\"Voitures d'occasions Rh\u00f4neRh\u00f4ne\" width=\"217\" height=\"300\" \/><figcaption id=\"caption-attachment-15552\" class=\"wp-caption-text\">Voitures d'occasions Rh\u00f4ne<\/figcaption><\/figure>\n<p>Le d\u00e9partement du Rh\u00f4ne a \u00e9t\u00e9 cr\u00e9\u00e9 le 12 ao\u00fbt 1793 lorsque l'ancien d\u00e9partement de Rh\u00f4ne-et-Loire est scind\u00e9 en deux d\u00e9partements : le Rh\u00f4ne et la Loire.<\/p>\n<p>Le Rh\u00f4ne est un des plus gros d\u00e9partement en ce qui concerne les ventes de voitures d'occasions, c'est un des d\u00e9partements o\u00f9 il s'\u00e9change le plus de voitures.<\/p>\n<h2>Annonces Auto Rh\u00f4ne<\/h2>\n<p><a href=\"http:\/\/www.carideal.com\/blog\/voitures-occasions\/lyon\/\">Trouvez votre voiture d'occasion \u00e0 Lyon<\/a> dans le Rh\u00f4ne.<\/p>\n<p>\u00c0 l'origine, la fronti\u00e8re orientale du Rh\u00f4ne \u00e9tait la ville de Lyon elle-m\u00eame, de sorte que les communes imm\u00e9diatement \u00e0 l'est de Lyon appartenaient au d\u00e9partement voisin. Avec la croissance de Lyon et le renversement de la zone urbaine dans les communes de Lyon, comme Villeurbanne, les limites du d\u00e9partement ont \u00e9t\u00e9 jug\u00e9es impraticables car ils ont quitt\u00e9 la banlieue de Lyon en dehors du Rh\u00f4ne. Ainsi, le Rh\u00f4ne a \u00e9t\u00e9 agrandi plusieurs fois pour y incorporer la banlieue de Lyon du d\u00e9partement voisin :<\/p>\n<p>En 1852, quatre communes d'Is\u00e8re furent incorpor\u00e9es au Rh\u00f4ne.<br \/>\nEn 1967, 23 communes de l'Is\u00e8re et six communes de l'Ain ont \u00e9t\u00e9 incorpor\u00e9es au Rh\u00f4ne.<br \/>\nEn 1971, une commune de l'Is\u00e8re fut incorpor\u00e9e au Rh\u00f4ne.<br \/>\nAvec ces agrandissements, la superficie du d\u00e9partement du Rh\u00f4ne est pass\u00e9e de 2 791 km\u00b2 \u00e0 3,249 km\u00b2 (16,4% de plus). Au recensement de 1999, le d\u00e9partement du Rh\u00f4ne original n'aurait eu que 1 071 288 habitants, ce qui signifie que la population des territoires ajout\u00e9s au cours des deux derniers si\u00e8cles \u00e9tait de 507 581 habitants en 1999.<\/p>\n<p>En 2015, la m\u00e9tropole de Lyon a \u00e9t\u00e9 s\u00e9par\u00e9e du d\u00e9partement du Rh\u00f4ne. Lyon, bien que ne faisant plus partie du d\u00e9partement, reste son centre administratif.<\/p>\n<p>Les rivi\u00e8res comprennent le Rh\u00f4ne et la Sa\u00f4ne (qui rejoint le Rh\u00f4ne \u00e0 Lyon). Les d\u00e9partements voisins sont l'Ain, l'<a href=\"http:\/\/www.carideal.com\/blog\/voitures-occasions\/voiture-occasion-isere\/\">Is\u00e8re<\/a>, la Loire et la Sa\u00f4ne-et-Loire.<\/p>\n<p>Avant que la m\u00e9tropole de Lyon soit s\u00e9par\u00e9e du d\u00e9partement, plus de 75% de sa population vit dans la r\u00e9gion m\u00e9tropolitaine de Lyon, qui comprend toutes les grandes villes du d\u00e9partement du Rh\u00f4ne, \u00e0 l'exception de Villefranche-sur-Sa\u00f4ne.<\/p>\n<h2>Nous pouvons vous aider \u00e0 trouver votre voiture d\u2019occasion\u00a0dans le Rh\u00f4ne<\/h2>\n<p>[contact-form to='nicolas@carideal.com' subject='Recherche de voiture d%26#039;occasion Rh\u00f4ne'][contact-field label='Nom' type='name' required='1'\/][contact-field label='E-mail' type='email' required='1'\/][contact-field label='T\u00e9l\u00e9phone' type='text' required='1'\/][contact-field label='Quelle voiture d%26#039;occasion recherchez vous ?' type='textarea' required='1'\/][\/contact-form]<\/p>\n<p><strong>ou t\u00e9l\u00e9phonez-nous au\u00a004 79 33 83 95<\/strong><\/p>\n<p>Toutes nos voitures d'occasions pour le Rh\u00f4ne sont r\u00e9vis\u00e9es suivant plus de 100 points de contr\u00f4les et garantie pi\u00e8ces et main d'oeuvre. Certaines voitures d'occasions sont encore sous garantie constructeur et sont donc \u00e9ligible \u00e0 une e<a href=\"http:\/\/www.carideal.com\/content\/7-extension-garantie\">xtension de garantie jusque 5 ans<\/a>.<\/p>\n<h2>D'autres villes dans le Rh\u00f4ne ou nous pouvons vous livrer votre voiture d'occasion<\/h2>\n<p><a href=\"http:\/\/www.carideal.com\/blog\/voitures-occasions\/lyon\/\">Lyon<\/a> : Vous pouvez choisir de vous faire livrer votre voiture d'occasion sur notre point de Livraison de <a href=\"http:\/\/www.carideal.com\/content\/10-mandataire-auto-lyon-agence\">Mornant<\/a>, qui dessert tout le d\u00e9partement du Rh\u00f4ne. Si vous \u00eates plus \u00e9loign\u00e9, sachez que notre <a href=\"http:\/\/www.carideal.com\/content\/9-carideal-livraison-partout-en-france\">service de livraison \u00e0 domicile<\/a> peut vous livrer partout en France.<br \/>\nVilleurbanne:<br \/>\nV\u00e9nissieux:<br \/>\nVaulx-en-Velin:<br \/>\nSaint-Priest:<br \/>\nCaluire-et-Cuire:<br \/>\nBron:<br \/>\nVillefranche-sur-Sa\u00f4ne:<\/p>\n","protected":false},"excerpt":{"rendered":"<p>Voitures d&rsquo;occasions dans le Rh\u00f4ne Voiture d&rsquo;occasion dans le Rh\u00f4ne. Le Rh\u00f4ne est un d\u00e9partement fran\u00e7ais situ\u00e9 dans la r\u00e9gion Centre Est de l&rsquo;Auvergne-Rh\u00f4ne-Alpes. Il porte le nom du fleuve Rh\u00f4ne. Toutes les marques\u00a0|\u00a0Peugeot\u00a0|\u00a0Renault\u00a0|\u00a0Citro\u00ebn\u00a0|\u00a0Dacia\u00a0|\u00a0Volkswagen\u00a0|\u00a0Kia\u00a0|\u00a0Land Rover | Mandataire auto Le d\u00e9partement du Rh\u00f4ne a \u00e9t\u00e9 cr\u00e9\u00e9 le 12 ao\u00fbt 1793 lorsque l&rsquo;ancien d\u00e9partement de Rh\u00f4ne-et-Loire est &#8230; <a title=\"Voiture occasion Rh\u00f4ne &#8211; annonces auto\" class=\"read-more\" href=\"https:\/\/www.carideal.com\/blog\/voitures-occasions\/voitures-occasions-rhone\/\" aria-label=\"En savoir plus sur Voiture occasion Rh\u00f4ne &#8211; annonces auto\">Lire plus<\/a><\/p>\n","protected":false},"author":3,"featured_media":15552,"parent":15469,"menu_order":0,"comment_status":"closed","ping_status":"closed","template":"","meta":{"_uag_custom_page_level_css":"","_themeisle_gutenberg_block_has_review":false,"footnotes":""},"class_list":["post-15550","page","type-page","status-publish","has-post-thumbnail"],"wppr_data":{"cwp_meta_box_check":"No"},"yoast_head":"<!-- This site is optimized with the Yoast SEO plugin v24.8.1 - https:\/\/yoast.com\/wordpress\/plugins\/seo\/ -->\n<title>Voiture occasion Rh\u00f4ne - annonces auto - Blog auto Carid\u00e9al<\/title>\n<meta name=\"description\" content=\"Nos conseillers vous aident \u00e0 trouver votre voitures d&#039;occasions dans le Rh\u00f4ne. Nous offrons des financements automobiles et livrons votre voiture chez vous\" \/>\n<meta name=\"robots\" content=\"index, follow, max-snippet:-1, max-image-preview:large, max-video-preview:-1\" \/>\n<link rel=\"canonical\" href=\"https:\/\/www.carideal.com\/blog\/voitures-occasions\/voitures-occasions-rhone\/\" \/>\n<meta property=\"og:locale\" content=\"fr_FR\" \/>\n<meta property=\"og:type\" content=\"article\" \/>\n<meta property=\"og:title\" content=\"Voiture occasion Rh\u00f4ne - annonces auto - Blog auto Carid\u00e9al\" \/>\n<meta property=\"og:description\" content=\"Nos conseillers vous aident \u00e0 trouver votre voitures d&#039;occasions dans le Rh\u00f4ne. Nous offrons des financements automobiles et livrons votre voiture chez vous\" \/>\n<meta property=\"og:url\" content=\"https:\/\/www.carideal.com\/blog\/voitures-occasions\/voitures-occasions-rhone\/\" \/>\n<meta property=\"og:site_name\" content=\"Blog auto Carid\u00e9al\" \/>\n<meta property=\"article:publisher\" content=\"https:\/\/www.facebook.com\/Carideal.mandataire.automobile\" \/>\n<meta property=\"article:modified_time\" content=\"2020-02-03T13:23:42+00:00\" \/>\n<meta property=\"og:image\" content=\"https:\/\/www.carideal.com\/blog\/wp-content\/uploads\/2017\/03\/voitures-occasions-a-vendre-rhone-1-e1488647283121.jpg\" \/>\n\t<meta property=\"og:image:width\" content=\"217\" \/>\n\t<meta property=\"og:image:height\" content=\"300\" \/>\n\t<meta property=\"og:image:type\" content=\"image\/jpeg\" \/>\n<meta name=\"twitter:card\" content=\"summary_large_image\" \/>\n<meta name=\"twitter:site\" content=\"@caridealauto\" \/>\n<meta name=\"twitter:label1\" content=\"Dur\u00e9e de lecture estim\u00e9e\" \/>\n\t<meta name=\"twitter:data1\" content=\"3 minutes\" \/>\n<script type=\"application\/ld+json\" class=\"yoast-schema-graph\">{\"@context\":\"https:\/\/schema.org\",\"@graph\":[{\"@type\":\"WebPage\",\"@id\":\"https:\/\/www.carideal.com\/blog\/voitures-occasions\/voitures-occasions-rhone\/\",\"url\":\"https:\/\/www.carideal.com\/blog\/voitures-occasions\/voitures-occasions-rhone\/\",\"name\":\"Voiture occasion Rh\u00f4ne - annonces auto - Blog auto Carid\u00e9al\",\"isPartOf\":{\"@id\":\"https:\/\/www.carideal.com\/blog\/#website\"},\"primaryImageOfPage\":{\"@id\":\"https:\/\/www.carideal.com\/blog\/voitures-occasions\/voitures-occasions-rhone\/#primaryimage\"},\"image\":{\"@id\":\"https:\/\/www.carideal.com\/blog\/voitures-occasions\/voitures-occasions-rhone\/#primaryimage\"},\"thumbnailUrl\":\"https:\/\/www.carideal.com\/blog\/wp-content\/uploads\/2017\/03\/voitures-occasions-a-vendre-rhone-1-e1488647283121.jpg\",\"datePublished\":\"2017-03-04T17:23:59+00:00\",\"dateModified\":\"2020-02-03T13:23:42+00:00\",\"description\":\"Nos conseillers vous aident \u00e0 trouver votre voitures d'occasions dans le Rh\u00f4ne. Nous offrons des financements automobiles et livrons votre voiture chez vous\",\"breadcrumb\":{\"@id\":\"https:\/\/www.carideal.com\/blog\/voitures-occasions\/voitures-occasions-rhone\/#breadcrumb\"},\"inLanguage\":\"fr-FR\",\"potentialAction\":[{\"@type\":\"ReadAction\",\"target\":[\"https:\/\/www.carideal.com\/blog\/voitures-occasions\/voitures-occasions-rhone\/\"]}]},{\"@type\":\"ImageObject\",\"inLanguage\":\"fr-FR\",\"@id\":\"https:\/\/www.carideal.com\/blog\/voitures-occasions\/voitures-occasions-rhone\/#primaryimage\",\"url\":\"https:\/\/www.carideal.com\/blog\/wp-content\/uploads\/2017\/03\/voitures-occasions-a-vendre-rhone-1-e1488647283121.jpg\",\"contentUrl\":\"https:\/\/www.carideal.com\/blog\/wp-content\/uploads\/2017\/03\/voitures-occasions-a-vendre-rhone-1-e1488647283121.jpg\",\"width\":217,\"height\":300,\"caption\":\"Voitures d'occasions Rh\u00f4ne\"},{\"@type\":\"BreadcrumbList\",\"@id\":\"https:\/\/www.carideal.com\/blog\/voitures-occasions\/voitures-occasions-rhone\/#breadcrumb\",\"itemListElement\":[{\"@type\":\"ListItem\",\"position\":1,\"name\":\"Blog Carid\u00e9al\",\"item\":\"https:\/\/www.carideal.com\/blog\/\"},{\"@type\":\"ListItem\",\"position\":2,\"name\":\"Voitures occasions\",\"item\":\"https:\/\/www.carideal.com\/blog\/voitures-occasions\/\"},{\"@type\":\"ListItem\",\"position\":3,\"name\":\"Rh\u00f4ne\"}]},{\"@type\":\"WebSite\",\"@id\":\"https:\/\/www.carideal.com\/blog\/#website\",\"url\":\"https:\/\/www.carideal.com\/blog\/\",\"name\":\"Blog auto Carid\u00e9al\",\"description\":\"Actualit\u00e9 auto par des passionn\u00e9s\",\"publisher\":{\"@id\":\"https:\/\/www.carideal.com\/blog\/#organization\"},\"potentialAction\":[{\"@type\":\"SearchAction\",\"target\":{\"@type\":\"EntryPoint\",\"urlTemplate\":\"https:\/\/www.carideal.com\/blog\/?s={search_term_string}\"},\"query-input\":{\"@type\":\"PropertyValueSpecification\",\"valueRequired\":true,\"valueName\":\"search_term_string\"}}],\"inLanguage\":\"fr-FR\"},{\"@type\":\"Organization\",\"@id\":\"https:\/\/www.carideal.com\/blog\/#organization\",\"name\":\"Carideal\",\"url\":\"https:\/\/www.carideal.com\/blog\/\",\"logo\":{\"@type\":\"ImageObject\",\"inLanguage\":\"fr-FR\",\"@id\":\"https:\/\/www.carideal.com\/blog\/#\/schema\/logo\/image\/\",\"url\":\"http:\/\/www.carideal.com\/blog\/wp-content\/uploads\/2016\/03\/logo-carideal-mandataire-automobile.png\",\"contentUrl\":\"http:\/\/www.carideal.com\/blog\/wp-content\/uploads\/2016\/03\/logo-carideal-mandataire-automobile.png\",\"width\":300,\"height\":300,\"caption\":\"Carideal\"},\"image\":{\"@id\":\"https:\/\/www.carideal.com\/blog\/#\/schema\/logo\/image\/\"},\"sameAs\":[\"https:\/\/www.facebook.com\/Carideal.mandataire.automobile\",\"https:\/\/x.com\/caridealauto\",\"https:\/\/www.instagram.com\/carideal1\/\",\"https:\/\/www.linkedin.com\/company\/carideal.com\",\"https:\/\/fr.pinterest.com\/schiavonsas\/\",\"https:\/\/www.youtube.com\/user\/caridealsas\"]}]}<\/script>\n<!-- \/ Yoast SEO plugin. -->","yoast_head_json":{"title":"Voiture occasion Rh\u00f4ne - annonces auto - Blog auto Carid\u00e9al","description":"Nos conseillers vous aident \u00e0 trouver votre voitures d'occasions dans le Rh\u00f4ne. Nous offrons des financements automobiles et livrons votre voiture chez vous","robots":{"index":"index","follow":"follow","max-snippet":"max-snippet:-1","max-image-preview":"max-image-preview:large","max-video-preview":"max-video-preview:-1"},"canonical":"https:\/\/www.carideal.com\/blog\/voitures-occasions\/voitures-occasions-rhone\/","og_locale":"fr_FR","og_type":"article","og_title":"Voiture occasion Rh\u00f4ne - annonces auto - Blog auto Carid\u00e9al","og_description":"Nos conseillers vous aident \u00e0 trouver votre voitures d'occasions dans le Rh\u00f4ne. Nous offrons des financements automobiles et livrons votre voiture chez vous","og_url":"https:\/\/www.carideal.com\/blog\/voitures-occasions\/voitures-occasions-rhone\/","og_site_name":"Blog auto Carid\u00e9al","article_publisher":"https:\/\/www.facebook.com\/Carideal.mandataire.automobile","article_modified_time":"2020-02-03T13:23:42+00:00","og_image":[{"width":217,"height":300,"url":"https:\/\/www.carideal.com\/blog\/wp-content\/uploads\/2017\/03\/voitures-occasions-a-vendre-rhone-1-e1488647283121.jpg","type":"image\/jpeg"}],"twitter_card":"summary_large_image","twitter_site":"@caridealauto","twitter_misc":{"Dur\u00e9e de lecture estim\u00e9e":"3 minutes"},"schema":{"@context":"https:\/\/schema.org","@graph":[{"@type":"WebPage","@id":"https:\/\/www.carideal.com\/blog\/voitures-occasions\/voitures-occasions-rhone\/","url":"https:\/\/www.carideal.com\/blog\/voitures-occasions\/voitures-occasions-rhone\/","name":"Voiture occasion Rh\u00f4ne - annonces auto - Blog auto Carid\u00e9al","isPartOf":{"@id":"https:\/\/www.carideal.com\/blog\/#website"},"primaryImageOfPage":{"@id":"https:\/\/www.carideal.com\/blog\/voitures-occasions\/voitures-occasions-rhone\/#primaryimage"},"image":{"@id":"https:\/\/www.carideal.com\/blog\/voitures-occasions\/voitures-occasions-rhone\/#primaryimage"},"thumbnailUrl":"https:\/\/www.carideal.com\/blog\/wp-content\/uploads\/2017\/03\/voitures-occasions-a-vendre-rhone-1-e1488647283121.jpg","datePublished":"2017-03-04T17:23:59+00:00","dateModified":"2020-02-03T13:23:42+00:00","description":"Nos conseillers vous aident \u00e0 trouver votre voitures d'occasions dans le Rh\u00f4ne. Nous offrons des financements automobiles et livrons votre voiture chez vous","breadcrumb":{"@id":"https:\/\/www.carideal.com\/blog\/voitures-occasions\/voitures-occasions-rhone\/#breadcrumb"},"inLanguage":"fr-FR","potentialAction":[{"@type":"ReadAction","target":["https:\/\/www.carideal.com\/blog\/voitures-occasions\/voitures-occasions-rhone\/"]}]},{"@type":"ImageObject","inLanguage":"fr-FR","@id":"https:\/\/www.carideal.com\/blog\/voitures-occasions\/voitures-occasions-rhone\/#primaryimage","url":"https:\/\/www.carideal.com\/blog\/wp-content\/uploads\/2017\/03\/voitures-occasions-a-vendre-rhone-1-e1488647283121.jpg","contentUrl":"https:\/\/www.carideal.com\/blog\/wp-content\/uploads\/2017\/03\/voitures-occasions-a-vendre-rhone-1-e1488647283121.jpg","width":217,"height":300,"caption":"Voitures d'occasions Rh\u00f4ne"},{"@type":"BreadcrumbList","@id":"https:\/\/www.carideal.com\/blog\/voitures-occasions\/voitures-occasions-rhone\/#breadcrumb","itemListElement":[{"@type":"ListItem","position":1,"name":"Blog Carid\u00e9al","item":"https:\/\/www.carideal.com\/blog\/"},{"@type":"ListItem","position":2,"name":"Voitures occasions","item":"https:\/\/www.carideal.com\/blog\/voitures-occasions\/"},{"@type":"ListItem","position":3,"name":"Rh\u00f4ne"}]},{"@type":"WebSite","@id":"https:\/\/www.carideal.com\/blog\/#website","url":"https:\/\/www.carideal.com\/blog\/","name":"Blog auto Carid\u00e9al","description":"Actualit\u00e9 auto par des passionn\u00e9s","publisher":{"@id":"https:\/\/www.carideal.com\/blog\/#organization"},"potentialAction":[{"@type":"SearchAction","target":{"@type":"EntryPoint","urlTemplate":"https:\/\/www.carideal.com\/blog\/?s={search_term_string}"},"query-input":{"@type":"PropertyValueSpecification","valueRequired":true,"valueName":"search_term_string"}}],"inLanguage":"fr-FR"},{"@type":"Organization","@id":"https:\/\/www.carideal.com\/blog\/#organization","name":"Carideal","url":"https:\/\/www.carideal.com\/blog\/","logo":{"@type":"ImageObject","inLanguage":"fr-FR","@id":"https:\/\/www.carideal.com\/blog\/#\/schema\/logo\/image\/","url":"http:\/\/www.carideal.com\/blog\/wp-content\/uploads\/2016\/03\/logo-carideal-mandataire-automobile.png","contentUrl":"http:\/\/www.carideal.com\/blog\/wp-content\/uploads\/2016\/03\/logo-carideal-mandataire-automobile.png","width":300,"height":300,"caption":"Carideal"},"image":{"@id":"https:\/\/www.carideal.com\/blog\/#\/schema\/logo\/image\/"},"sameAs":["https:\/\/www.facebook.com\/Carideal.mandataire.automobile","https:\/\/x.com\/caridealauto","https:\/\/www.instagram.com\/carideal1\/","https:\/\/www.linkedin.com\/company\/carideal.com","https:\/\/fr.pinterest.com\/schiavonsas\/","https:\/\/www.youtube.com\/user\/caridealsas"]}]}},"uagb_featured_image_src":{"full":["https:\/\/www.carideal.com\/blog\/wp-content\/uploads\/2017\/03\/voitures-occasions-a-vendre-rhone-1-e1488647283121.jpg",217,300,false],"thumbnail":["https:\/\/www.carideal.com\/blog\/wp-content\/uploads\/2017\/03\/voitures-occasions-a-vendre-rhone-1-150x150.jpg",150,150,true],"medium":["https:\/\/www.carideal.com\/blog\/wp-content\/uploads\/2017\/03\/voitures-occasions-a-vendre-rhone-1-217x300.jpg",217,300,true],"medium_large":["https:\/\/www.carideal.com\/blog\/wp-content\/uploads\/2017\/03\/voitures-occasions-a-vendre-rhone-1-e1488647283121.jpg",217,300,false],"large":["https:\/\/www.carideal.com\/blog\/wp-content\/uploads\/2017\/03\/voitures-occasions-a-vendre-rhone-1-e1488647283121.jpg",217,300,false],"1536x1536":["https:\/\/www.carideal.com\/blog\/wp-content\/uploads\/2017\/03\/voitures-occasions-a-vendre-rhone-1-e1488647283121.jpg",217,300,false],"2048x2048":["https:\/\/www.carideal.com\/blog\/wp-content\/uploads\/2017\/03\/voitures-occasions-a-vendre-rhone-1-e1488647283121.jpg",217,300,false],"wppr-widget":["https:\/\/www.carideal.com\/blog\/wp-content\/uploads\/2017\/03\/voitures-occasions-a-vendre-rhone-1-e1488647283121.jpg",36,50,false]},"uagb_author_info":{"display_name":"Nicolas SCHIAVON","author_link":"https:\/\/www.carideal.com\/blog\/author\/nschiavon\/"},"uagb_comment_info":0,"uagb_excerpt":"Voitures d'occasions dans le Rh\u00f4ne Voiture d'occasion dans le Rh\u00f4ne. Le Rh\u00f4ne est un d\u00e9partement fran\u00e7ais situ\u00e9 dans la r\u00e9gion Centre Est de l'Auvergne-Rh\u00f4ne-Alpes. Il porte le nom du fleuve Rh\u00f4ne. Toutes les marques\u00a0|\u00a0Peugeot\u00a0|\u00a0Renault\u00a0|\u00a0Citro\u00ebn\u00a0|\u00a0Dacia\u00a0|\u00a0Volkswagen\u00a0|\u00a0Kia\u00a0|\u00a0Land Rover | Mandataire auto Le d\u00e9partement du Rh\u00f4ne a \u00e9t\u00e9 cr\u00e9\u00e9 le 12 ao\u00fbt 1793 lorsque l'ancien d\u00e9partement de Rh\u00f4ne-et-Loire est\u2026","_links":{"self":[{"href":"https:\/\/www.carideal.com\/blog\/wp-json\/wp\/v2\/pages\/15550"}],"collection":[{"href":"https:\/\/www.carideal.com\/blog\/wp-json\/wp\/v2\/pages"}],"about":[{"href":"https:\/\/www.carideal.com\/blog\/wp-json\/wp\/v2\/types\/page"}],"author":[{"embeddable":true,"href":"https:\/\/www.carideal.com\/blog\/wp-json\/wp\/v2\/users\/3"}],"replies":[{"embeddable":true,"href":"https:\/\/www.carideal.com\/blog\/wp-json\/wp\/v2\/comments?post=15550"}],"version-history":[{"count":0,"href":"https:\/\/www.carideal.com\/blog\/wp-json\/wp\/v2\/pages\/15550\/revisions"}],"up":[{"embeddable":true,"href":"https:\/\/www.carideal.com\/blog\/wp-json\/wp\/v2\/pages\/15469"}],"wp:featuredmedia":[{"embeddable":true,"href":"https:\/\/www.carideal.com\/blog\/wp-json\/wp\/v2\/media\/15552"}],"wp:attachment":[{"href":"https:\/\/www.carideal.com\/blog\/wp-json\/wp\/v2\/media?parent=15550"}],"curies":[{"name":"wp","href":"https:\/\/api.w.org\/{rel}","templated":true}]}}