{"id":13685,"date":"2016-11-22T10:27:26","date_gmt":"2016-11-22T09:27:26","guid":{"rendered":"http:\/\/www.carideal.com\/blog\/?page_id=13685"},"modified":"2020-03-07T16:30:35","modified_gmt":"2020-03-07T15:30:35","slug":"mercedes-classe-s","status":"publish","type":"page","link":"https:\/\/www.carideal.com\/blog\/marque-de-voiture-actualites-essais\/mercedes\/mercedes-classe-s\/","title":{"rendered":"MERCEDES CLASSE S &#8211; Actualit\u00e9 essais neuve et occasion"},"content":{"rendered":"<h1><strong>MERCEDES CLASSE S\u00a0\u2013 Actualit\u00e9 essais<\/strong><\/h1>\n<table border=\"1\" width=\"100%\" cellspacing=\"0\" cellpadding=\"4\">\n<tbody>\n<tr valign=\"TOP\">\n<td width=\"14%\"><a href=\"http:\/\/www.carideal.com\/blog\/marque-de-voiture-actualites-essais\/mercedes\/mercedes-classe-s\/\">Infos sur Mercedes Classe S<\/a><\/td>\n<td width=\"14%\"><a href=\"http:\/\/www.carideal.com\/blog\/constructeur\/mercedes\/actualite-mercedes-classe-s\/\">Actualit\u00e9<\/a><\/td>\n<td width=\"14%\"><a href=\"http:\/\/www.carideal.com\/blog\/essai\/mercedes-essai\/essais-mercedes-classe-s\/\">Essais<\/a><\/td>\n<td width=\"14%\">Voiture d\u2019occasion<\/td>\n<td width=\"14%\">Voiture neuve<\/td>\n<td width=\"14%\">Prix du neuf<\/td>\n<td width=\"14%\"><a href=\"http:\/\/www.carideal.com\/blog\/tag\/guide-achat\/?=giulia\">Guide d\u2019achat<\/a><\/td>\n<\/tr>\n<\/tbody>\n<\/table>\n<p>Vous trouverez toutes les informations sur la La Mercedes Classe S\u00a0sur notre site Carideal.com. Vous \u00eates \u00e0 la recherche d\u2019informations sur la Mercedes Classe S, ses caract\u00e9ristiques techniques, ses voitures concurrentes, son prix neuf, les avis clients et utilisateurs. Nous faisons des synth\u00e8ses et mettons ces infos \u00e0 votre disposition. Bonne lecture sur la Mercedes Classe S\u00a0sur Carideal.com.<\/p>\n<p>&nbsp;<\/p>\n<table border=\"1\" width=\"100%\" cellspacing=\"0\" cellpadding=\"4\">\n<tbody>\n<tr valign=\"TOP\">\n<th rowspan=\"5\" width=\"50%\">\n<p><figure id=\"attachment_13679\" aria-describedby=\"caption-attachment-13679\" style=\"width: 590px\" class=\"wp-caption aligncenter\"><a href=\"http:\/\/www.carideal.com\/blog\/wp-content\/uploads\/2013\/09\/mercedes-classe-s-500-2014-2-e1479805338108.jpg\"><img loading=\"lazy\" decoding=\"async\" class=\"size-full wp-image-13679\" src=\"http:\/\/www.carideal.com\/blog\/wp-content\/uploads\/2013\/09\/mercedes-classe-s-500-2014-2-e1479805338108.jpg\" alt=\"Mercedes Classe S 2014\" width=\"600\" height=\"400\" \/><\/a><figcaption id=\"caption-attachment-13679\" class=\"wp-caption-text\">Mercedes Classe S 2014<\/figcaption><\/figure><\/th>\n<th width=\"50%\">En vente depuis\u00a01993<\/th>\n<\/tr>\n<tr valign=\"TOP\">\n<td width=\"50%\">7\u00a0moteurs et 6\u00a0finitions<\/td>\n<\/tr>\n<tr valign=\"TOP\">\n<td width=\"50%\">Prix du neuf\u00a0: de 87600\u00a0\u20ac \u00e0 250000\u00a0\u20ac<\/td>\n<\/tr>\n<tr valign=\"TOP\">\n<td width=\"50%\">Voiture neuve<\/td>\n<\/tr>\n<tr valign=\"TOP\">\n<td width=\"50%\">Voiture d\u2019occasion<\/td>\n<\/tr>\n<\/tbody>\n<\/table>\n<p>&nbsp;<\/p>\n<h2>Actualit\u00e9s\u00a0Mercedes Classe S<\/h2>\n<ul class=\"lcp_catlist\" id=\"lcp_instance_0\"><li><a href=\"https:\/\/www.carideal.com\/blog\/2023\/08\/10\/la-brabus-850-fusion-de-puissance-luxe-et-performance\/\">La Brabus 850 : Fusion de Puissance, Luxe et Performance<\/a><div class=\"lcp_excerpt\">\n\ud83d\udd25 Pr\u00e9parez-vous \u00e0 \u00eatre \u00e9bloui par la puissance in\u00e9gal\u00e9e de la nouvelle Brabus 850! \ud83d\ude80\n\n\n\ud83c\udfc1 Le mariage parfait entre Brabus et MaybachBrabus et Mercedes Maybach, deux noms synonymes de luxe et d&rsquo;excellence, ont uni leurs forces pour cr\u00e9er une voiture hors du commun : la Brabus 850\u202f! \ud83e\udd29 Vous vous demandez ce qui rend cette ...<\/div><\/li><li><a href=\"https:\/\/www.carideal.com\/blog\/2013\/11\/18\/essai-mercedes-classe-s-350-bluetec\/\">Essai Mercedes Classe S 350 Bluetec<\/a><div class=\"lcp_excerpt\">Essai Mercedes Classe S 350 Bluetec\nBourr\u00e9e de technologie, un luxe jamais vu, des moteurs plus \u00e9cologiques, la Mercedes Classe S est la plus vendue de son segment. La nouvelle Mercedes classe S 350 Bluetec propose des \u00e9quipements technologiques jamais vu qui la place au devant de la liste\u00a0: le pack d&rsquo;assistance \u00e0 la conduite, r\u00e9gulateur ...<\/div><\/li><li><a href=\"https:\/\/www.carideal.com\/blog\/2013\/09\/04\/nouvelle-mercedes-classe-s-2014\/\">Mercedes Classe S 2014 toujours la meilleure<\/a><div class=\"lcp_excerpt\">\nNouvelle Mercedes Classe S 2014 toujours la m\u00eame classe depuis des ann\u00e9es !\n\n\n\nNouvelle Mercedes Classe S 2014\nLa Mercedes Classe S est la limousine la plus vendue actuellement au monde. Sa nouvelle mouture sera commercialis\u00e9e ce mois-ci. Elle sera propos\u00e9e avec un moteur essence de 455 ch, un diesel de 258 ch et deux versions hybrides ...<\/div><\/li><li><a href=\"https:\/\/www.carideal.com\/blog\/2013\/02\/27\/future-mercedes-classe-s-toujours-plus-high-tech\/\">Future Mercedes Classe S Toujours plus high tech !<\/a><div class=\"lcp_excerpt\">Future Mercedes Classe S le top du\u00a0high tech !\nCameras et radars pour une vision p\u00e9riph\u00e9rique sur la future Mercedes classe S et ce n&rsquo;est pas tout ! Pour rester au top de sa cat\u00e9gorie et parmi les meilleures voitures du monde, La Mercedes Classe S ne recule devant rien.\nEn termes de s\u00e9curit\u00e9, la Classe S ...<\/div><\/li><li><a href=\"https:\/\/www.carideal.com\/blog\/2012\/03\/29\/mercedes-sl-63-amg\/\">MERCEDES SL 63 AMG 2012<\/a><div class=\"lcp_excerpt\">\nNouvelle Mercedes SL 63 AMG 2012\n\n\nCette version AMG de la SL est la 63 AMG bas\u00e9 sur le moteur V8 de 537 ch qui \u00e9quip\u00e9 du pack performance atteint 564 ch. Elle doit quand m\u00eame rester en de\u00e7\u00e0 des performances du SLS AMG Roadster de 571ch.Cette Nouvelle Mercedes SL est construite en aluminium, ce qui ...<\/div><\/li><\/ul>\n<p><a href=\"http:\/\/www.carideal.com\/blog\/constructeur\/mercedes\/actualite-mercedes-classe-s\/\">TOUTES\u00a0LES\u00a0ACTUALIT\u00c9S\u00a0MERCEDES CLASSE S<\/a><\/p>\n<h2>Essais\u00a0Mercedes Classe S<\/h2>\n<ul class=\"lcp_catlist\" id=\"lcp_instance_0\"><li><a href=\"https:\/\/www.carideal.com\/blog\/2013\/11\/18\/essai-mercedes-classe-s-350-bluetec\/\">Essai Mercedes Classe S 350 Bluetec<\/a><div class=\"lcp_excerpt\">Essai Mercedes Classe S 350 Bluetec\nBourr\u00e9e de technologie, un luxe jamais vu, des moteurs plus \u00e9cologiques, la Mercedes Classe S est la plus vendue de son segment. La nouvelle Mercedes classe S 350 Bluetec propose des \u00e9quipements technologiques jamais vu qui la place au devant de la liste\u00a0: le pack d&rsquo;assistance \u00e0 la conduite, r\u00e9gulateur ...<\/div><\/li><li><a href=\"https:\/\/www.carideal.com\/blog\/2013\/09\/04\/nouvelle-mercedes-classe-s-2014\/\">Mercedes Classe S 2014 toujours la meilleure<\/a><div class=\"lcp_excerpt\">\nNouvelle Mercedes Classe S 2014 toujours la m\u00eame classe depuis des ann\u00e9es !\n\n\n\nNouvelle Mercedes Classe S 2014\nLa Mercedes Classe S est la limousine la plus vendue actuellement au monde. Sa nouvelle mouture sera commercialis\u00e9e ce mois-ci. Elle sera propos\u00e9e avec un moteur essence de 455 ch, un diesel de 258 ch et deux versions hybrides ...<\/div><\/li><\/ul>\n<p><a href=\"http:\/\/www.carideal.com\/blog\/essai\/mercedes-essai\/essais-mercedes-classe-s\/\">TOUS\u00a0LES\u00a0ESSAIS\u00a0MERCEDES CLASSE S<\/a><\/p>\n","protected":false},"excerpt":{"rendered":"<p>MERCEDES CLASSE S\u00a0\u2013 Actualit\u00e9 essais Infos sur Mercedes Classe S Actualit\u00e9 Essais Voiture d\u2019occasion Voiture neuve Prix du neuf Guide d\u2019achat Vous trouverez toutes les informations sur la La Mercedes Classe S\u00a0sur notre site Carideal.com. Vous \u00eates \u00e0 la recherche d\u2019informations sur la Mercedes Classe S, ses caract\u00e9ristiques techniques, ses voitures concurrentes, son prix neuf, &#8230; <a title=\"MERCEDES CLASSE S &#8211; Actualit\u00e9 essais neuve et occasion\" class=\"read-more\" href=\"https:\/\/www.carideal.com\/blog\/marque-de-voiture-actualites-essais\/mercedes\/mercedes-classe-s\/\" aria-label=\"En savoir plus sur MERCEDES CLASSE S &#8211; Actualit\u00e9 essais neuve et occasion\">Lire plus<\/a><\/p>\n","protected":false},"author":3,"featured_media":0,"parent":13698,"menu_order":0,"comment_status":"closed","ping_status":"closed","template":"","meta":{"_uag_custom_page_level_css":"","_themeisle_gutenberg_block_has_review":false,"footnotes":""},"class_list":["post-13685","page","type-page","status-publish"],"wppr_data":{"cwp_meta_box_check":"No"},"yoast_head":"<!-- This site is optimized with the Yoast SEO plugin v24.8.1 - https:\/\/yoast.com\/wordpress\/plugins\/seo\/ -->\n<title>MERCEDES CLASSE S - Actualit\u00e9 essais neuve et occasion - Blog auto Carid\u00e9al<\/title>\n<meta name=\"description\" content=\"Vous trouverez toutes les informations sur la La Mercedes Classe S sur notre site Carideal.com. Vous \u00eates \u00e0 la recherche d\u2019informations sur la Mercedes S\" \/>\n<meta name=\"robots\" content=\"index, follow, max-snippet:-1, max-image-preview:large, max-video-preview:-1\" \/>\n<link rel=\"canonical\" href=\"https:\/\/www.carideal.com\/blog\/marque-de-voiture-actualites-essais\/mercedes\/mercedes-classe-s\/\" \/>\n<meta property=\"og:locale\" content=\"fr_FR\" \/>\n<meta property=\"og:type\" content=\"article\" \/>\n<meta property=\"og:title\" content=\"MERCEDES CLASSE S - Actualit\u00e9 essais neuve et occasion - Blog auto Carid\u00e9al\" \/>\n<meta property=\"og:description\" content=\"Vous trouverez toutes les informations sur la La Mercedes Classe S sur notre site Carideal.com. Vous \u00eates \u00e0 la recherche d\u2019informations sur la Mercedes S\" \/>\n<meta property=\"og:url\" content=\"https:\/\/www.carideal.com\/blog\/marque-de-voiture-actualites-essais\/mercedes\/mercedes-classe-s\/\" \/>\n<meta property=\"og:site_name\" content=\"Blog auto Carid\u00e9al\" \/>\n<meta property=\"article:publisher\" content=\"https:\/\/www.facebook.com\/Carideal.mandataire.automobile\" \/>\n<meta property=\"article:modified_time\" content=\"2020-03-07T15:30:35+00:00\" \/>\n<meta property=\"og:image\" content=\"http:\/\/www.carideal.com\/blog\/wp-content\/uploads\/2013\/09\/mercedes-classe-s-500-2014-2-e1479805338108.jpg\" \/>\n<meta name=\"twitter:card\" content=\"summary_large_image\" \/>\n<meta name=\"twitter:site\" content=\"@caridealauto\" \/>\n<meta name=\"twitter:label1\" content=\"Dur\u00e9e de lecture estim\u00e9e\" \/>\n\t<meta name=\"twitter:data1\" content=\"1 minute\" \/>\n<script type=\"application\/ld+json\" class=\"yoast-schema-graph\">{\"@context\":\"https:\/\/schema.org\",\"@graph\":[{\"@type\":\"WebPage\",\"@id\":\"https:\/\/www.carideal.com\/blog\/marque-de-voiture-actualites-essais\/mercedes\/mercedes-classe-s\/\",\"url\":\"https:\/\/www.carideal.com\/blog\/marque-de-voiture-actualites-essais\/mercedes\/mercedes-classe-s\/\",\"name\":\"MERCEDES CLASSE S - Actualit\u00e9 essais neuve et occasion - Blog auto Carid\u00e9al\",\"isPartOf\":{\"@id\":\"https:\/\/www.carideal.com\/blog\/#website\"},\"primaryImageOfPage\":{\"@id\":\"https:\/\/www.carideal.com\/blog\/marque-de-voiture-actualites-essais\/mercedes\/mercedes-classe-s\/#primaryimage\"},\"image\":{\"@id\":\"https:\/\/www.carideal.com\/blog\/marque-de-voiture-actualites-essais\/mercedes\/mercedes-classe-s\/#primaryimage\"},\"thumbnailUrl\":\"http:\/\/www.carideal.com\/blog\/wp-content\/uploads\/2013\/09\/mercedes-classe-s-500-2014-2-e1479805338108.jpg\",\"datePublished\":\"2016-11-22T09:27:26+00:00\",\"dateModified\":\"2020-03-07T15:30:35+00:00\",\"description\":\"Vous trouverez toutes les informations sur la La Mercedes Classe S sur notre site Carideal.com. Vous \u00eates \u00e0 la recherche d\u2019informations sur la Mercedes S\",\"breadcrumb\":{\"@id\":\"https:\/\/www.carideal.com\/blog\/marque-de-voiture-actualites-essais\/mercedes\/mercedes-classe-s\/#breadcrumb\"},\"inLanguage\":\"fr-FR\",\"potentialAction\":[{\"@type\":\"ReadAction\",\"target\":[\"https:\/\/www.carideal.com\/blog\/marque-de-voiture-actualites-essais\/mercedes\/mercedes-classe-s\/\"]}]},{\"@type\":\"ImageObject\",\"inLanguage\":\"fr-FR\",\"@id\":\"https:\/\/www.carideal.com\/blog\/marque-de-voiture-actualites-essais\/mercedes\/mercedes-classe-s\/#primaryimage\",\"url\":\"http:\/\/www.carideal.com\/blog\/wp-content\/uploads\/2013\/09\/mercedes-classe-s-500-2014-2-e1479805338108.jpg\",\"contentUrl\":\"http:\/\/www.carideal.com\/blog\/wp-content\/uploads\/2013\/09\/mercedes-classe-s-500-2014-2-e1479805338108.jpg\"},{\"@type\":\"BreadcrumbList\",\"@id\":\"https:\/\/www.carideal.com\/blog\/marque-de-voiture-actualites-essais\/mercedes\/mercedes-classe-s\/#breadcrumb\",\"itemListElement\":[{\"@type\":\"ListItem\",\"position\":1,\"name\":\"Blog Carid\u00e9al\",\"item\":\"https:\/\/www.carideal.com\/blog\/\"},{\"@type\":\"ListItem\",\"position\":2,\"name\":\"Marque de voiture\",\"item\":\"https:\/\/www.carideal.com\/blog\/marque-de-voiture-actualites-essais\/\"},{\"@type\":\"ListItem\",\"position\":3,\"name\":\"MERCEDES &#8211; Actualit\u00e9 essais Avis neuve et occasion\",\"item\":\"https:\/\/www.carideal.com\/blog\/marque-de-voiture-actualites-essais\/mercedes\/\"},{\"@type\":\"ListItem\",\"position\":4,\"name\":\"MERCEDES CLASSE S &#8211; Actualit\u00e9 essais neuve et occasion\"}]},{\"@type\":\"WebSite\",\"@id\":\"https:\/\/www.carideal.com\/blog\/#website\",\"url\":\"https:\/\/www.carideal.com\/blog\/\",\"name\":\"Blog auto Carid\u00e9al\",\"description\":\"Actualit\u00e9 auto par des passionn\u00e9s\",\"publisher\":{\"@id\":\"https:\/\/www.carideal.com\/blog\/#organization\"},\"potentialAction\":[{\"@type\":\"SearchAction\",\"target\":{\"@type\":\"EntryPoint\",\"urlTemplate\":\"https:\/\/www.carideal.com\/blog\/?s={search_term_string}\"},\"query-input\":{\"@type\":\"PropertyValueSpecification\",\"valueRequired\":true,\"valueName\":\"search_term_string\"}}],\"inLanguage\":\"fr-FR\"},{\"@type\":\"Organization\",\"@id\":\"https:\/\/www.carideal.com\/blog\/#organization\",\"name\":\"Carideal\",\"url\":\"https:\/\/www.carideal.com\/blog\/\",\"logo\":{\"@type\":\"ImageObject\",\"inLanguage\":\"fr-FR\",\"@id\":\"https:\/\/www.carideal.com\/blog\/#\/schema\/logo\/image\/\",\"url\":\"http:\/\/www.carideal.com\/blog\/wp-content\/uploads\/2016\/03\/logo-carideal-mandataire-automobile.png\",\"contentUrl\":\"http:\/\/www.carideal.com\/blog\/wp-content\/uploads\/2016\/03\/logo-carideal-mandataire-automobile.png\",\"width\":300,\"height\":300,\"caption\":\"Carideal\"},\"image\":{\"@id\":\"https:\/\/www.carideal.com\/blog\/#\/schema\/logo\/image\/\"},\"sameAs\":[\"https:\/\/www.facebook.com\/Carideal.mandataire.automobile\",\"https:\/\/x.com\/caridealauto\",\"https:\/\/www.instagram.com\/carideal1\/\",\"https:\/\/www.linkedin.com\/company\/carideal.com\",\"https:\/\/fr.pinterest.com\/schiavonsas\/\",\"https:\/\/www.youtube.com\/user\/caridealsas\"]}]}<\/script>\n<!-- \/ Yoast SEO plugin. -->","yoast_head_json":{"title":"MERCEDES CLASSE S - Actualit\u00e9 essais neuve et occasion - Blog auto Carid\u00e9al","description":"Vous trouverez toutes les informations sur la La Mercedes Classe S sur notre site Carideal.com. Vous \u00eates \u00e0 la recherche d\u2019informations sur la Mercedes S","robots":{"index":"index","follow":"follow","max-snippet":"max-snippet:-1","max-image-preview":"max-image-preview:large","max-video-preview":"max-video-preview:-1"},"canonical":"https:\/\/www.carideal.com\/blog\/marque-de-voiture-actualites-essais\/mercedes\/mercedes-classe-s\/","og_locale":"fr_FR","og_type":"article","og_title":"MERCEDES CLASSE S - Actualit\u00e9 essais neuve et occasion - Blog auto Carid\u00e9al","og_description":"Vous trouverez toutes les informations sur la La Mercedes Classe S sur notre site Carideal.com. Vous \u00eates \u00e0 la recherche d\u2019informations sur la Mercedes S","og_url":"https:\/\/www.carideal.com\/blog\/marque-de-voiture-actualites-essais\/mercedes\/mercedes-classe-s\/","og_site_name":"Blog auto Carid\u00e9al","article_publisher":"https:\/\/www.facebook.com\/Carideal.mandataire.automobile","article_modified_time":"2020-03-07T15:30:35+00:00","og_image":[{"url":"http:\/\/www.carideal.com\/blog\/wp-content\/uploads\/2013\/09\/mercedes-classe-s-500-2014-2-e1479805338108.jpg","type":"","width":"","height":""}],"twitter_card":"summary_large_image","twitter_site":"@caridealauto","twitter_misc":{"Dur\u00e9e de lecture estim\u00e9e":"1 minute"},"schema":{"@context":"https:\/\/schema.org","@graph":[{"@type":"WebPage","@id":"https:\/\/www.carideal.com\/blog\/marque-de-voiture-actualites-essais\/mercedes\/mercedes-classe-s\/","url":"https:\/\/www.carideal.com\/blog\/marque-de-voiture-actualites-essais\/mercedes\/mercedes-classe-s\/","name":"MERCEDES CLASSE S - Actualit\u00e9 essais neuve et occasion - Blog auto Carid\u00e9al","isPartOf":{"@id":"https:\/\/www.carideal.com\/blog\/#website"},"primaryImageOfPage":{"@id":"https:\/\/www.carideal.com\/blog\/marque-de-voiture-actualites-essais\/mercedes\/mercedes-classe-s\/#primaryimage"},"image":{"@id":"https:\/\/www.carideal.com\/blog\/marque-de-voiture-actualites-essais\/mercedes\/mercedes-classe-s\/#primaryimage"},"thumbnailUrl":"http:\/\/www.carideal.com\/blog\/wp-content\/uploads\/2013\/09\/mercedes-classe-s-500-2014-2-e1479805338108.jpg","datePublished":"2016-11-22T09:27:26+00:00","dateModified":"2020-03-07T15:30:35+00:00","description":"Vous trouverez toutes les informations sur la La Mercedes Classe S sur notre site Carideal.com. Vous \u00eates \u00e0 la recherche d\u2019informations sur la Mercedes S","breadcrumb":{"@id":"https:\/\/www.carideal.com\/blog\/marque-de-voiture-actualites-essais\/mercedes\/mercedes-classe-s\/#breadcrumb"},"inLanguage":"fr-FR","potentialAction":[{"@type":"ReadAction","target":["https:\/\/www.carideal.com\/blog\/marque-de-voiture-actualites-essais\/mercedes\/mercedes-classe-s\/"]}]},{"@type":"ImageObject","inLanguage":"fr-FR","@id":"https:\/\/www.carideal.com\/blog\/marque-de-voiture-actualites-essais\/mercedes\/mercedes-classe-s\/#primaryimage","url":"http:\/\/www.carideal.com\/blog\/wp-content\/uploads\/2013\/09\/mercedes-classe-s-500-2014-2-e1479805338108.jpg","contentUrl":"http:\/\/www.carideal.com\/blog\/wp-content\/uploads\/2013\/09\/mercedes-classe-s-500-2014-2-e1479805338108.jpg"},{"@type":"BreadcrumbList","@id":"https:\/\/www.carideal.com\/blog\/marque-de-voiture-actualites-essais\/mercedes\/mercedes-classe-s\/#breadcrumb","itemListElement":[{"@type":"ListItem","position":1,"name":"Blog Carid\u00e9al","item":"https:\/\/www.carideal.com\/blog\/"},{"@type":"ListItem","position":2,"name":"Marque de voiture","item":"https:\/\/www.carideal.com\/blog\/marque-de-voiture-actualites-essais\/"},{"@type":"ListItem","position":3,"name":"MERCEDES &#8211; Actualit\u00e9 essais Avis neuve et occasion","item":"https:\/\/www.carideal.com\/blog\/marque-de-voiture-actualites-essais\/mercedes\/"},{"@type":"ListItem","position":4,"name":"MERCEDES CLASSE S &#8211; Actualit\u00e9 essais neuve et occasion"}]},{"@type":"WebSite","@id":"https:\/\/www.carideal.com\/blog\/#website","url":"https:\/\/www.carideal.com\/blog\/","name":"Blog auto Carid\u00e9al","description":"Actualit\u00e9 auto par des passionn\u00e9s","publisher":{"@id":"https:\/\/www.carideal.com\/blog\/#organization"},"potentialAction":[{"@type":"SearchAction","target":{"@type":"EntryPoint","urlTemplate":"https:\/\/www.carideal.com\/blog\/?s={search_term_string}"},"query-input":{"@type":"PropertyValueSpecification","valueRequired":true,"valueName":"search_term_string"}}],"inLanguage":"fr-FR"},{"@type":"Organization","@id":"https:\/\/www.carideal.com\/blog\/#organization","name":"Carideal","url":"https:\/\/www.carideal.com\/blog\/","logo":{"@type":"ImageObject","inLanguage":"fr-FR","@id":"https:\/\/www.carideal.com\/blog\/#\/schema\/logo\/image\/","url":"http:\/\/www.carideal.com\/blog\/wp-content\/uploads\/2016\/03\/logo-carideal-mandataire-automobile.png","contentUrl":"http:\/\/www.carideal.com\/blog\/wp-content\/uploads\/2016\/03\/logo-carideal-mandataire-automobile.png","width":300,"height":300,"caption":"Carideal"},"image":{"@id":"https:\/\/www.carideal.com\/blog\/#\/schema\/logo\/image\/"},"sameAs":["https:\/\/www.facebook.com\/Carideal.mandataire.automobile","https:\/\/x.com\/caridealauto","https:\/\/www.instagram.com\/carideal1\/","https:\/\/www.linkedin.com\/company\/carideal.com","https:\/\/fr.pinterest.com\/schiavonsas\/","https:\/\/www.youtube.com\/user\/caridealsas"]}]}},"uagb_featured_image_src":{"full":false,"thumbnail":false,"medium":false,"medium_large":false,"large":false,"1536x1536":false,"2048x2048":false,"wppr-widget":false},"uagb_author_info":{"display_name":"Nicolas SCHIAVON","author_link":"https:\/\/www.carideal.com\/blog\/author\/nschiavon\/"},"uagb_comment_info":0,"uagb_excerpt":"MERCEDES CLASSE S\u00a0\u2013 Actualit\u00e9 essais Infos sur Mercedes Classe S Actualit\u00e9 Essais Voiture d\u2019occasion Voiture neuve Prix du neuf Guide d\u2019achat Vous trouverez toutes les informations sur la La Mercedes Classe S\u00a0sur notre site Carideal.com. Vous \u00eates \u00e0 la recherche d\u2019informations sur la Mercedes Classe S, ses caract\u00e9ristiques techniques, ses voitures concurrentes, son prix neuf,\u2026","_links":{"self":[{"href":"https:\/\/www.carideal.com\/blog\/wp-json\/wp\/v2\/pages\/13685"}],"collection":[{"href":"https:\/\/www.carideal.com\/blog\/wp-json\/wp\/v2\/pages"}],"about":[{"href":"https:\/\/www.carideal.com\/blog\/wp-json\/wp\/v2\/types\/page"}],"author":[{"embeddable":true,"href":"https:\/\/www.carideal.com\/blog\/wp-json\/wp\/v2\/users\/3"}],"replies":[{"embeddable":true,"href":"https:\/\/www.carideal.com\/blog\/wp-json\/wp\/v2\/comments?post=13685"}],"version-history":[{"count":0,"href":"https:\/\/www.carideal.com\/blog\/wp-json\/wp\/v2\/pages\/13685\/revisions"}],"up":[{"embeddable":true,"href":"https:\/\/www.carideal.com\/blog\/wp-json\/wp\/v2\/pages\/13698"}],"wp:attachment":[{"href":"https:\/\/www.carideal.com\/blog\/wp-json\/wp\/v2\/media?parent=13685"}],"curies":[{"name":"wp","href":"https:\/\/api.w.org\/{rel}","templated":true}]}}