{"id":13392,"date":"2016-11-13T13:55:15","date_gmt":"2016-11-13T12:55:15","guid":{"rendered":"http:\/\/www.carideal.com\/blog\/?page_id=13392"},"modified":"2023-08-18T11:31:13","modified_gmt":"2023-08-18T09:31:13","slug":"alfa-romeo","status":"publish","type":"page","link":"https:\/\/www.carideal.com\/blog\/marque-de-voiture-actualites-essais\/alfa-romeo\/","title":{"rendered":"ALFA ROMEO &#8211; Actualit\u00e9s Essais Avis neuves et occasions"},"content":{"rendered":"\n<h2 class=\"wp-block-heading\">ALFA ROMEO - Actualit\u00e9s Essais Avis neuves et occasions<\/h2>\n\n\n\n<p><a href=\"http:\/\/www.carideal.com\/blog\/marque-de-voiture-actualites-essais\/alfa-romeo\/\">Infos sur Alfa Romeo<\/a> | <a href=\"http:\/\/www.carideal.com\/blog\/constructeur\/alfra-romeo\/\">Actualit\u00e9<\/a> | <a href=\"http:\/\/www.carideal.com\/blog\/essai\/essais-alfa-romeo\/\">Essais<\/a> | Voiture d'occasion | Voiture neuve | Prix du neuf | <a href=\"http:\/\/www.carideal.com\/blog\/tag\/guide-achat\/?=alfa\">Guide d'achat<\/a><\/p>\n\n\n\n<p>Parmi toutes les marques prestigieuses, Carideal.com se devait de mettre en avant Alfa Romeo. Vous trouverez sur notre site web les informations sur la marque Alfa Romeo et ses mod\u00e8les. Vous trouverez les diff\u00e9rents essais, les actualit\u00e9s et fiches techniques de la marque Alfa Rom\u00e9o ainsi que les annonces auto de la marque Alfa Romeo. Nous mettrons tout en oeuvre pour vous donner le maximum d'informations sur la marque Alfa Romeo.<\/p>\n\n\n\n<h2 class=\"wp-block-heading\">Liste des mod\u00e8les Alfa Romeo<\/h2>\n\n\n\n<figure class=\"wp-block-table is-style-stripes\"><table><tbody><tr><td>ALFA ROMEO 33 <\/td><td>ALFA ROMEO 75 <\/td><td>ALFA ROMEO 145 <\/td><td>ALFA ROMEO 146 <\/td><\/tr><tr><td><\/td><td><\/td><td><\/td><td><\/td><\/tr><tr><td>ALFA ROMEO 147<\/td><td>ALFA ROMEO 156 <\/td><td>ALFA ROMEO 164 <\/td><td>ALFA ROMEO 166 <\/td><\/tr><tr><td><\/td><td><\/td><td><\/td><td><\/td><\/tr><tr><td>ALFA ROMEO 159<\/td><td>ALFA ROMEO 4C <\/td><td>ALFA ROMEO 8C <\/td><td>ALFA ROMEO ALFETTA  <\/td><\/tr><tr><td><\/td><td><\/td><td><\/td><td><\/td><\/tr><tr><td><a href=\"http:\/\/www.carideal.com\/blog\/marque-de-voiture-actualites-essais\/alfa-romeo\/alfa-romeo-giulia-actualite-essais\/\">ALFA ROMEO GIULIA<\/a> <\/td><td>ALFA ROMEO GIULIETTA <\/td><td>ALFA ROMEO GT <\/td><td>ALFA ROMEO GTV <\/td><\/tr><tr><td><img loading=\"lazy\" decoding=\"async\" width=\"150\" height=\"100\" class=\"wp-image-13395\" style=\"width: 150px;\" src=\"http:\/\/www.carideal.com\/blog\/wp-content\/uploads\/2016\/11\/alfa-romeo-giulia.jpg\" alt=\"Alfa Romeo Giulia\" srcset=\"https:\/\/www.carideal.com\/blog\/wp-content\/uploads\/2016\/11\/alfa-romeo-giulia.jpg 201w, https:\/\/www.carideal.com\/blog\/wp-content\/uploads\/2016\/11\/alfa-romeo-giulia-110x73.jpg 110w, https:\/\/www.carideal.com\/blog\/wp-content\/uploads\/2016\/11\/alfa-romeo-giulia-50x33.jpg 50w\" sizes=\"(max-width: 150px) 100vw, 150px\" \/><\/td><td><\/td><td><\/td><td><\/td><\/tr><tr><td>ALFA ROMEO MITO<\/td><td> ALFA ROMEO RZ <\/td><td>ALFA ROMEO SPIDER <\/td><td>ALFA ROMEO BRERA  <\/td><\/tr><tr><td><\/td><td><\/td><td><\/td><td><\/td><\/tr><\/tbody><\/table><\/figure>\n\n\n\n<h2 class=\"wp-block-heading\">Actualit\u00e9s Alfa Rom\u00e9o<\/h2>\n\n\n<ul class=\"lcp_catlist\" id=\"lcp_instance_0\"><li><a href=\"https:\/\/www.carideal.com\/blog\/2025\/12\/06\/comment-choisir-un-moteur-doccasion\/\">Comment choisir un moteur d\u2019occasion<\/a><div class=\"lcp_excerpt\">\nComment choisir un moteur d\u2019occasion ? Le guide complet pour acheter sans risque\n\n\nAcheter un moteur d\u2019occasion est souvent la meilleure solution lorsqu\u2019un v\u00e9hicule tombe en panne et que la pi\u00e8ce auto la plus co\u00fbteuse \u2013 le moteur \u2013 doit \u00eatre remplac\u00e9e. Que vous rouliez en Renault, Peugeot, Volkswagen, Audi, Fiat, Opel, Mercedes, Nissan, Citro\u00ebn, BMW, ...<\/div><\/li><li><a href=\"https:\/\/www.carideal.com\/blog\/2025\/10\/09\/comment-utiliser-une-valise-diagnostic-auto-decouvrez\/\">Comment utiliser une valise diagnostic auto ? D\u00e9couvrez<\/a><div class=\"lcp_excerpt\">\nComment utiliser une valise diagnostic auto ? D\u00e9couvrez\n\n\nVous avez besoin de savoir rapidement comment utiliser une valise de diagnostic auto pour trouver l\u2019origine du probl\u00e8me d\u2019un voyant allum\u00e9 ou d\u2019un rat\u00e9 moteur ? Voici la m\u00e9thode claire et directe pour utiliser une valise multimarques, faire une analyse approfondie et comprendre l\u2019\u00e9tat de votre v\u00e9hicule. Avec ...<\/div><\/li><li><a href=\"https:\/\/www.carideal.com\/blog\/2025\/04\/03\/comment-nettoyer-une-vanne-egr\/\">Comment Nettoyer une Vanne EGR ?<\/a><div class=\"lcp_excerpt\">\nComment Nettoyer une Vanne EGR Efficacement : Guide Complet\n\n\nLa vanne EGR (Exhaust Gas Recirculation) est un composant essentiel de votre v\u00e9hicule qui contribue significativement \u00e0 la r\u00e9duction des \u00e9missions polluantes. En recyclant une partie des gaz d&rsquo;\u00e9chappement vers la chambre de combustion, elle permet de diminuer la temp\u00e9rature de combustion et ainsi r\u00e9duire la production ...<\/div><\/li><li><a href=\"https:\/\/www.carideal.com\/blog\/2025\/04\/03\/moteur-1-5-bluehdi-les-modeles-stellantis-concernes-par-les-problemes-de-chaine-et-les-risques-lies-a-ce-diesel\/\">Moteur 1.5 BlueHDi : Les mod\u00e8les Stellantis concern\u00e9s par les probl\u00e8mes de cha\u00eene et les risques li\u00e9s \u00e0 ce diesel<\/a><div class=\"lcp_excerpt\">\nMoteur 1.5 BlueHDi : Les mod\u00e8les Stellantis concern\u00e9s par les probl\u00e8mes de cha\u00eene et les risques li\u00e9s \u00e0 ce diesel\n\n\nLe moteur 1.5 BlueHDi, dernier diesel d\u00e9velopp\u00e9 par le groupe PSA (d\u00e9sormais int\u00e9gr\u00e9 \u00e0 Stellantis), est aujourd\u2019hui dans la ligne de mire. Bien qu\u2019il ait \u00e9t\u00e9 largement utilis\u00e9 \u00e0 travers plusieurs marques comme Peugeot, Citro\u00ebn, DS, ...<\/div><\/li><li><a href=\"https:\/\/www.carideal.com\/blog\/2025\/03\/26\/pourquoi-le-tesla-cybertruck-est-il-un-echec-commercial-prix-eleve-defauts-techniques-et-polemiques\/\">Pourquoi le Tesla Cybertruck est-il un \u00e9chec commercial ? Prix \u00e9lev\u00e9, d\u00e9fauts techniques et pol\u00e9miques<\/a><div class=\"lcp_excerpt\">\nPourquoi le Tesla Cybertruck est-il un \u00e9chec commercial ? Prix \u00e9lev\u00e9, d\u00e9fauts techniques et pol\u00e9miques\n\n\nDepuis son lancement tr\u00e8s m\u00e9diatis\u00e9, le Tesla Cybertruck ne cesse de faire parler de lui, mais malheureusement pas pour les bonnes raisons. Entre son tarif jug\u00e9 prohibitif, ses nombreux d\u00e9fauts techniques et les controverses incessantes autour d\u2019Elon Musk, le pick-up \u00e9lectrique ...<\/div><\/li><li><a href=\"https:\/\/www.carideal.com\/blog\/2025\/03\/20\/faut-il-choisir-un-scooter-a-3-roues-ou-une-voiture-citadine\/\">Faut-il choisir un scooter \u00e0 3 roues ou une voiture citadine ?<\/a><div class=\"lcp_excerpt\">\nFaut-il choisir un scooter \u00e0 3 roues ou une voiture citadine ?\n\n\nLe guide complet pour faire le bon choix en milieu urbain\n\n\nLorsqu\u2019on habite en ville ou qu\u2019on circule fr\u00e9quemment en zone urbaine, la question de la mobilit\u00e9 est essentielle. Faut-il mieux opter pour un scooter \u00e0 trois roues pratique et agile, ou pour une voiture ...<\/div><\/li><li><a href=\"https:\/\/www.carideal.com\/blog\/2025\/03\/20\/renault-5-turbo-3e-une-personnalisation-sans-limites-pour-cette-legende-moderne\/\">Renault 5 Turbo 3E : Une Personnalisation Sans Limites Pour Cette L\u00e9gende Moderne<\/a><div class=\"lcp_excerpt\">\nRenault 5 Turbo 3E : Une Personnalisation Sans Limites Pour Cette L\u00e9gende Moderne\n\n\nUne R\u00e9invention Spectaculaire de la Renault 5 Turbo\n\n\nRenault frappe un grand coup avec la R5 Turbo 3E, une version \u00e9lectrique ultraperformante de l&rsquo;iconique R5 Turbo. Entre hommage au pass\u00e9 et vision futuriste, ce mod\u00e8le propose une personnalisation quasiment infinie, permettant \u00e0 chaque passionn\u00e9 ...<\/div><\/li><li><a href=\"https:\/\/www.carideal.com\/blog\/2025\/03\/20\/renault-5-evolution-une-version-plus-abordable-mais-a-quel-prix\/\">Renault 5 Evolution : Une Version Plus Abordable, Mais \u00c0 Quel Prix ?<\/a><div class=\"lcp_excerpt\">\nRenault 5 Evolution : Une Version Plus Abordable, Mais \u00c0 Quel Prix ?\n\n\nUne Finition d&rsquo;Entr\u00e9e de Gamme Qui Perd en Attrait\n\n\nLa nouvelle Renault 5 E-Tech \u00c9lectrique se d\u00e9voile sous une version plus accessible avec la finition \u00ab\u00a0Evolution\u00a0\u00bb. Si cette offre permet de rendre la citadine \u00e9lectrique plus abordable, elle entra\u00eene aussi son lot de compromis. ...<\/div><\/li><li><a href=\"https:\/\/www.carideal.com\/blog\/2025\/03\/10\/maserati-renonce-a-la-mc20-folgore-electrique\/\">Maserati renonce \u00e0 la MC20 Folgore \u00e9lectrique<\/a><div class=\"lcp_excerpt\">\nMaserati renonce \u00e0 la MC20 Folgore \u00e9lectrique\n\n\nD\u00e9voil\u00e9e en 2020, la Maserati MC20 avait suscit\u00e9 un vif int\u00e9r\u00eat, notamment gr\u00e2ce \u00e0 l&rsquo;annonce d&rsquo;une d\u00e9clinaison enti\u00e8rement \u00e9lectrique baptis\u00e9e Folgore. Maserati avait alors clairement affich\u00e9 son ambition : devenir un leader de l\u2019\u00e9lectrification des supercars d&rsquo;ici 2025. Toutefois, la marque italienne a r\u00e9cemment pris une d\u00e9cision radicale : ...<\/div><\/li><li><a href=\"https:\/\/www.carideal.com\/blog\/2025\/03\/09\/prix-renault-4-e-tech-decouvrez-les-tarifs-et-versions-du-nouveau-suv-electrique-iconique\/\">PRIX Renault 4 E-Tech : D\u00e9couvrez les tarifs et versions du nouveau SUV \u00e9lectrique iconique<\/a><div class=\"lcp_excerpt\">\nRenault 4 E-Tech : D\u00e9couvrez les tarifs et versions du nouveau SUV \u00e9lectrique iconique\n\n\nEn r\u00e9sum\u00e9 :\n\n\n\nLancement officiel des commandes pour le grand public d\u00e8s le 12 mars 2025.\n\n\nDeux motorisations disponibles : 120 ch (308 km d&rsquo;autonomie) et 150 ch (409 km d&rsquo;autonomie).\n\n\nTrois niveaux de finition : Evolution, Techno, Iconic.\n\n\nTarifs \u00e0 partir de 29 990 \u20ac ...<\/div><\/li><\/ul>\n\n\n\n<p><a href=\"http:\/\/www.carideal.com\/blog\/constructeur\/alfra-romeo\/\">TOUTES&nbsp;LES&nbsp;ACTUALIT\u00c9S&nbsp;ALFA&nbsp;ROMEO<\/a><\/p>\n\n\n\n<h2 class=\"wp-block-heading\">Essais&nbsp;Alfa Rom\u00e9o<\/h2>\n\n\n<ul class=\"lcp_catlist\" id=\"lcp_instance_0\"><li><a href=\"https:\/\/www.carideal.com\/blog\/2010\/03\/31\/alfa-romeo-mito-1-4-tb-multiair-quadrifoglio-verde\/\">Alfa Romeo Mito 1.4 TB multiair quadrifoglio verde<\/a><div class=\"lcp_excerpt\">Alfa Romeo Mito 1.4 TB multiair quadrifoglio verde\nLe petit moteur Alfa Romeo, dans sa d\u00e9clinaison ultime quadrifoglio Verde, peut pr\u00e9tendre faire partie des moteurs d&rsquo;exception. Dop\u00e9e par un turbo et canalis\u00e9 par le syst\u00e8me multiAir de gestion \u00e9lectrohydraulique des soupapes d&rsquo;admission, la puissance d\u00e9ferle \u00e0 partir de 2000 tr\/min et semble in\u00e9puisable au fur et ...<\/div><\/li><li><a href=\"https:\/\/www.carideal.com\/blog\/2009\/01\/04\/alfa-romeo-gt-coupe-d-occasion\/\">Alfa Romeo GT Coupe occasion<\/a><div class=\"lcp_excerpt\">\nAlfa Romeo GT\u00a0occasion\n\n\nAlfa Romeo GT\u00a0int\u00e9rieur occasion\n\nBas\u00e9 sur la plate forme des 147 et 156, le coup\u00e9 GT d&rsquo;occasion, n&rsquo;\u00e9gale pas le plus r\u00e9cent Br\u00e9ra en termes de comportement routier. Pourtant, sa relative l\u00e9g\u00e8ret\u00e9 pr\u00e9serve l&rsquo;agr\u00e9ment de conduite. Sa direction directe et son agilit\u00e9 en font un mod\u00e8le tr\u00e8s agr\u00e9able \u00e0 conduire sur les parcours sinueux. ...<\/div><\/li><li><a href=\"https:\/\/www.carideal.com\/blog\/2008\/12\/29\/alfa-romeo-166-d-occasion\/\">Alfa Romeo 166 Occasion &#8211; Pr\u00e9sentation<\/a><div class=\"lcp_excerpt\">\n\u00a0Alfa Romeo 166 occasion\n\n\nL&rsquo;Alfa Romeo 166 occasion est la voiture la plus haut de gamme du constructeur italien Alfa Romeo. La 166 a remplac\u00e9 la 164 et a \u00e9t\u00e9 d\u00e9velopp\u00e9e sur la m\u00eame base technique que la Lancia Kappa. Sa carrosserie est enti\u00e8rement revue.\nL&rsquo;Alfa Romeo 166 est sortie en 1998, et Alfa a incorpor\u00e9 tout ...<\/div><\/li><li><a href=\"https:\/\/www.carideal.com\/blog\/2008\/10\/28\/alfa-romeo-159-d-occasion\/\">Alfa Romeo 159 occasion pass\u00e9e en revue<\/a><div class=\"lcp_excerpt\">\nAlfa Romeo 159 occasion pass\u00e9e en revue\n\nL&rsquo;alfa Romeo 159 repose sur une plateforme in\u00e9dite. Son comportement routier se montre efficace, son train avant direct et sa direction pr\u00e9cise. Seul hic la belle est lourde\u202f! Le conducteur trouve toutefois \u00e0 son volant les sensations qu&rsquo;il est en droit d&rsquo;attendre d&rsquo;une Alfa Romeo. Concernant les moteurs \u00e0 ...<\/div><\/li><li><a href=\"https:\/\/www.carideal.com\/blog\/2008\/06\/27\/alfa-romeo-147-d-occasion\/\">Alfa Romeo 147 occasion &#8211; Pr\u00e9sentation<\/a><div class=\"lcp_excerpt\">\nAlfa Romeo 147 occasion\n\n\nL&rsquo;Alfa Romeo 147 d&rsquo;occasion est ce que l&rsquo;on appelle une voiture compacte de la m\u00eame cat\u00e9gorie que les concurrentes l&rsquo;Audi A3, Citroen C4, Peugeot 307 et Volkswagen Golf. Elle est construite \u00e0 partie de l&rsquo;ann\u00e9e 2000 jusqu&rsquo;en 2010. Elle a succ\u00e9d\u00e9 aux Alfa Rom\u00e9o 145 et 146 et a \u00e9t\u00e9 remplac\u00e9e ensuite ...<\/div><\/li><\/ul>\n\n\n\n<p><a href=\"http:\/\/www.carideal.com\/blog\/essai\/essais-alfa-romeo\/\">TOUS&nbsp;LES&nbsp;ESSAIS&nbsp;ALFA&nbsp;ROMEO<\/a><\/p>\n","protected":false},"excerpt":{"rendered":"<p>ALFA ROMEO &#8211; Actualit\u00e9s Essais Avis neuves et occasions Infos sur Alfa Romeo | Actualit\u00e9 | Essais | Voiture d&rsquo;occasion | Voiture neuve | Prix du neuf | Guide d&rsquo;achat Parmi toutes les marques prestigieuses, Carideal.com se devait de mettre en avant Alfa Romeo. Vous trouverez sur notre site web les informations sur la marque &#8230; <a title=\"ALFA ROMEO &#8211; Actualit\u00e9s Essais Avis neuves et occasions\" class=\"read-more\" href=\"https:\/\/www.carideal.com\/blog\/marque-de-voiture-actualites-essais\/alfa-romeo\/\" aria-label=\"En savoir plus sur ALFA ROMEO &#8211; Actualit\u00e9s Essais Avis neuves et occasions\">Lire plus<\/a><\/p>\n","protected":false},"author":3,"featured_media":0,"parent":13389,"menu_order":0,"comment_status":"closed","ping_status":"closed","template":"","meta":{"_uag_custom_page_level_css":"","_themeisle_gutenberg_block_has_review":false,"footnotes":""},"class_list":["post-13392","page","type-page","status-publish"],"wppr_data":{"cwp_meta_box_check":"No"},"yoast_head":"<!-- This site is optimized with the Yoast SEO plugin v24.8.1 - https:\/\/yoast.com\/wordpress\/plugins\/seo\/ -->\n<title>ALFA ROMEO - Actualit\u00e9s Essais Avis neuves et occasions - Blog auto Carid\u00e9al<\/title>\n<meta name=\"description\" content=\"Carideal.com se devait de mettre en avant Alfa Romeo. Vous trouvrez sur notre site web les informations sur la marque Alfa Romeo ses actualit\u00e9s, essais\" \/>\n<meta name=\"robots\" content=\"index, follow, max-snippet:-1, max-image-preview:large, max-video-preview:-1\" \/>\n<link rel=\"canonical\" href=\"https:\/\/www.carideal.com\/blog\/marque-de-voiture-actualites-essais\/alfa-romeo\/\" \/>\n<meta property=\"og:locale\" content=\"fr_FR\" \/>\n<meta property=\"og:type\" content=\"article\" \/>\n<meta property=\"og:title\" content=\"ALFA ROMEO - Actualit\u00e9s Essais Avis neuves et occasions - Blog auto Carid\u00e9al\" \/>\n<meta property=\"og:description\" content=\"Carideal.com se devait de mettre en avant Alfa Romeo. Vous trouvrez sur notre site web les informations sur la marque Alfa Romeo ses actualit\u00e9s, essais\" \/>\n<meta property=\"og:url\" content=\"https:\/\/www.carideal.com\/blog\/marque-de-voiture-actualites-essais\/alfa-romeo\/\" \/>\n<meta property=\"og:site_name\" content=\"Blog auto Carid\u00e9al\" \/>\n<meta property=\"article:publisher\" content=\"https:\/\/www.facebook.com\/Carideal.mandataire.automobile\" \/>\n<meta property=\"article:modified_time\" content=\"2023-08-18T09:31:13+00:00\" \/>\n<meta property=\"og:image\" content=\"http:\/\/www.carideal.com\/blog\/wp-content\/uploads\/2016\/11\/alfa-romeo-giulia.jpg\" \/>\n<meta name=\"twitter:card\" content=\"summary_large_image\" \/>\n<meta name=\"twitter:site\" content=\"@caridealauto\" \/>\n<meta name=\"twitter:label1\" content=\"Dur\u00e9e de lecture estim\u00e9e\" \/>\n\t<meta name=\"twitter:data1\" content=\"2 minutes\" \/>\n<script type=\"application\/ld+json\" class=\"yoast-schema-graph\">{\"@context\":\"https:\/\/schema.org\",\"@graph\":[{\"@type\":\"WebPage\",\"@id\":\"https:\/\/www.carideal.com\/blog\/marque-de-voiture-actualites-essais\/alfa-romeo\/\",\"url\":\"https:\/\/www.carideal.com\/blog\/marque-de-voiture-actualites-essais\/alfa-romeo\/\",\"name\":\"ALFA ROMEO - Actualit\u00e9s Essais Avis neuves et occasions - Blog auto Carid\u00e9al\",\"isPartOf\":{\"@id\":\"https:\/\/www.carideal.com\/blog\/#website\"},\"primaryImageOfPage\":{\"@id\":\"https:\/\/www.carideal.com\/blog\/marque-de-voiture-actualites-essais\/alfa-romeo\/#primaryimage\"},\"image\":{\"@id\":\"https:\/\/www.carideal.com\/blog\/marque-de-voiture-actualites-essais\/alfa-romeo\/#primaryimage\"},\"thumbnailUrl\":\"http:\/\/www.carideal.com\/blog\/wp-content\/uploads\/2016\/11\/alfa-romeo-giulia.jpg\",\"datePublished\":\"2016-11-13T12:55:15+00:00\",\"dateModified\":\"2023-08-18T09:31:13+00:00\",\"description\":\"Carideal.com se devait de mettre en avant Alfa Romeo. Vous trouvrez sur notre site web les informations sur la marque Alfa Romeo ses actualit\u00e9s, essais\",\"breadcrumb\":{\"@id\":\"https:\/\/www.carideal.com\/blog\/marque-de-voiture-actualites-essais\/alfa-romeo\/#breadcrumb\"},\"inLanguage\":\"fr-FR\",\"potentialAction\":[{\"@type\":\"ReadAction\",\"target\":[\"https:\/\/www.carideal.com\/blog\/marque-de-voiture-actualites-essais\/alfa-romeo\/\"]}]},{\"@type\":\"ImageObject\",\"inLanguage\":\"fr-FR\",\"@id\":\"https:\/\/www.carideal.com\/blog\/marque-de-voiture-actualites-essais\/alfa-romeo\/#primaryimage\",\"url\":\"https:\/\/www.carideal.com\/blog\/wp-content\/uploads\/2016\/11\/alfa-romeo-giulia.jpg\",\"contentUrl\":\"https:\/\/www.carideal.com\/blog\/wp-content\/uploads\/2016\/11\/alfa-romeo-giulia.jpg\",\"width\":201,\"height\":134,\"caption\":\"Alfa Romeo Giulia\"},{\"@type\":\"BreadcrumbList\",\"@id\":\"https:\/\/www.carideal.com\/blog\/marque-de-voiture-actualites-essais\/alfa-romeo\/#breadcrumb\",\"itemListElement\":[{\"@type\":\"ListItem\",\"position\":1,\"name\":\"Blog Carid\u00e9al\",\"item\":\"https:\/\/www.carideal.com\/blog\/\"},{\"@type\":\"ListItem\",\"position\":2,\"name\":\"Marque de voiture\",\"item\":\"https:\/\/www.carideal.com\/blog\/marque-de-voiture-actualites-essais\/\"},{\"@type\":\"ListItem\",\"position\":3,\"name\":\"ALFA ROMEO &#8211; Actualit\u00e9s Essais Avis neuves et occasions\"}]},{\"@type\":\"WebSite\",\"@id\":\"https:\/\/www.carideal.com\/blog\/#website\",\"url\":\"https:\/\/www.carideal.com\/blog\/\",\"name\":\"Blog auto Carid\u00e9al\",\"description\":\"Actualit\u00e9 auto par des passionn\u00e9s\",\"publisher\":{\"@id\":\"https:\/\/www.carideal.com\/blog\/#organization\"},\"potentialAction\":[{\"@type\":\"SearchAction\",\"target\":{\"@type\":\"EntryPoint\",\"urlTemplate\":\"https:\/\/www.carideal.com\/blog\/?s={search_term_string}\"},\"query-input\":{\"@type\":\"PropertyValueSpecification\",\"valueRequired\":true,\"valueName\":\"search_term_string\"}}],\"inLanguage\":\"fr-FR\"},{\"@type\":\"Organization\",\"@id\":\"https:\/\/www.carideal.com\/blog\/#organization\",\"name\":\"Carideal\",\"url\":\"https:\/\/www.carideal.com\/blog\/\",\"logo\":{\"@type\":\"ImageObject\",\"inLanguage\":\"fr-FR\",\"@id\":\"https:\/\/www.carideal.com\/blog\/#\/schema\/logo\/image\/\",\"url\":\"http:\/\/www.carideal.com\/blog\/wp-content\/uploads\/2016\/03\/logo-carideal-mandataire-automobile.png\",\"contentUrl\":\"http:\/\/www.carideal.com\/blog\/wp-content\/uploads\/2016\/03\/logo-carideal-mandataire-automobile.png\",\"width\":300,\"height\":300,\"caption\":\"Carideal\"},\"image\":{\"@id\":\"https:\/\/www.carideal.com\/blog\/#\/schema\/logo\/image\/\"},\"sameAs\":[\"https:\/\/www.facebook.com\/Carideal.mandataire.automobile\",\"https:\/\/x.com\/caridealauto\",\"https:\/\/www.instagram.com\/carideal1\/\",\"https:\/\/www.linkedin.com\/company\/carideal.com\",\"https:\/\/fr.pinterest.com\/schiavonsas\/\",\"https:\/\/www.youtube.com\/user\/caridealsas\"]}]}<\/script>\n<!-- \/ Yoast SEO plugin. -->","yoast_head_json":{"title":"ALFA ROMEO - Actualit\u00e9s Essais Avis neuves et occasions - Blog auto Carid\u00e9al","description":"Carideal.com se devait de mettre en avant Alfa Romeo. Vous trouvrez sur notre site web les informations sur la marque Alfa Romeo ses actualit\u00e9s, essais","robots":{"index":"index","follow":"follow","max-snippet":"max-snippet:-1","max-image-preview":"max-image-preview:large","max-video-preview":"max-video-preview:-1"},"canonical":"https:\/\/www.carideal.com\/blog\/marque-de-voiture-actualites-essais\/alfa-romeo\/","og_locale":"fr_FR","og_type":"article","og_title":"ALFA ROMEO - Actualit\u00e9s Essais Avis neuves et occasions - Blog auto Carid\u00e9al","og_description":"Carideal.com se devait de mettre en avant Alfa Romeo. Vous trouvrez sur notre site web les informations sur la marque Alfa Romeo ses actualit\u00e9s, essais","og_url":"https:\/\/www.carideal.com\/blog\/marque-de-voiture-actualites-essais\/alfa-romeo\/","og_site_name":"Blog auto Carid\u00e9al","article_publisher":"https:\/\/www.facebook.com\/Carideal.mandataire.automobile","article_modified_time":"2023-08-18T09:31:13+00:00","og_image":[{"url":"http:\/\/www.carideal.com\/blog\/wp-content\/uploads\/2016\/11\/alfa-romeo-giulia.jpg","type":"","width":"","height":""}],"twitter_card":"summary_large_image","twitter_site":"@caridealauto","twitter_misc":{"Dur\u00e9e de lecture estim\u00e9e":"2 minutes"},"schema":{"@context":"https:\/\/schema.org","@graph":[{"@type":"WebPage","@id":"https:\/\/www.carideal.com\/blog\/marque-de-voiture-actualites-essais\/alfa-romeo\/","url":"https:\/\/www.carideal.com\/blog\/marque-de-voiture-actualites-essais\/alfa-romeo\/","name":"ALFA ROMEO - Actualit\u00e9s Essais Avis neuves et occasions - Blog auto Carid\u00e9al","isPartOf":{"@id":"https:\/\/www.carideal.com\/blog\/#website"},"primaryImageOfPage":{"@id":"https:\/\/www.carideal.com\/blog\/marque-de-voiture-actualites-essais\/alfa-romeo\/#primaryimage"},"image":{"@id":"https:\/\/www.carideal.com\/blog\/marque-de-voiture-actualites-essais\/alfa-romeo\/#primaryimage"},"thumbnailUrl":"http:\/\/www.carideal.com\/blog\/wp-content\/uploads\/2016\/11\/alfa-romeo-giulia.jpg","datePublished":"2016-11-13T12:55:15+00:00","dateModified":"2023-08-18T09:31:13+00:00","description":"Carideal.com se devait de mettre en avant Alfa Romeo. Vous trouvrez sur notre site web les informations sur la marque Alfa Romeo ses actualit\u00e9s, essais","breadcrumb":{"@id":"https:\/\/www.carideal.com\/blog\/marque-de-voiture-actualites-essais\/alfa-romeo\/#breadcrumb"},"inLanguage":"fr-FR","potentialAction":[{"@type":"ReadAction","target":["https:\/\/www.carideal.com\/blog\/marque-de-voiture-actualites-essais\/alfa-romeo\/"]}]},{"@type":"ImageObject","inLanguage":"fr-FR","@id":"https:\/\/www.carideal.com\/blog\/marque-de-voiture-actualites-essais\/alfa-romeo\/#primaryimage","url":"https:\/\/www.carideal.com\/blog\/wp-content\/uploads\/2016\/11\/alfa-romeo-giulia.jpg","contentUrl":"https:\/\/www.carideal.com\/blog\/wp-content\/uploads\/2016\/11\/alfa-romeo-giulia.jpg","width":201,"height":134,"caption":"Alfa Romeo Giulia"},{"@type":"BreadcrumbList","@id":"https:\/\/www.carideal.com\/blog\/marque-de-voiture-actualites-essais\/alfa-romeo\/#breadcrumb","itemListElement":[{"@type":"ListItem","position":1,"name":"Blog Carid\u00e9al","item":"https:\/\/www.carideal.com\/blog\/"},{"@type":"ListItem","position":2,"name":"Marque de voiture","item":"https:\/\/www.carideal.com\/blog\/marque-de-voiture-actualites-essais\/"},{"@type":"ListItem","position":3,"name":"ALFA ROMEO &#8211; Actualit\u00e9s Essais Avis neuves et occasions"}]},{"@type":"WebSite","@id":"https:\/\/www.carideal.com\/blog\/#website","url":"https:\/\/www.carideal.com\/blog\/","name":"Blog auto Carid\u00e9al","description":"Actualit\u00e9 auto par des passionn\u00e9s","publisher":{"@id":"https:\/\/www.carideal.com\/blog\/#organization"},"potentialAction":[{"@type":"SearchAction","target":{"@type":"EntryPoint","urlTemplate":"https:\/\/www.carideal.com\/blog\/?s={search_term_string}"},"query-input":{"@type":"PropertyValueSpecification","valueRequired":true,"valueName":"search_term_string"}}],"inLanguage":"fr-FR"},{"@type":"Organization","@id":"https:\/\/www.carideal.com\/blog\/#organization","name":"Carideal","url":"https:\/\/www.carideal.com\/blog\/","logo":{"@type":"ImageObject","inLanguage":"fr-FR","@id":"https:\/\/www.carideal.com\/blog\/#\/schema\/logo\/image\/","url":"http:\/\/www.carideal.com\/blog\/wp-content\/uploads\/2016\/03\/logo-carideal-mandataire-automobile.png","contentUrl":"http:\/\/www.carideal.com\/blog\/wp-content\/uploads\/2016\/03\/logo-carideal-mandataire-automobile.png","width":300,"height":300,"caption":"Carideal"},"image":{"@id":"https:\/\/www.carideal.com\/blog\/#\/schema\/logo\/image\/"},"sameAs":["https:\/\/www.facebook.com\/Carideal.mandataire.automobile","https:\/\/x.com\/caridealauto","https:\/\/www.instagram.com\/carideal1\/","https:\/\/www.linkedin.com\/company\/carideal.com","https:\/\/fr.pinterest.com\/schiavonsas\/","https:\/\/www.youtube.com\/user\/caridealsas"]}]}},"uagb_featured_image_src":{"full":false,"thumbnail":false,"medium":false,"medium_large":false,"large":false,"1536x1536":false,"2048x2048":false,"wppr-widget":false},"uagb_author_info":{"display_name":"Nicolas SCHIAVON","author_link":"https:\/\/www.carideal.com\/blog\/author\/nschiavon\/"},"uagb_comment_info":0,"uagb_excerpt":"ALFA ROMEO - Actualit\u00e9s Essais Avis neuves et occasions Infos sur Alfa Romeo | Actualit\u00e9 | Essais | Voiture d'occasion | Voiture neuve | Prix du neuf | Guide d'achat Parmi toutes les marques prestigieuses, Carideal.com se devait de mettre en avant Alfa Romeo. Vous trouverez sur notre site web les informations sur la marque\u2026","_links":{"self":[{"href":"https:\/\/www.carideal.com\/blog\/wp-json\/wp\/v2\/pages\/13392"}],"collection":[{"href":"https:\/\/www.carideal.com\/blog\/wp-json\/wp\/v2\/pages"}],"about":[{"href":"https:\/\/www.carideal.com\/blog\/wp-json\/wp\/v2\/types\/page"}],"author":[{"embeddable":true,"href":"https:\/\/www.carideal.com\/blog\/wp-json\/wp\/v2\/users\/3"}],"replies":[{"embeddable":true,"href":"https:\/\/www.carideal.com\/blog\/wp-json\/wp\/v2\/comments?post=13392"}],"version-history":[{"count":0,"href":"https:\/\/www.carideal.com\/blog\/wp-json\/wp\/v2\/pages\/13392\/revisions"}],"up":[{"embeddable":true,"href":"https:\/\/www.carideal.com\/blog\/wp-json\/wp\/v2\/pages\/13389"}],"wp:attachment":[{"href":"https:\/\/www.carideal.com\/blog\/wp-json\/wp\/v2\/media?parent=13392"}],"curies":[{"name":"wp","href":"https:\/\/api.w.org\/{rel}","templated":true}]}}