{"version":"1.0","provider_name":"Blog auto Carid\u00e9al","provider_url":"https:\/\/www.carideal.com\/blog","title":"Jaguar XE commercialis\u00e9e en F\u00e9vrier 2015 - Blog auto Carid\u00e9al","type":"rich","width":600,"height":338,"html":"<blockquote class=\"wp-embedded-content\" data-secret=\"pLYSPh8fD0\"><a href=\"https:\/\/www.carideal.com\/blog\/2014\/11\/15\/jaguar-xe-commercialisee-en-fevrier-2015\/\">Jaguar XE commercialis\u00e9e en F\u00e9vrier 2015<\/a><\/blockquote><iframe sandbox=\"allow-scripts\" security=\"restricted\" src=\"https:\/\/www.carideal.com\/blog\/2014\/11\/15\/jaguar-xe-commercialisee-en-fevrier-2015\/embed\/#?secret=pLYSPh8fD0\" width=\"600\" height=\"338\" title=\"\u00ab\u00a0Jaguar XE commercialis\u00e9e en F\u00e9vrier 2015\u00a0\u00bb &#8212; Blog auto Carid\u00e9al\" data-secret=\"pLYSPh8fD0\" frameborder=\"0\" marginwidth=\"0\" marginheight=\"0\" scrolling=\"no\" class=\"wp-embedded-content\"><\/iframe><script>\n\/*! This file is auto-generated *\/\n!function(d,l){\"use strict\";l.querySelector&&d.addEventListener&&\"undefined\"!=typeof URL&&(d.wp=d.wp||{},d.wp.receiveEmbedMessage||(d.wp.receiveEmbedMessage=function(e){var t=e.data;if((t||t.secret||t.message||t.value)&&!\/[^a-zA-Z0-9]\/.test(t.secret)){for(var s,r,n,a=l.querySelectorAll('iframe[data-secret=\"'+t.secret+'\"]'),o=l.querySelectorAll('blockquote[data-secret=\"'+t.secret+'\"]'),c=new RegExp(\"^https?:$\",\"i\"),i=0;i<o.length;i++)o[i].style.display=\"none\";for(i=0;i<a.length;i++)s=a[i],e.source===s.contentWindow&&(s.removeAttribute(\"style\"),\"height\"===t.message?(1e3<(r=parseInt(t.value,10))?r=1e3:~~r<200&&(r=200),s.height=r):\"link\"===t.message&&(r=new URL(s.getAttribute(\"src\")),n=new URL(t.value),c.test(n.protocol))&&n.host===r.host&&l.activeElement===s&&(d.top.location.href=t.value))}},d.addEventListener(\"message\",d.wp.receiveEmbedMessage,!1),l.addEventListener(\"DOMContentLoaded\",function(){for(var e,t,s=l.querySelectorAll(\"iframe.wp-embedded-content\"),r=0;r<s.length;r++)(t=(e=s[r]).getAttribute(\"data-secret\"))||(t=Math.random().toString(36).substring(2,12),e.src+=\"#?secret=\"+t,e.setAttribute(\"data-secret\",t)),e.contentWindow.postMessage({message:\"ready\",secret:t},\"*\")},!1)))}(window,document);\n<\/script>\n","description":"JAGUAR XE COMMERCIALIS\u00c9E EN F\u00c9VRIER 2015 Moteur 2.0 diesel de 163 ch \u00c0 partir de 37 000 \u20ac (estimation) Le constructeur annonce la Jaguar XE comme le mod\u00e8le le plus important de son histoire. Il s'agit aussi de faire oublier les d\u00e9boires de feu la X-Type. Cette fois, la berline familiale Jaguar est une production ... Lire plus","thumbnail_url":"http:\/\/www.carideal.com\/images_actualite\/jaguarxe2015caridealmandataireautomobile-1416136996.jpg"}

Blog auto Caridéal

Jaguar XE commercialisée en Février 2015 - Blog auto Caridéal

<blockquote class="wp-embedded-content" data-secret="pLYSPh8fD0"><a href="https://www.carideal.com/blog/2014/11/15/jaguar-xe-commercialisee-en-fevrier-2015/">Jaguar XE commercialisée en Février 2015</a></blockquote><iframe sandbox="allow-scripts" security="restricted" src="https://www.carideal.com/blog/2014/11/15/jaguar-xe-commercialisee-en-fevrier-2015/embed/#?secret=pLYSPh8fD0" width="600" height="338" title="« Jaguar XE commercialisée en Février 2015 » &#8212; Blog auto Caridéal" data-secret="pLYSPh8fD0" frameborder="0" marginwidth="0" marginheight="0" scrolling="no" class="wp-embedded-content"></iframe><script>
/*! This file is auto-generated */
!function(d,l){"use strict";l.querySelector&&d.addEventListener&&"undefined"!=typeof URL&&(d.wp=d.wp||{},d.wp.receiveEmbedMessage||(d.wp.receiveEmbedMessage=function(e){var t=e.data;if((t||t.secret||t.message||t.value)&&!/[^a-zA-Z0-9]/.test(t.secret)){for(var s,r,n,a=l.querySelectorAll('iframe[data-secret="'+t.secret+'"]'),o=l.querySelectorAll('blockquote[data-secret="'+t.secret+'"]'),c=new RegExp("^https?:$","i"),i=0;i<o.length;i++)o[i].style.display="none";for(i=0;i<a.length;i++)s=a[i],e.source===s.contentWindow&&(s.removeAttribute("style"),"height"===t.message?(1e3<(r=parseInt(t.value,10))?r=1e3:~~r<200&&(r=200),s.height=r):"link"===t.message&&(r=new URL(s.getAttribute("src")),n=new URL(t.value),c.test(n.protocol))&&n.host===r.host&&l.activeElement===s&&(d.top.location.href=t.value))}},d.addEventListener("message",d.wp.receiveEmbedMessage,!1),l.addEventListener("DOMContentLoaded",function(){for(var e,t,s=l.querySelectorAll("iframe.wp-embedded-content"),r=0;r<s.length;r++)(t=(e=s[r]).getAttribute("data-secret"))||(t=Math.random().toString(36).substring(2,12),e.src+="#?secret="+t,e.setAttribute("data-secret",t)),e.contentWindow.postMessage({message:"ready",secret:t},"*")},!1)))}(window,document);
</script>

JAGUAR XE COMMERCIALISÉE EN FÉVRIER 2015 Moteur 2.0 diesel de 163 ch À partir de 37 000 € (estimation) Le constructeur annonce la Jaguar XE comme le modèle le plus important de son histoire. Il s'agit aussi de faire oublier les déboires de feu la X-Type. Cette fois, la berline familiale Jaguar est une production ... Lire plus
