{"version":"1.0","provider_name":"Blog auto Carid\u00e9al","provider_url":"https:\/\/www.carideal.com\/blog","title":"VOLVO XC90 COMMERCIALISATION EN F\u00c9VRIER 2015 - Blog auto Carid\u00e9al","type":"rich","width":600,"height":338,"html":"<blockquote class=\"wp-embedded-content\" data-secret=\"VcNPtbZ4l1\"><a href=\"https:\/\/www.carideal.com\/blog\/2014\/11\/05\/volvo-xc90-commercialisation-en-fevrier-2015\/\">VOLVO XC90 COMMERCIALISATION EN F\u00c9VRIER 2015<\/a><\/blockquote><iframe sandbox=\"allow-scripts\" security=\"restricted\" src=\"https:\/\/www.carideal.com\/blog\/2014\/11\/05\/volvo-xc90-commercialisation-en-fevrier-2015\/embed\/#?secret=VcNPtbZ4l1\" width=\"600\" height=\"338\" title=\"\u00ab\u00a0VOLVO XC90 COMMERCIALISATION EN F\u00c9VRIER 2015\u00a0\u00bb &#8212; Blog auto Carid\u00e9al\" data-secret=\"VcNPtbZ4l1\" frameborder=\"0\" marginwidth=\"0\" marginheight=\"0\" scrolling=\"no\" class=\"wp-embedded-content\"><\/iframe><script>\n\/*! This file is auto-generated *\/\n!function(d,l){\"use strict\";l.querySelector&&d.addEventListener&&\"undefined\"!=typeof URL&&(d.wp=d.wp||{},d.wp.receiveEmbedMessage||(d.wp.receiveEmbedMessage=function(e){var t=e.data;if((t||t.secret||t.message||t.value)&&!\/[^a-zA-Z0-9]\/.test(t.secret)){for(var s,r,n,a=l.querySelectorAll('iframe[data-secret=\"'+t.secret+'\"]'),o=l.querySelectorAll('blockquote[data-secret=\"'+t.secret+'\"]'),c=new RegExp(\"^https?:$\",\"i\"),i=0;i<o.length;i++)o[i].style.display=\"none\";for(i=0;i<a.length;i++)s=a[i],e.source===s.contentWindow&&(s.removeAttribute(\"style\"),\"height\"===t.message?(1e3<(r=parseInt(t.value,10))?r=1e3:~~r<200&&(r=200),s.height=r):\"link\"===t.message&&(r=new URL(s.getAttribute(\"src\")),n=new URL(t.value),c.test(n.protocol))&&n.host===r.host&&l.activeElement===s&&(d.top.location.href=t.value))}},d.addEventListener(\"message\",d.wp.receiveEmbedMessage,!1),l.addEventListener(\"DOMContentLoaded\",function(){for(var e,t,s=l.querySelectorAll(\"iframe.wp-embedded-content\"),r=0;r<s.length;r++)(t=(e=s[r]).getAttribute(\"data-secret\"))||(t=Math.random().toString(36).substring(2,12),e.src+=\"#?secret=\"+t,e.setAttribute(\"data-secret\",t)),e.contentWindow.postMessage({message:\"ready\",secret:t},\"*\")},!1)))}(window,document);\n<\/script>\n","description":"Fin du suspens pour la Volvo XC 90 2015 VOLVO XC90 COMMERCIALISATION EN F\u00c9VRIER 2015 Le premier XC90 est n\u00e9 voil\u00e0 douze ans, quand la France et ses parte\u00adnaires d\u00e9couvraient l' euro... leur nouvelle monnaie. C'est dire si, depuis, le paysage automobile a chang\u00e9&nbsp;: explosion des SUV, march\u00e9s chi\u00adnois et russe en pleine expan\u00adsion, et ... Lire plus","thumbnail_url":"https:\/\/www.carideal.com\/blog\/wp-content\/uploads\/2016\/03\/logo-carideal-mandataire-automobile.png","thumbnail_width":300,"thumbnail_height":300}

Blog auto Caridéal

VOLVO XC90 COMMERCIALISATION EN FÉVRIER 2015 - Blog auto Caridéal

<blockquote class="wp-embedded-content" data-secret="VcNPtbZ4l1"><a href="https://www.carideal.com/blog/2014/11/05/volvo-xc90-commercialisation-en-fevrier-2015/">VOLVO XC90 COMMERCIALISATION EN FÉVRIER 2015</a></blockquote><iframe sandbox="allow-scripts" security="restricted" src="https://www.carideal.com/blog/2014/11/05/volvo-xc90-commercialisation-en-fevrier-2015/embed/#?secret=VcNPtbZ4l1" width="600" height="338" title="« VOLVO XC90 COMMERCIALISATION EN FÉVRIER 2015 » &#8212; Blog auto Caridéal" data-secret="VcNPtbZ4l1" frameborder="0" marginwidth="0" marginheight="0" scrolling="no" class="wp-embedded-content"></iframe><script>
/*! This file is auto-generated */
!function(d,l){"use strict";l.querySelector&&d.addEventListener&&"undefined"!=typeof URL&&(d.wp=d.wp||{},d.wp.receiveEmbedMessage||(d.wp.receiveEmbedMessage=function(e){var t=e.data;if((t||t.secret||t.message||t.value)&&!/[^a-zA-Z0-9]/.test(t.secret)){for(var s,r,n,a=l.querySelectorAll('iframe[data-secret="'+t.secret+'"]'),o=l.querySelectorAll('blockquote[data-secret="'+t.secret+'"]'),c=new RegExp("^https?:$","i"),i=0;i<o.length;i++)o[i].style.display="none";for(i=0;i<a.length;i++)s=a[i],e.source===s.contentWindow&&(s.removeAttribute("style"),"height"===t.message?(1e3<(r=parseInt(t.value,10))?r=1e3:~~r<200&&(r=200),s.height=r):"link"===t.message&&(r=new URL(s.getAttribute("src")),n=new URL(t.value),c.test(n.protocol))&&n.host===r.host&&l.activeElement===s&&(d.top.location.href=t.value))}},d.addEventListener("message",d.wp.receiveEmbedMessage,!1),l.addEventListener("DOMContentLoaded",function(){for(var e,t,s=l.querySelectorAll("iframe.wp-embedded-content"),r=0;r<s.length;r++)(t=(e=s[r]).getAttribute("data-secret"))||(t=Math.random().toString(36).substring(2,12),e.src+="#?secret="+t,e.setAttribute("data-secret",t)),e.contentWindow.postMessage({message:"ready",secret:t},"*")},!1)))}(window,document);
</script>

Fin du suspens pour la Volvo XC 90 2015 VOLVO XC90 COMMERCIALISATION EN FÉVRIER 2015 Le premier XC90 est né voilà douze ans, quand la France et ses parte­naires découvraient l' euro... leur nouvelle monnaie. C'est dire si, depuis, le paysage automobile a changé&nbsp;: explosion des SUV, marchés chi­nois et russe en pleine expan­sion, et ... Lire plus
