{"version":"1.0","provider_name":"Blog auto Carid\u00e9al","provider_url":"https:\/\/www.carideal.com\/blog","title":"gm va tester la voiture autonome des 2017 - Blog auto Carid\u00e9al","type":"rich","width":600,"height":338,"html":"<blockquote class=\"wp-embedded-content\" data-secret=\"OPxCPT1U7H\"><a href=\"https:\/\/www.carideal.com\/blog\/2014\/09\/24\/gm-va-tester-la-voiture-autonome-des-2017\/\">gm va tester la voiture autonome des 2017<\/a><\/blockquote><iframe sandbox=\"allow-scripts\" security=\"restricted\" src=\"https:\/\/www.carideal.com\/blog\/2014\/09\/24\/gm-va-tester-la-voiture-autonome-des-2017\/embed\/#?secret=OPxCPT1U7H\" width=\"600\" height=\"338\" title=\"\u00ab\u00a0gm va tester la voiture autonome des 2017\u00a0\u00bb &#8212; Blog auto Carid\u00e9al\" data-secret=\"OPxCPT1U7H\" frameborder=\"0\" marginwidth=\"0\" marginheight=\"0\" scrolling=\"no\" class=\"wp-embedded-content\"><\/iframe><script>\n\/*! This file is auto-generated *\/\n!function(d,l){\"use strict\";l.querySelector&&d.addEventListener&&\"undefined\"!=typeof URL&&(d.wp=d.wp||{},d.wp.receiveEmbedMessage||(d.wp.receiveEmbedMessage=function(e){var t=e.data;if((t||t.secret||t.message||t.value)&&!\/[^a-zA-Z0-9]\/.test(t.secret)){for(var s,r,n,a=l.querySelectorAll('iframe[data-secret=\"'+t.secret+'\"]'),o=l.querySelectorAll('blockquote[data-secret=\"'+t.secret+'\"]'),c=new RegExp(\"^https?:$\",\"i\"),i=0;i<o.length;i++)o[i].style.display=\"none\";for(i=0;i<a.length;i++)s=a[i],e.source===s.contentWindow&&(s.removeAttribute(\"style\"),\"height\"===t.message?(1e3<(r=parseInt(t.value,10))?r=1e3:~~r<200&&(r=200),s.height=r):\"link\"===t.message&&(r=new URL(s.getAttribute(\"src\")),n=new URL(t.value),c.test(n.protocol))&&n.host===r.host&&l.activeElement===s&&(d.top.location.href=t.value))}},d.addEventListener(\"message\",d.wp.receiveEmbedMessage,!1),l.addEventListener(\"DOMContentLoaded\",function(){for(var e,t,s=l.querySelectorAll(\"iframe.wp-embedded-content\"),r=0;r<s.length;r++)(t=(e=s[r]).getAttribute(\"data-secret\"))||(t=Math.random().toString(36).substring(2,12),e.src+=\"#?secret=\"+t,e.setAttribute(\"data-secret\",t)),e.contentWindow.postMessage({message:\"ready\",secret:t},\"*\")},!1)))}(window,document);\n<\/script>\n","description":"GM va tester la voiture autonome d\u00e8s 2017 GM va tester la voiture autonome d\u00e8s 2017. Mary Barra la pr\u00e9sidente de G\u00e9n\u00e9ral Motors, le g\u00e9ant am\u00e9ricains vient d'annoncer que la voiture autonome fera ses premiers tours de roues d'ici \u00e0 trois ans. Un syst\u00e8me appel\u00e9 Super Cruise, sera install\u00e9 sur certaine Cadillac, et permettra dans ... Lire plus","thumbnail_url":"http:\/\/www.carideal.com\/images_actualite\/generalmotorscadillacvoitureautonome-1411635718.jpg"}

Blog auto Caridéal

gm va tester la voiture autonome des 2017 - Blog auto Caridéal

<blockquote class="wp-embedded-content" data-secret="OPxCPT1U7H"><a href="https://www.carideal.com/blog/2014/09/24/gm-va-tester-la-voiture-autonome-des-2017/">gm va tester la voiture autonome des 2017</a></blockquote><iframe sandbox="allow-scripts" security="restricted" src="https://www.carideal.com/blog/2014/09/24/gm-va-tester-la-voiture-autonome-des-2017/embed/#?secret=OPxCPT1U7H" width="600" height="338" title="« gm va tester la voiture autonome des 2017 » &#8212; Blog auto Caridéal" data-secret="OPxCPT1U7H" frameborder="0" marginwidth="0" marginheight="0" scrolling="no" class="wp-embedded-content"></iframe><script>
/*! This file is auto-generated */
!function(d,l){"use strict";l.querySelector&&d.addEventListener&&"undefined"!=typeof URL&&(d.wp=d.wp||{},d.wp.receiveEmbedMessage||(d.wp.receiveEmbedMessage=function(e){var t=e.data;if((t||t.secret||t.message||t.value)&&!/[^a-zA-Z0-9]/.test(t.secret)){for(var s,r,n,a=l.querySelectorAll('iframe[data-secret="'+t.secret+'"]'),o=l.querySelectorAll('blockquote[data-secret="'+t.secret+'"]'),c=new RegExp("^https?:$","i"),i=0;i<o.length;i++)o[i].style.display="none";for(i=0;i<a.length;i++)s=a[i],e.source===s.contentWindow&&(s.removeAttribute("style"),"height"===t.message?(1e3<(r=parseInt(t.value,10))?r=1e3:~~r<200&&(r=200),s.height=r):"link"===t.message&&(r=new URL(s.getAttribute("src")),n=new URL(t.value),c.test(n.protocol))&&n.host===r.host&&l.activeElement===s&&(d.top.location.href=t.value))}},d.addEventListener("message",d.wp.receiveEmbedMessage,!1),l.addEventListener("DOMContentLoaded",function(){for(var e,t,s=l.querySelectorAll("iframe.wp-embedded-content"),r=0;r<s.length;r++)(t=(e=s[r]).getAttribute("data-secret"))||(t=Math.random().toString(36).substring(2,12),e.src+="#?secret="+t,e.setAttribute("data-secret",t)),e.contentWindow.postMessage({message:"ready",secret:t},"*")},!1)))}(window,document);
</script>

GM va tester la voiture autonome dès 2017 GM va tester la voiture autonome dès 2017. Mary Barra la présidente de Général Motors, le géant américains vient d'annoncer que la voiture autonome fera ses premiers tours de roues d'ici à trois ans. Un système appelé Super Cruise, sera installé sur certaine Cadillac, et permettra dans ... Lire plus
