{"version":"1.0","provider_name":"Blog auto Carid\u00e9al","provider_url":"https:\/\/www.carideal.com\/blog","title":"Nouvelle Renault M\u00e9gane restyl\u00e9e 2014 - Blog auto Carid\u00e9al","type":"rich","width":600,"height":338,"html":"<blockquote class=\"wp-embedded-content\" data-secret=\"nI04zgBCMf\"><a href=\"https:\/\/www.carideal.com\/blog\/2013\/12\/26\/nouvelle-renault-megane-restylee-2014\/\">Nouvelle Renault M\u00e9gane restyl\u00e9e 2014<\/a><\/blockquote><iframe sandbox=\"allow-scripts\" security=\"restricted\" src=\"https:\/\/www.carideal.com\/blog\/2013\/12\/26\/nouvelle-renault-megane-restylee-2014\/embed\/#?secret=nI04zgBCMf\" width=\"600\" height=\"338\" title=\"\u00ab\u00a0Nouvelle Renault M\u00e9gane restyl\u00e9e 2014\u00a0\u00bb &#8212; Blog auto Carid\u00e9al\" data-secret=\"nI04zgBCMf\" frameborder=\"0\" marginwidth=\"0\" marginheight=\"0\" scrolling=\"no\" class=\"wp-embedded-content\"><\/iframe><script>\n\/*! This file is auto-generated *\/\n!function(d,l){\"use strict\";l.querySelector&&d.addEventListener&&\"undefined\"!=typeof URL&&(d.wp=d.wp||{},d.wp.receiveEmbedMessage||(d.wp.receiveEmbedMessage=function(e){var t=e.data;if((t||t.secret||t.message||t.value)&&!\/[^a-zA-Z0-9]\/.test(t.secret)){for(var s,r,n,a=l.querySelectorAll('iframe[data-secret=\"'+t.secret+'\"]'),o=l.querySelectorAll('blockquote[data-secret=\"'+t.secret+'\"]'),c=new RegExp(\"^https?:$\",\"i\"),i=0;i<o.length;i++)o[i].style.display=\"none\";for(i=0;i<a.length;i++)s=a[i],e.source===s.contentWindow&&(s.removeAttribute(\"style\"),\"height\"===t.message?(1e3<(r=parseInt(t.value,10))?r=1e3:~~r<200&&(r=200),s.height=r):\"link\"===t.message&&(r=new URL(s.getAttribute(\"src\")),n=new URL(t.value),c.test(n.protocol))&&n.host===r.host&&l.activeElement===s&&(d.top.location.href=t.value))}},d.addEventListener(\"message\",d.wp.receiveEmbedMessage,!1),l.addEventListener(\"DOMContentLoaded\",function(){for(var e,t,s=l.querySelectorAll(\"iframe.wp-embedded-content\"),r=0;r<s.length;r++)(t=(e=s[r]).getAttribute(\"data-secret\"))||(t=Math.random().toString(36).substring(2,12),e.src+=\"#?secret=\"+t,e.setAttribute(\"data-secret\",t)),e.contentWindow.postMessage({message:\"ready\",secret:t},\"*\")},!1)))}(window,document);\n<\/script>\n","description":"Nouvelle #Renault #M\u00e9gane restyl\u00e9e 2014 Elle ne devait sortir qu'en f\u00e9vrier 2014, mais la concurrence f\u00e9roce de la nouvelle Peugeot 308 ainsi que de la Volkswagen Golf 7, oblige la Renault M\u00e9gane restyl\u00e9e 2014 \u00e0 sortir du bois plus t\u00f4t, elle est d\u00e9j\u00e0 en vente. Elle reprend le gros logo de la nouvelle Clio avec ... Lire plus","thumbnail_url":"https:\/\/www.carideal.com\/blog\/wp-content\/uploads\/2016\/03\/logo-carideal-mandataire-automobile.png","thumbnail_width":300,"thumbnail_height":300}

Blog auto Caridéal

Nouvelle Renault Mégane restylée 2014 - Blog auto Caridéal

<blockquote class="wp-embedded-content" data-secret="nI04zgBCMf"><a href="https://www.carideal.com/blog/2013/12/26/nouvelle-renault-megane-restylee-2014/">Nouvelle Renault Mégane restylée 2014</a></blockquote><iframe sandbox="allow-scripts" security="restricted" src="https://www.carideal.com/blog/2013/12/26/nouvelle-renault-megane-restylee-2014/embed/#?secret=nI04zgBCMf" width="600" height="338" title="« Nouvelle Renault Mégane restylée 2014 » &#8212; Blog auto Caridéal" data-secret="nI04zgBCMf" frameborder="0" marginwidth="0" marginheight="0" scrolling="no" class="wp-embedded-content"></iframe><script>
/*! This file is auto-generated */
!function(d,l){"use strict";l.querySelector&&d.addEventListener&&"undefined"!=typeof URL&&(d.wp=d.wp||{},d.wp.receiveEmbedMessage||(d.wp.receiveEmbedMessage=function(e){var t=e.data;if((t||t.secret||t.message||t.value)&&!/[^a-zA-Z0-9]/.test(t.secret)){for(var s,r,n,a=l.querySelectorAll('iframe[data-secret="'+t.secret+'"]'),o=l.querySelectorAll('blockquote[data-secret="'+t.secret+'"]'),c=new RegExp("^https?:$","i"),i=0;i<o.length;i++)o[i].style.display="none";for(i=0;i<a.length;i++)s=a[i],e.source===s.contentWindow&&(s.removeAttribute("style"),"height"===t.message?(1e3<(r=parseInt(t.value,10))?r=1e3:~~r<200&&(r=200),s.height=r):"link"===t.message&&(r=new URL(s.getAttribute("src")),n=new URL(t.value),c.test(n.protocol))&&n.host===r.host&&l.activeElement===s&&(d.top.location.href=t.value))}},d.addEventListener("message",d.wp.receiveEmbedMessage,!1),l.addEventListener("DOMContentLoaded",function(){for(var e,t,s=l.querySelectorAll("iframe.wp-embedded-content"),r=0;r<s.length;r++)(t=(e=s[r]).getAttribute("data-secret"))||(t=Math.random().toString(36).substring(2,12),e.src+="#?secret="+t,e.setAttribute("data-secret",t)),e.contentWindow.postMessage({message:"ready",secret:t},"*")},!1)))}(window,document);
</script>

Nouvelle #Renault #Mégane restylée 2014 Elle ne devait sortir qu'en février 2014, mais la concurrence féroce de la nouvelle Peugeot 308 ainsi que de la Volkswagen Golf 7, oblige la Renault Mégane restylée 2014 à sortir du bois plus tôt, elle est déjà en vente. Elle reprend le gros logo de la nouvelle Clio avec ... Lire plus
