{"version":"1.0","provider_name":"Blog auto Carid\u00e9al","provider_url":"https:\/\/www.carideal.com\/blog","title":"La nouvelle Audi A8 restyl\u00e9e arrive - Blog auto Carid\u00e9al","type":"rich","width":600,"height":338,"html":"<blockquote class=\"wp-embedded-content\" data-secret=\"HVfnagButf\"><a href=\"https:\/\/www.carideal.com\/blog\/2013\/11\/24\/la-nouvelle-audi-a8-restylee-arrive\/\">La nouvelle Audi A8 restyl\u00e9e arrive<\/a><\/blockquote><iframe sandbox=\"allow-scripts\" security=\"restricted\" src=\"https:\/\/www.carideal.com\/blog\/2013\/11\/24\/la-nouvelle-audi-a8-restylee-arrive\/embed\/#?secret=HVfnagButf\" width=\"600\" height=\"338\" title=\"\u00ab\u00a0La nouvelle Audi A8 restyl\u00e9e arrive\u00a0\u00bb &#8212; Blog auto Carid\u00e9al\" data-secret=\"HVfnagButf\" frameborder=\"0\" marginwidth=\"0\" marginheight=\"0\" scrolling=\"no\" class=\"wp-embedded-content\"><\/iframe><script>\n\/*! This file is auto-generated *\/\n!function(d,l){\"use strict\";l.querySelector&&d.addEventListener&&\"undefined\"!=typeof URL&&(d.wp=d.wp||{},d.wp.receiveEmbedMessage||(d.wp.receiveEmbedMessage=function(e){var t=e.data;if((t||t.secret||t.message||t.value)&&!\/[^a-zA-Z0-9]\/.test(t.secret)){for(var s,r,n,a=l.querySelectorAll('iframe[data-secret=\"'+t.secret+'\"]'),o=l.querySelectorAll('blockquote[data-secret=\"'+t.secret+'\"]'),c=new RegExp(\"^https?:$\",\"i\"),i=0;i<o.length;i++)o[i].style.display=\"none\";for(i=0;i<a.length;i++)s=a[i],e.source===s.contentWindow&&(s.removeAttribute(\"style\"),\"height\"===t.message?(1e3<(r=parseInt(t.value,10))?r=1e3:~~r<200&&(r=200),s.height=r):\"link\"===t.message&&(r=new URL(s.getAttribute(\"src\")),n=new URL(t.value),c.test(n.protocol))&&n.host===r.host&&l.activeElement===s&&(d.top.location.href=t.value))}},d.addEventListener(\"message\",d.wp.receiveEmbedMessage,!1),l.addEventListener(\"DOMContentLoaded\",function(){for(var e,t,s=l.querySelectorAll(\"iframe.wp-embedded-content\"),r=0;r<s.length;r++)(t=(e=s[r]).getAttribute(\"data-secret\"))||(t=Math.random().toString(36).substring(2,12),e.src+=\"#?secret=\"+t,e.setAttribute(\"data-secret\",t)),e.contentWindow.postMessage({message:\"ready\",secret:t},\"*\")},!1)))}(window,document);\n<\/script>\n","description":"Audi A8 nouvelle &amp; restyl\u00e9e Audi veut r\u00e9agir \u00e0 la nouvelle Mercedes Classe s et nous pr\u00e9pare une A8 l\u00e9g\u00e8rement restyl\u00e9e pour le mois de d\u00e9cembre pour un prix de d\u00e9part de 80000 \u20ac. Les modifications sont mineures. Audi l'a bard\u00e9 de technologie dont la plus surprenante semble \u00eatre ses nouveaux phares \u00e0 LED compos\u00e9s ... Lire plus","thumbnail_url":"https:\/\/www.carideal.com\/blog\/wp-content\/uploads\/2016\/03\/logo-carideal-mandataire-automobile.png","thumbnail_width":300,"thumbnail_height":300}

Blog auto Caridéal

La nouvelle Audi A8 restylée arrive - Blog auto Caridéal

<blockquote class="wp-embedded-content" data-secret="HVfnagButf"><a href="https://www.carideal.com/blog/2013/11/24/la-nouvelle-audi-a8-restylee-arrive/">La nouvelle Audi A8 restylée arrive</a></blockquote><iframe sandbox="allow-scripts" security="restricted" src="https://www.carideal.com/blog/2013/11/24/la-nouvelle-audi-a8-restylee-arrive/embed/#?secret=HVfnagButf" width="600" height="338" title="« La nouvelle Audi A8 restylée arrive » &#8212; Blog auto Caridéal" data-secret="HVfnagButf" frameborder="0" marginwidth="0" marginheight="0" scrolling="no" class="wp-embedded-content"></iframe><script>
/*! This file is auto-generated */
!function(d,l){"use strict";l.querySelector&&d.addEventListener&&"undefined"!=typeof URL&&(d.wp=d.wp||{},d.wp.receiveEmbedMessage||(d.wp.receiveEmbedMessage=function(e){var t=e.data;if((t||t.secret||t.message||t.value)&&!/[^a-zA-Z0-9]/.test(t.secret)){for(var s,r,n,a=l.querySelectorAll('iframe[data-secret="'+t.secret+'"]'),o=l.querySelectorAll('blockquote[data-secret="'+t.secret+'"]'),c=new RegExp("^https?:$","i"),i=0;i<o.length;i++)o[i].style.display="none";for(i=0;i<a.length;i++)s=a[i],e.source===s.contentWindow&&(s.removeAttribute("style"),"height"===t.message?(1e3<(r=parseInt(t.value,10))?r=1e3:~~r<200&&(r=200),s.height=r):"link"===t.message&&(r=new URL(s.getAttribute("src")),n=new URL(t.value),c.test(n.protocol))&&n.host===r.host&&l.activeElement===s&&(d.top.location.href=t.value))}},d.addEventListener("message",d.wp.receiveEmbedMessage,!1),l.addEventListener("DOMContentLoaded",function(){for(var e,t,s=l.querySelectorAll("iframe.wp-embedded-content"),r=0;r<s.length;r++)(t=(e=s[r]).getAttribute("data-secret"))||(t=Math.random().toString(36).substring(2,12),e.src+="#?secret="+t,e.setAttribute("data-secret",t)),e.contentWindow.postMessage({message:"ready",secret:t},"*")},!1)))}(window,document);
</script>

Audi A8 nouvelle &amp; restylée Audi veut réagir à la nouvelle Mercedes Classe s et nous prépare une A8 légèrement restylée pour le mois de décembre pour un prix de départ de 80000 €. Les modifications sont mineures. Audi l'a bardé de technologie dont la plus surprenante semble être ses nouveaux phares à LED composés ... Lire plus
