{"version":"1.0","provider_name":"Blog auto Carid\u00e9al","provider_url":"https:\/\/www.carideal.com\/blog","title":"Reductions des vitesses & r\u00e9pression routi\u00e8re - Blog auto Carid\u00e9al","type":"rich","width":600,"height":338,"html":"<blockquote class=\"wp-embedded-content\" data-secret=\"tEJeSZ019u\"><a href=\"https:\/\/www.carideal.com\/blog\/2013\/10\/30\/reductions-des-vitesses-repression-routiere\/\">Reductions des vitesses &#038; r\u00e9pression routi\u00e8re<\/a><\/blockquote><iframe sandbox=\"allow-scripts\" security=\"restricted\" src=\"https:\/\/www.carideal.com\/blog\/2013\/10\/30\/reductions-des-vitesses-repression-routiere\/embed\/#?secret=tEJeSZ019u\" width=\"600\" height=\"338\" title=\"\u00ab\u00a0Reductions des vitesses &#038; r\u00e9pression routi\u00e8re\u00a0\u00bb &#8212; Blog auto Carid\u00e9al\" data-secret=\"tEJeSZ019u\" frameborder=\"0\" marginwidth=\"0\" marginheight=\"0\" scrolling=\"no\" class=\"wp-embedded-content\"><\/iframe><script>\n\/*! This file is auto-generated *\/\n!function(d,l){\"use strict\";l.querySelector&&d.addEventListener&&\"undefined\"!=typeof URL&&(d.wp=d.wp||{},d.wp.receiveEmbedMessage||(d.wp.receiveEmbedMessage=function(e){var t=e.data;if((t||t.secret||t.message||t.value)&&!\/[^a-zA-Z0-9]\/.test(t.secret)){for(var s,r,n,a=l.querySelectorAll('iframe[data-secret=\"'+t.secret+'\"]'),o=l.querySelectorAll('blockquote[data-secret=\"'+t.secret+'\"]'),c=new RegExp(\"^https?:$\",\"i\"),i=0;i<o.length;i++)o[i].style.display=\"none\";for(i=0;i<a.length;i++)s=a[i],e.source===s.contentWindow&&(s.removeAttribute(\"style\"),\"height\"===t.message?(1e3<(r=parseInt(t.value,10))?r=1e3:~~r<200&&(r=200),s.height=r):\"link\"===t.message&&(r=new URL(s.getAttribute(\"src\")),n=new URL(t.value),c.test(n.protocol))&&n.host===r.host&&l.activeElement===s&&(d.top.location.href=t.value))}},d.addEventListener(\"message\",d.wp.receiveEmbedMessage,!1),l.addEventListener(\"DOMContentLoaded\",function(){for(var e,t,s=l.querySelectorAll(\"iframe.wp-embedded-content\"),r=0;r<s.length;r++)(t=(e=s[r]).getAttribute(\"data-secret\"))||(t=Math.random().toString(36).substring(2,12),e.src+=\"#?secret=\"+t,e.setAttribute(\"data-secret\",t)),e.contentWindow.postMessage({message:\"ready\",secret:t},\"*\")},!1)))}(window,document);\n<\/script>\n","description":"Securit\u00e9 &amp; repression routi\u00e8re Quand Monsieur Manuel Valls, notre Ministre de l'int\u00e9rieur, veut r\u00e9duire la vitesse sur les routes en France, ce qui est selon lui une priorit\u00e9 en France... en ce Moment... Abaisser le nombre de mort sur route et autoroute \u00e0 l'objectif de 2000 par an, ce qui est pour lui une relation ... Lire plus","thumbnail_url":"https:\/\/www.carideal.com\/blog\/wp-content\/uploads\/2016\/03\/logo-carideal-mandataire-automobile.png","thumbnail_width":300,"thumbnail_height":300}

Blog auto Caridéal

Reductions des vitesses & répression routière - Blog auto Caridéal

<blockquote class="wp-embedded-content" data-secret="tEJeSZ019u"><a href="https://www.carideal.com/blog/2013/10/30/reductions-des-vitesses-repression-routiere/">Reductions des vitesses &#038; répression routière</a></blockquote><iframe sandbox="allow-scripts" security="restricted" src="https://www.carideal.com/blog/2013/10/30/reductions-des-vitesses-repression-routiere/embed/#?secret=tEJeSZ019u" width="600" height="338" title="« Reductions des vitesses &#038; répression routière » &#8212; Blog auto Caridéal" data-secret="tEJeSZ019u" frameborder="0" marginwidth="0" marginheight="0" scrolling="no" class="wp-embedded-content"></iframe><script>
/*! This file is auto-generated */
!function(d,l){"use strict";l.querySelector&&d.addEventListener&&"undefined"!=typeof URL&&(d.wp=d.wp||{},d.wp.receiveEmbedMessage||(d.wp.receiveEmbedMessage=function(e){var t=e.data;if((t||t.secret||t.message||t.value)&&!/[^a-zA-Z0-9]/.test(t.secret)){for(var s,r,n,a=l.querySelectorAll('iframe[data-secret="'+t.secret+'"]'),o=l.querySelectorAll('blockquote[data-secret="'+t.secret+'"]'),c=new RegExp("^https?:$","i"),i=0;i<o.length;i++)o[i].style.display="none";for(i=0;i<a.length;i++)s=a[i],e.source===s.contentWindow&&(s.removeAttribute("style"),"height"===t.message?(1e3<(r=parseInt(t.value,10))?r=1e3:~~r<200&&(r=200),s.height=r):"link"===t.message&&(r=new URL(s.getAttribute("src")),n=new URL(t.value),c.test(n.protocol))&&n.host===r.host&&l.activeElement===s&&(d.top.location.href=t.value))}},d.addEventListener("message",d.wp.receiveEmbedMessage,!1),l.addEventListener("DOMContentLoaded",function(){for(var e,t,s=l.querySelectorAll("iframe.wp-embedded-content"),r=0;r<s.length;r++)(t=(e=s[r]).getAttribute("data-secret"))||(t=Math.random().toString(36).substring(2,12),e.src+="#?secret="+t,e.setAttribute("data-secret",t)),e.contentWindow.postMessage({message:"ready",secret:t},"*")},!1)))}(window,document);
</script>

Securité &amp; repression routière Quand Monsieur Manuel Valls, notre Ministre de l'intérieur, veut réduire la vitesse sur les routes en France, ce qui est selon lui une priorité en France... en ce Moment... Abaisser le nombre de mort sur route et autoroute à l'objectif de 2000 par an, ce qui est pour lui une relation ... Lire plus
