{"version":"1.0","provider_name":"Blog auto Carid\u00e9al","provider_url":"https:\/\/www.carideal.com\/blog","title":"Le Ford Kuga sur son march\u00e9 des SUV - Blog auto Carid\u00e9al","type":"rich","width":600,"height":338,"html":"<blockquote class=\"wp-embedded-content\" data-secret=\"nmOiHyIQOF\"><a href=\"https:\/\/www.carideal.com\/blog\/2013\/08\/02\/le-ford-kuga-sur-son-marche-des-suv\/\">Le Ford Kuga sur son march\u00e9 des SUV<\/a><\/blockquote><iframe sandbox=\"allow-scripts\" security=\"restricted\" src=\"https:\/\/www.carideal.com\/blog\/2013\/08\/02\/le-ford-kuga-sur-son-marche-des-suv\/embed\/#?secret=nmOiHyIQOF\" width=\"600\" height=\"338\" title=\"\u00ab\u00a0Le Ford Kuga sur son march\u00e9 des SUV\u00a0\u00bb &#8212; Blog auto Carid\u00e9al\" data-secret=\"nmOiHyIQOF\" frameborder=\"0\" marginwidth=\"0\" marginheight=\"0\" scrolling=\"no\" class=\"wp-embedded-content\"><\/iframe><script>\n\/*! This file is auto-generated *\/\n!function(d,l){\"use strict\";l.querySelector&&d.addEventListener&&\"undefined\"!=typeof URL&&(d.wp=d.wp||{},d.wp.receiveEmbedMessage||(d.wp.receiveEmbedMessage=function(e){var t=e.data;if((t||t.secret||t.message||t.value)&&!\/[^a-zA-Z0-9]\/.test(t.secret)){for(var s,r,n,a=l.querySelectorAll('iframe[data-secret=\"'+t.secret+'\"]'),o=l.querySelectorAll('blockquote[data-secret=\"'+t.secret+'\"]'),c=new RegExp(\"^https?:$\",\"i\"),i=0;i<o.length;i++)o[i].style.display=\"none\";for(i=0;i<a.length;i++)s=a[i],e.source===s.contentWindow&&(s.removeAttribute(\"style\"),\"height\"===t.message?(1e3<(r=parseInt(t.value,10))?r=1e3:~~r<200&&(r=200),s.height=r):\"link\"===t.message&&(r=new URL(s.getAttribute(\"src\")),n=new URL(t.value),c.test(n.protocol))&&n.host===r.host&&l.activeElement===s&&(d.top.location.href=t.value))}},d.addEventListener(\"message\",d.wp.receiveEmbedMessage,!1),l.addEventListener(\"DOMContentLoaded\",function(){for(var e,t,s=l.querySelectorAll(\"iframe.wp-embedded-content\"),r=0;r<s.length;r++)(t=(e=s[r]).getAttribute(\"data-secret\"))||(t=Math.random().toString(36).substring(2,12),e.src+=\"#?secret=\"+t,e.setAttribute(\"data-secret\",t)),e.contentWindow.postMessage({message:\"ready\",secret:t},\"*\")},!1)))}(window,document);\n<\/script>\n","description":"FordKuga Il fallait bien que le Ford Kuga se renouvelle car son march\u00e9 est en pleine croissance et ses concurrents le pressent. Contrairement \u00e0 d'autre c'est ici le moteur TDCI 140 4x2 qui se vend le mieux repr\u00e9sentant 75% des ventes. Le g\u00e9ant am\u00e9ricains avait deux philosophie pour son SUV l'Escape pour le march\u00e9 am\u00e9ricain ... Lire plus","thumbnail_url":"https:\/\/www.carideal.com\/blog\/wp-content\/uploads\/2016\/03\/logo-carideal-mandataire-automobile.png","thumbnail_width":300,"thumbnail_height":300}

Blog auto Caridéal

Le Ford Kuga sur son marché des SUV - Blog auto Caridéal

<blockquote class="wp-embedded-content" data-secret="nmOiHyIQOF"><a href="https://www.carideal.com/blog/2013/08/02/le-ford-kuga-sur-son-marche-des-suv/">Le Ford Kuga sur son marché des SUV</a></blockquote><iframe sandbox="allow-scripts" security="restricted" src="https://www.carideal.com/blog/2013/08/02/le-ford-kuga-sur-son-marche-des-suv/embed/#?secret=nmOiHyIQOF" width="600" height="338" title="« Le Ford Kuga sur son marché des SUV » &#8212; Blog auto Caridéal" data-secret="nmOiHyIQOF" frameborder="0" marginwidth="0" marginheight="0" scrolling="no" class="wp-embedded-content"></iframe><script>
/*! This file is auto-generated */
!function(d,l){"use strict";l.querySelector&&d.addEventListener&&"undefined"!=typeof URL&&(d.wp=d.wp||{},d.wp.receiveEmbedMessage||(d.wp.receiveEmbedMessage=function(e){var t=e.data;if((t||t.secret||t.message||t.value)&&!/[^a-zA-Z0-9]/.test(t.secret)){for(var s,r,n,a=l.querySelectorAll('iframe[data-secret="'+t.secret+'"]'),o=l.querySelectorAll('blockquote[data-secret="'+t.secret+'"]'),c=new RegExp("^https?:$","i"),i=0;i<o.length;i++)o[i].style.display="none";for(i=0;i<a.length;i++)s=a[i],e.source===s.contentWindow&&(s.removeAttribute("style"),"height"===t.message?(1e3<(r=parseInt(t.value,10))?r=1e3:~~r<200&&(r=200),s.height=r):"link"===t.message&&(r=new URL(s.getAttribute("src")),n=new URL(t.value),c.test(n.protocol))&&n.host===r.host&&l.activeElement===s&&(d.top.location.href=t.value))}},d.addEventListener("message",d.wp.receiveEmbedMessage,!1),l.addEventListener("DOMContentLoaded",function(){for(var e,t,s=l.querySelectorAll("iframe.wp-embedded-content"),r=0;r<s.length;r++)(t=(e=s[r]).getAttribute("data-secret"))||(t=Math.random().toString(36).substring(2,12),e.src+="#?secret="+t,e.setAttribute("data-secret",t)),e.contentWindow.postMessage({message:"ready",secret:t},"*")},!1)))}(window,document);
</script>

FordKuga Il fallait bien que le Ford Kuga se renouvelle car son marché est en pleine croissance et ses concurrents le pressent. Contrairement à d'autre c'est ici le moteur TDCI 140 4x2 qui se vend le mieux représentant 75% des ventes. Le géant américains avait deux philosophie pour son SUV l'Escape pour le marché américain ... Lire plus
