{"version":"1.0","provider_name":"Blog auto Carid\u00e9al","provider_url":"https:\/\/www.carideal.com\/blog","title":"IED Gloria Alfa Romeo Concept Car - Blog auto Carid\u00e9al","type":"rich","width":600,"height":338,"html":"<blockquote class=\"wp-embedded-content\" data-secret=\"tVRgvDmWxJ\"><a href=\"https:\/\/www.carideal.com\/blog\/2013\/06\/06\/ied-gloria-alfa-romeo-concept-car\/\">IED Gloria Alfa Romeo Concept Car<\/a><\/blockquote><iframe sandbox=\"allow-scripts\" security=\"restricted\" src=\"https:\/\/www.carideal.com\/blog\/2013\/06\/06\/ied-gloria-alfa-romeo-concept-car\/embed\/#?secret=tVRgvDmWxJ\" width=\"600\" height=\"338\" title=\"\u00ab\u00a0IED Gloria Alfa Romeo Concept Car\u00a0\u00bb &#8212; Blog auto Carid\u00e9al\" data-secret=\"tVRgvDmWxJ\" frameborder=\"0\" marginwidth=\"0\" marginheight=\"0\" scrolling=\"no\" class=\"wp-embedded-content\"><\/iframe><script>\n\/*! This file is auto-generated *\/\n!function(d,l){\"use strict\";l.querySelector&&d.addEventListener&&\"undefined\"!=typeof URL&&(d.wp=d.wp||{},d.wp.receiveEmbedMessage||(d.wp.receiveEmbedMessage=function(e){var t=e.data;if((t||t.secret||t.message||t.value)&&!\/[^a-zA-Z0-9]\/.test(t.secret)){for(var s,r,n,a=l.querySelectorAll('iframe[data-secret=\"'+t.secret+'\"]'),o=l.querySelectorAll('blockquote[data-secret=\"'+t.secret+'\"]'),c=new RegExp(\"^https?:$\",\"i\"),i=0;i<o.length;i++)o[i].style.display=\"none\";for(i=0;i<a.length;i++)s=a[i],e.source===s.contentWindow&&(s.removeAttribute(\"style\"),\"height\"===t.message?(1e3<(r=parseInt(t.value,10))?r=1e3:~~r<200&&(r=200),s.height=r):\"link\"===t.message&&(r=new URL(s.getAttribute(\"src\")),n=new URL(t.value),c.test(n.protocol))&&n.host===r.host&&l.activeElement===s&&(d.top.location.href=t.value))}},d.addEventListener(\"message\",d.wp.receiveEmbedMessage,!1),l.addEventListener(\"DOMContentLoaded\",function(){for(var e,t,s=l.querySelectorAll(\"iframe.wp-embedded-content\"),r=0;r<s.length;r++)(t=(e=s[r]).getAttribute(\"data-secret\"))||(t=Math.random().toString(36).substring(2,12),e.src+=\"#?secret=\"+t,e.setAttribute(\"data-secret\",t)),e.contentWindow.postMessage({message:\"ready\",secret:t},\"*\")},!1)))}(window,document);\n<\/script>\n","description":"Les \u00e9tudiants de L'IED ont pr\u00e9sent\u00e9 leur concept car \u00e0 Gen\u00e8ve Cette ann\u00e9e les \u00e9tudiant de l'Institut Eurp\u00e9en de Design IED ont pr\u00e9sent\u00e9 un prototype sur la base d'une Alfa Rom\u00e9o, un coup\u00e9 4 portes de 4.70 m de long et qui pourrait \u00eatre mu par des moteurs Maseratti V6 ou V8.","thumbnail_url":"https:\/\/www.carideal.com\/blog\/wp-content\/uploads\/2016\/03\/logo-carideal-mandataire-automobile.png","thumbnail_width":300,"thumbnail_height":300}

Blog auto Caridéal

IED Gloria Alfa Romeo Concept Car - Blog auto Caridéal

<blockquote class="wp-embedded-content" data-secret="tVRgvDmWxJ"><a href="https://www.carideal.com/blog/2013/06/06/ied-gloria-alfa-romeo-concept-car/">IED Gloria Alfa Romeo Concept Car</a></blockquote><iframe sandbox="allow-scripts" security="restricted" src="https://www.carideal.com/blog/2013/06/06/ied-gloria-alfa-romeo-concept-car/embed/#?secret=tVRgvDmWxJ" width="600" height="338" title="« IED Gloria Alfa Romeo Concept Car » &#8212; Blog auto Caridéal" data-secret="tVRgvDmWxJ" frameborder="0" marginwidth="0" marginheight="0" scrolling="no" class="wp-embedded-content"></iframe><script>
/*! This file is auto-generated */
!function(d,l){"use strict";l.querySelector&&d.addEventListener&&"undefined"!=typeof URL&&(d.wp=d.wp||{},d.wp.receiveEmbedMessage||(d.wp.receiveEmbedMessage=function(e){var t=e.data;if((t||t.secret||t.message||t.value)&&!/[^a-zA-Z0-9]/.test(t.secret)){for(var s,r,n,a=l.querySelectorAll('iframe[data-secret="'+t.secret+'"]'),o=l.querySelectorAll('blockquote[data-secret="'+t.secret+'"]'),c=new RegExp("^https?:$","i"),i=0;i<o.length;i++)o[i].style.display="none";for(i=0;i<a.length;i++)s=a[i],e.source===s.contentWindow&&(s.removeAttribute("style"),"height"===t.message?(1e3<(r=parseInt(t.value,10))?r=1e3:~~r<200&&(r=200),s.height=r):"link"===t.message&&(r=new URL(s.getAttribute("src")),n=new URL(t.value),c.test(n.protocol))&&n.host===r.host&&l.activeElement===s&&(d.top.location.href=t.value))}},d.addEventListener("message",d.wp.receiveEmbedMessage,!1),l.addEventListener("DOMContentLoaded",function(){for(var e,t,s=l.querySelectorAll("iframe.wp-embedded-content"),r=0;r<s.length;r++)(t=(e=s[r]).getAttribute("data-secret"))||(t=Math.random().toString(36).substring(2,12),e.src+="#?secret="+t,e.setAttribute("data-secret",t)),e.contentWindow.postMessage({message:"ready",secret:t},"*")},!1)))}(window,document);
</script>

Les étudiants de L'IED ont présenté leur concept car à Genève Cette année les étudiant de l'Institut Eurpéen de Design IED ont présenté un prototype sur la base d'une Alfa Roméo, un coupé 4 portes de 4.70 m de long et qui pourrait être mu par des moteurs Maseratti V6 ou V8.
