{"version":"1.0","provider_name":"Blog auto Carid\u00e9al","provider_url":"https:\/\/www.carideal.com\/blog","title":"Les Constructeurs Fran\u00e7ais repensent leur priorit\u00e9s - Blog auto Carid\u00e9al","type":"rich","width":600,"height":338,"html":"<blockquote class=\"wp-embedded-content\" data-secret=\"XqJPxQvMxo\"><a href=\"https:\/\/www.carideal.com\/blog\/2013\/04\/11\/les-constructeurs-francais-repensent-leur-priorites\/\">Les Constructeurs Fran\u00e7ais repensent leur priorit\u00e9s<\/a><\/blockquote><iframe sandbox=\"allow-scripts\" security=\"restricted\" src=\"https:\/\/www.carideal.com\/blog\/2013\/04\/11\/les-constructeurs-francais-repensent-leur-priorites\/embed\/#?secret=XqJPxQvMxo\" width=\"600\" height=\"338\" title=\"\u00ab\u00a0Les Constructeurs Fran\u00e7ais repensent leur priorit\u00e9s\u00a0\u00bb &#8212; Blog auto Carid\u00e9al\" data-secret=\"XqJPxQvMxo\" frameborder=\"0\" marginwidth=\"0\" marginheight=\"0\" scrolling=\"no\" class=\"wp-embedded-content\"><\/iframe><script>\n\/*! This file is auto-generated *\/\n!function(d,l){\"use strict\";l.querySelector&&d.addEventListener&&\"undefined\"!=typeof URL&&(d.wp=d.wp||{},d.wp.receiveEmbedMessage||(d.wp.receiveEmbedMessage=function(e){var t=e.data;if((t||t.secret||t.message||t.value)&&!\/[^a-zA-Z0-9]\/.test(t.secret)){for(var s,r,n,a=l.querySelectorAll('iframe[data-secret=\"'+t.secret+'\"]'),o=l.querySelectorAll('blockquote[data-secret=\"'+t.secret+'\"]'),c=new RegExp(\"^https?:$\",\"i\"),i=0;i<o.length;i++)o[i].style.display=\"none\";for(i=0;i<a.length;i++)s=a[i],e.source===s.contentWindow&&(s.removeAttribute(\"style\"),\"height\"===t.message?(1e3<(r=parseInt(t.value,10))?r=1e3:~~r<200&&(r=200),s.height=r):\"link\"===t.message&&(r=new URL(s.getAttribute(\"src\")),n=new URL(t.value),c.test(n.protocol))&&n.host===r.host&&l.activeElement===s&&(d.top.location.href=t.value))}},d.addEventListener(\"message\",d.wp.receiveEmbedMessage,!1),l.addEventListener(\"DOMContentLoaded\",function(){for(var e,t,s=l.querySelectorAll(\"iframe.wp-embedded-content\"),r=0;r<s.length;r++)(t=(e=s[r]).getAttribute(\"data-secret\"))||(t=Math.random().toString(36).substring(2,12),e.src+=\"#?secret=\"+t,e.setAttribute(\"data-secret\",t)),e.contentWindow.postMessage({message:\"ready\",secret:t},\"*\")},!1)))}(window,document);\n<\/script>\n","thumbnail_url":"https:\/\/www.carideal.com\/blog\/wp-content\/uploads\/2013\/04\/citroen_ds_wild_rubis-schiavon-chambery-actualites_m.jpg","thumbnail_width":448,"thumbnail_height":252,"description":"Les Constructeurs Fran\u00e7ais repensent leur priorit\u00e9s Nous vivons un printemps 2013 d\u00e9di\u00e9s aux commercialisations en tout genre de SUV\u00a0: le 2008 chez Peugeot et le Captur chez Renault. Citroen lui parie sur la Chine et d\u00e9voile son future DSX sous la forme du concept car Wild Rubis qui sera pr\u00e9sent\u00e9 officiellement au salon de Shanghai ... Lire plus"}

Blog auto Caridéal

Les Constructeurs Français repensent leur priorités - Blog auto Caridéal

<blockquote class="wp-embedded-content" data-secret="XqJPxQvMxo"><a href="https://www.carideal.com/blog/2013/04/11/les-constructeurs-francais-repensent-leur-priorites/">Les Constructeurs Français repensent leur priorités</a></blockquote><iframe sandbox="allow-scripts" security="restricted" src="https://www.carideal.com/blog/2013/04/11/les-constructeurs-francais-repensent-leur-priorites/embed/#?secret=XqJPxQvMxo" width="600" height="338" title="« Les Constructeurs Français repensent leur priorités » &#8212; Blog auto Caridéal" data-secret="XqJPxQvMxo" frameborder="0" marginwidth="0" marginheight="0" scrolling="no" class="wp-embedded-content"></iframe><script>
/*! This file is auto-generated */
!function(d,l){"use strict";l.querySelector&&d.addEventListener&&"undefined"!=typeof URL&&(d.wp=d.wp||{},d.wp.receiveEmbedMessage||(d.wp.receiveEmbedMessage=function(e){var t=e.data;if((t||t.secret||t.message||t.value)&&!/[^a-zA-Z0-9]/.test(t.secret)){for(var s,r,n,a=l.querySelectorAll('iframe[data-secret="'+t.secret+'"]'),o=l.querySelectorAll('blockquote[data-secret="'+t.secret+'"]'),c=new RegExp("^https?:$","i"),i=0;i<o.length;i++)o[i].style.display="none";for(i=0;i<a.length;i++)s=a[i],e.source===s.contentWindow&&(s.removeAttribute("style"),"height"===t.message?(1e3<(r=parseInt(t.value,10))?r=1e3:~~r<200&&(r=200),s.height=r):"link"===t.message&&(r=new URL(s.getAttribute("src")),n=new URL(t.value),c.test(n.protocol))&&n.host===r.host&&l.activeElement===s&&(d.top.location.href=t.value))}},d.addEventListener("message",d.wp.receiveEmbedMessage,!1),l.addEventListener("DOMContentLoaded",function(){for(var e,t,s=l.querySelectorAll("iframe.wp-embedded-content"),r=0;r<s.length;r++)(t=(e=s[r]).getAttribute("data-secret"))||(t=Math.random().toString(36).substring(2,12),e.src+="#?secret="+t,e.setAttribute("data-secret",t)),e.contentWindow.postMessage({message:"ready",secret:t},"*")},!1)))}(window,document);
</script>

Les Constructeurs Français repensent leur priorités Nous vivons un printemps 2013 dédiés aux commercialisations en tout genre de SUV : le 2008 chez Peugeot et le Captur chez Renault. Citroen lui parie sur la Chine et dévoile son future DSX sous la forme du concept car Wild Rubis qui sera présenté officiellement au salon de Shanghai ... Lire plus
