{"version":"1.0","provider_name":"Blog auto Carid\u00e9al","provider_url":"https:\/\/www.carideal.com\/blog","title":"Adam l'opel faite sur commande - Blog auto Carid\u00e9al","type":"rich","width":600,"height":338,"html":"<blockquote class=\"wp-embedded-content\" data-secret=\"9peG1SaMFA\"><a href=\"https:\/\/www.carideal.com\/blog\/2013\/02\/21\/adam-lopel-faite-sur-commande\/\">Adam l&rsquo;opel faite sur commande<\/a><\/blockquote><iframe sandbox=\"allow-scripts\" security=\"restricted\" src=\"https:\/\/www.carideal.com\/blog\/2013\/02\/21\/adam-lopel-faite-sur-commande\/embed\/#?secret=9peG1SaMFA\" width=\"600\" height=\"338\" title=\"\u00ab\u00a0Adam l&rsquo;opel faite sur commande\u00a0\u00bb &#8212; Blog auto Carid\u00e9al\" data-secret=\"9peG1SaMFA\" frameborder=\"0\" marginwidth=\"0\" marginheight=\"0\" scrolling=\"no\" class=\"wp-embedded-content\"><\/iframe><script>\n\/*! This file is auto-generated *\/\n!function(d,l){\"use strict\";l.querySelector&&d.addEventListener&&\"undefined\"!=typeof URL&&(d.wp=d.wp||{},d.wp.receiveEmbedMessage||(d.wp.receiveEmbedMessage=function(e){var t=e.data;if((t||t.secret||t.message||t.value)&&!\/[^a-zA-Z0-9]\/.test(t.secret)){for(var s,r,n,a=l.querySelectorAll('iframe[data-secret=\"'+t.secret+'\"]'),o=l.querySelectorAll('blockquote[data-secret=\"'+t.secret+'\"]'),c=new RegExp(\"^https?:$\",\"i\"),i=0;i<o.length;i++)o[i].style.display=\"none\";for(i=0;i<a.length;i++)s=a[i],e.source===s.contentWindow&&(s.removeAttribute(\"style\"),\"height\"===t.message?(1e3<(r=parseInt(t.value,10))?r=1e3:~~r<200&&(r=200),s.height=r):\"link\"===t.message&&(r=new URL(s.getAttribute(\"src\")),n=new URL(t.value),c.test(n.protocol))&&n.host===r.host&&l.activeElement===s&&(d.top.location.href=t.value))}},d.addEventListener(\"message\",d.wp.receiveEmbedMessage,!1),l.addEventListener(\"DOMContentLoaded\",function(){for(var e,t,s=l.querySelectorAll(\"iframe.wp-embedded-content\"),r=0;r<s.length;r++)(t=(e=s[r]).getAttribute(\"data-secret\"))||(t=Math.random().toString(36).substring(2,12),e.src+=\"#?secret=\"+t,e.setAttribute(\"data-secret\",t)),e.contentWindow.postMessage({message:\"ready\",secret:t},\"*\")},!1)))}(window,document);\n<\/script>\n","description":"Le v\u00e9hicule sur la cha\u00eene a d\u00e9j\u00e0 son client attribu\u00e9 Enfin du concret. Au \u00addel\u00e0 des multiples inter\u00adrogations sur son ave\u00adnir, Opel montre sa vitalit\u00e9. Apr\u00e8s avoir investi quelque 190 millions d'eu\u00adros dans son usine d'Eisenach (en Allemagne orientale), il sort les premiers exemplaires de l'Adam. Ce mod\u00e8le d\u00e9barquera dans les concessions allemandes \u00e0 partir ... Lire plus","thumbnail_url":"https:\/\/www.carideal.com\/blog\/wp-content\/uploads\/2016\/03\/logo-carideal-mandataire-automobile.png","thumbnail_width":300,"thumbnail_height":300}

Blog auto Caridéal

Adam l'opel faite sur commande - Blog auto Caridéal

<blockquote class="wp-embedded-content" data-secret="9peG1SaMFA"><a href="https://www.carideal.com/blog/2013/02/21/adam-lopel-faite-sur-commande/">Adam l&rsquo;opel faite sur commande</a></blockquote><iframe sandbox="allow-scripts" security="restricted" src="https://www.carideal.com/blog/2013/02/21/adam-lopel-faite-sur-commande/embed/#?secret=9peG1SaMFA" width="600" height="338" title="« Adam l&rsquo;opel faite sur commande » &#8212; Blog auto Caridéal" data-secret="9peG1SaMFA" frameborder="0" marginwidth="0" marginheight="0" scrolling="no" class="wp-embedded-content"></iframe><script>
/*! This file is auto-generated */
!function(d,l){"use strict";l.querySelector&&d.addEventListener&&"undefined"!=typeof URL&&(d.wp=d.wp||{},d.wp.receiveEmbedMessage||(d.wp.receiveEmbedMessage=function(e){var t=e.data;if((t||t.secret||t.message||t.value)&&!/[^a-zA-Z0-9]/.test(t.secret)){for(var s,r,n,a=l.querySelectorAll('iframe[data-secret="'+t.secret+'"]'),o=l.querySelectorAll('blockquote[data-secret="'+t.secret+'"]'),c=new RegExp("^https?:$","i"),i=0;i<o.length;i++)o[i].style.display="none";for(i=0;i<a.length;i++)s=a[i],e.source===s.contentWindow&&(s.removeAttribute("style"),"height"===t.message?(1e3<(r=parseInt(t.value,10))?r=1e3:~~r<200&&(r=200),s.height=r):"link"===t.message&&(r=new URL(s.getAttribute("src")),n=new URL(t.value),c.test(n.protocol))&&n.host===r.host&&l.activeElement===s&&(d.top.location.href=t.value))}},d.addEventListener("message",d.wp.receiveEmbedMessage,!1),l.addEventListener("DOMContentLoaded",function(){for(var e,t,s=l.querySelectorAll("iframe.wp-embedded-content"),r=0;r<s.length;r++)(t=(e=s[r]).getAttribute("data-secret"))||(t=Math.random().toString(36).substring(2,12),e.src+="#?secret="+t,e.setAttribute("data-secret",t)),e.contentWindow.postMessage({message:"ready",secret:t},"*")},!1)))}(window,document);
</script>

Le véhicule sur la chaîne a déjà son client attribué Enfin du concret. Au ­delà des multiples inter­rogations sur son ave­nir, Opel montre sa vitalité. Après avoir investi quelque 190 millions d'eu­ros dans son usine d'Eisenach (en Allemagne orientale), il sort les premiers exemplaires de l'Adam. Ce modèle débarquera dans les concessions allemandes à partir ... Lire plus
