{"version":"1.0","provider_name":"Blog auto Carid\u00e9al","provider_url":"https:\/\/www.carideal.com\/blog","title":"Le Reveil a sonn\u00e9 pour les constructeurs Francais - Blog auto Carid\u00e9al","type":"rich","width":600,"height":338,"html":"<blockquote class=\"wp-embedded-content\" data-secret=\"M3ndchzTum\"><a href=\"https:\/\/www.carideal.com\/blog\/2013\/02\/19\/le-reveil-a-sonne-pour-les-constructeurs-francais\/\">Le Reveil a sonn\u00e9 pour les constructeurs Francais<\/a><\/blockquote><iframe sandbox=\"allow-scripts\" security=\"restricted\" src=\"https:\/\/www.carideal.com\/blog\/2013\/02\/19\/le-reveil-a-sonne-pour-les-constructeurs-francais\/embed\/#?secret=M3ndchzTum\" width=\"600\" height=\"338\" title=\"\u00ab\u00a0Le Reveil a sonn\u00e9 pour les constructeurs Francais\u00a0\u00bb &#8212; Blog auto Carid\u00e9al\" data-secret=\"M3ndchzTum\" frameborder=\"0\" marginwidth=\"0\" marginheight=\"0\" scrolling=\"no\" class=\"wp-embedded-content\"><\/iframe><script>\n\/*! This file is auto-generated *\/\n!function(d,l){\"use strict\";l.querySelector&&d.addEventListener&&\"undefined\"!=typeof URL&&(d.wp=d.wp||{},d.wp.receiveEmbedMessage||(d.wp.receiveEmbedMessage=function(e){var t=e.data;if((t||t.secret||t.message||t.value)&&!\/[^a-zA-Z0-9]\/.test(t.secret)){for(var s,r,n,a=l.querySelectorAll('iframe[data-secret=\"'+t.secret+'\"]'),o=l.querySelectorAll('blockquote[data-secret=\"'+t.secret+'\"]'),c=new RegExp(\"^https?:$\",\"i\"),i=0;i<o.length;i++)o[i].style.display=\"none\";for(i=0;i<a.length;i++)s=a[i],e.source===s.contentWindow&&(s.removeAttribute(\"style\"),\"height\"===t.message?(1e3<(r=parseInt(t.value,10))?r=1e3:~~r<200&&(r=200),s.height=r):\"link\"===t.message&&(r=new URL(s.getAttribute(\"src\")),n=new URL(t.value),c.test(n.protocol))&&n.host===r.host&&l.activeElement===s&&(d.top.location.href=t.value))}},d.addEventListener(\"message\",d.wp.receiveEmbedMessage,!1),l.addEventListener(\"DOMContentLoaded\",function(){for(var e,t,s=l.querySelectorAll(\"iframe.wp-embedded-content\"),r=0;r<s.length;r++)(t=(e=s[r]).getAttribute(\"data-secret\"))||(t=Math.random().toString(36).substring(2,12),e.src+=\"#?secret=\"+t,e.setAttribute(\"data-secret\",t)),e.contentWindow.postMessage({message:\"ready\",secret:t},\"*\")},!1)))}(window,document);\n<\/script>\n","description":"Peugeot 2008 et Renault Captur Peugeot 2008 en d\u00e9but de semaine derni\u00e8re, Renault Captur le vendredi suivant, on dirait que les constructeurs fran\u00e7ais ont enfin envie de s'engouffrer dans la br\u00e8che des v\u00e9hicules tendance que sont ces mini-SUV, lesquels peuvent faire du volume mais aussi plus de marge pour les concessionnaires, car ils offrent souvent ... Lire plus","thumbnail_url":"https:\/\/www.carideal.com\/blog\/wp-content\/uploads\/2016\/03\/logo-carideal-mandataire-automobile.png","thumbnail_width":300,"thumbnail_height":300}

Blog auto Caridéal

Le Reveil a sonné pour les constructeurs Francais - Blog auto Caridéal

<blockquote class="wp-embedded-content" data-secret="M3ndchzTum"><a href="https://www.carideal.com/blog/2013/02/19/le-reveil-a-sonne-pour-les-constructeurs-francais/">Le Reveil a sonné pour les constructeurs Francais</a></blockquote><iframe sandbox="allow-scripts" security="restricted" src="https://www.carideal.com/blog/2013/02/19/le-reveil-a-sonne-pour-les-constructeurs-francais/embed/#?secret=M3ndchzTum" width="600" height="338" title="« Le Reveil a sonné pour les constructeurs Francais » &#8212; Blog auto Caridéal" data-secret="M3ndchzTum" frameborder="0" marginwidth="0" marginheight="0" scrolling="no" class="wp-embedded-content"></iframe><script>
/*! This file is auto-generated */
!function(d,l){"use strict";l.querySelector&&d.addEventListener&&"undefined"!=typeof URL&&(d.wp=d.wp||{},d.wp.receiveEmbedMessage||(d.wp.receiveEmbedMessage=function(e){var t=e.data;if((t||t.secret||t.message||t.value)&&!/[^a-zA-Z0-9]/.test(t.secret)){for(var s,r,n,a=l.querySelectorAll('iframe[data-secret="'+t.secret+'"]'),o=l.querySelectorAll('blockquote[data-secret="'+t.secret+'"]'),c=new RegExp("^https?:$","i"),i=0;i<o.length;i++)o[i].style.display="none";for(i=0;i<a.length;i++)s=a[i],e.source===s.contentWindow&&(s.removeAttribute("style"),"height"===t.message?(1e3<(r=parseInt(t.value,10))?r=1e3:~~r<200&&(r=200),s.height=r):"link"===t.message&&(r=new URL(s.getAttribute("src")),n=new URL(t.value),c.test(n.protocol))&&n.host===r.host&&l.activeElement===s&&(d.top.location.href=t.value))}},d.addEventListener("message",d.wp.receiveEmbedMessage,!1),l.addEventListener("DOMContentLoaded",function(){for(var e,t,s=l.querySelectorAll("iframe.wp-embedded-content"),r=0;r<s.length;r++)(t=(e=s[r]).getAttribute("data-secret"))||(t=Math.random().toString(36).substring(2,12),e.src+="#?secret="+t,e.setAttribute("data-secret",t)),e.contentWindow.postMessage({message:"ready",secret:t},"*")},!1)))}(window,document);
</script>

Peugeot 2008 et Renault Captur Peugeot 2008 en début de semaine dernière, Renault Captur le vendredi suivant, on dirait que les constructeurs français ont enfin envie de s'engouffrer dans la brèche des véhicules tendance que sont ces mini-SUV, lesquels peuvent faire du volume mais aussi plus de marge pour les concessionnaires, car ils offrent souvent ... Lire plus
