{"version":"1.0","provider_name":"Blog auto Carid\u00e9al","provider_url":"https:\/\/www.carideal.com\/blog","title":"Nouvelle Clio et Peugeot 208 , le duel - Blog auto Carid\u00e9al","type":"rich","width":600,"height":338,"html":"<blockquote class=\"wp-embedded-content\" data-secret=\"PeH9s2q0E6\"><a href=\"https:\/\/www.carideal.com\/blog\/2013\/01\/21\/nouvelle-clio-et-peugeot-208-le-duel\/\">Nouvelle Clio et Peugeot 208 , le duel<\/a><\/blockquote><iframe sandbox=\"allow-scripts\" security=\"restricted\" src=\"https:\/\/www.carideal.com\/blog\/2013\/01\/21\/nouvelle-clio-et-peugeot-208-le-duel\/embed\/#?secret=PeH9s2q0E6\" width=\"600\" height=\"338\" title=\"\u00ab\u00a0Nouvelle Clio et Peugeot 208 , le duel\u00a0\u00bb &#8212; Blog auto Carid\u00e9al\" data-secret=\"PeH9s2q0E6\" frameborder=\"0\" marginwidth=\"0\" marginheight=\"0\" scrolling=\"no\" class=\"wp-embedded-content\"><\/iframe><script>\n\/*! This file is auto-generated *\/\n!function(d,l){\"use strict\";l.querySelector&&d.addEventListener&&\"undefined\"!=typeof URL&&(d.wp=d.wp||{},d.wp.receiveEmbedMessage||(d.wp.receiveEmbedMessage=function(e){var t=e.data;if((t||t.secret||t.message||t.value)&&!\/[^a-zA-Z0-9]\/.test(t.secret)){for(var s,r,n,a=l.querySelectorAll('iframe[data-secret=\"'+t.secret+'\"]'),o=l.querySelectorAll('blockquote[data-secret=\"'+t.secret+'\"]'),c=new RegExp(\"^https?:$\",\"i\"),i=0;i<o.length;i++)o[i].style.display=\"none\";for(i=0;i<a.length;i++)s=a[i],e.source===s.contentWindow&&(s.removeAttribute(\"style\"),\"height\"===t.message?(1e3<(r=parseInt(t.value,10))?r=1e3:~~r<200&&(r=200),s.height=r):\"link\"===t.message&&(r=new URL(s.getAttribute(\"src\")),n=new URL(t.value),c.test(n.protocol))&&n.host===r.host&&l.activeElement===s&&(d.top.location.href=t.value))}},d.addEventListener(\"message\",d.wp.receiveEmbedMessage,!1),l.addEventListener(\"DOMContentLoaded\",function(){for(var e,t,s=l.querySelectorAll(\"iframe.wp-embedded-content\"),r=0;r<s.length;r++)(t=(e=s[r]).getAttribute(\"data-secret\"))||(t=Math.random().toString(36).substring(2,12),e.src+=\"#?secret=\"+t,e.setAttribute(\"data-secret\",t)),e.contentWindow.postMessage({message:\"ready\",secret:t},\"*\")},!1)))}(window,document);\n<\/script>\n","description":"Les t\u00eates d'affiche Silence dans la salle. L'enjeu est primordial: pour Renault ou Peugeot, une erreur dans la cat\u00e9gorie des citadines polyvalentes pour\u00adrait lui co\u00fbter la vie. Cette ann\u00e9e pourtant, Clio et 208 ont chacune pris un risque pour se d\u00e9marquer de sa rivale. La 208 a tir\u00e9 la premi\u00e8re, en mars. Elle a d'abord ... Lire plus","thumbnail_url":"https:\/\/www.carideal.com\/blog\/wp-content\/uploads\/2016\/03\/logo-carideal-mandataire-automobile.png","thumbnail_width":300,"thumbnail_height":300}

Blog auto Caridéal

Nouvelle Clio et Peugeot 208 , le duel - Blog auto Caridéal

<blockquote class="wp-embedded-content" data-secret="PeH9s2q0E6"><a href="https://www.carideal.com/blog/2013/01/21/nouvelle-clio-et-peugeot-208-le-duel/">Nouvelle Clio et Peugeot 208 , le duel</a></blockquote><iframe sandbox="allow-scripts" security="restricted" src="https://www.carideal.com/blog/2013/01/21/nouvelle-clio-et-peugeot-208-le-duel/embed/#?secret=PeH9s2q0E6" width="600" height="338" title="« Nouvelle Clio et Peugeot 208 , le duel » &#8212; Blog auto Caridéal" data-secret="PeH9s2q0E6" frameborder="0" marginwidth="0" marginheight="0" scrolling="no" class="wp-embedded-content"></iframe><script>
/*! This file is auto-generated */
!function(d,l){"use strict";l.querySelector&&d.addEventListener&&"undefined"!=typeof URL&&(d.wp=d.wp||{},d.wp.receiveEmbedMessage||(d.wp.receiveEmbedMessage=function(e){var t=e.data;if((t||t.secret||t.message||t.value)&&!/[^a-zA-Z0-9]/.test(t.secret)){for(var s,r,n,a=l.querySelectorAll('iframe[data-secret="'+t.secret+'"]'),o=l.querySelectorAll('blockquote[data-secret="'+t.secret+'"]'),c=new RegExp("^https?:$","i"),i=0;i<o.length;i++)o[i].style.display="none";for(i=0;i<a.length;i++)s=a[i],e.source===s.contentWindow&&(s.removeAttribute("style"),"height"===t.message?(1e3<(r=parseInt(t.value,10))?r=1e3:~~r<200&&(r=200),s.height=r):"link"===t.message&&(r=new URL(s.getAttribute("src")),n=new URL(t.value),c.test(n.protocol))&&n.host===r.host&&l.activeElement===s&&(d.top.location.href=t.value))}},d.addEventListener("message",d.wp.receiveEmbedMessage,!1),l.addEventListener("DOMContentLoaded",function(){for(var e,t,s=l.querySelectorAll("iframe.wp-embedded-content"),r=0;r<s.length;r++)(t=(e=s[r]).getAttribute("data-secret"))||(t=Math.random().toString(36).substring(2,12),e.src+="#?secret="+t,e.setAttribute("data-secret",t)),e.contentWindow.postMessage({message:"ready",secret:t},"*")},!1)))}(window,document);
</script>

Les têtes d'affiche Silence dans la salle. L'enjeu est primordial: pour Renault ou Peugeot, une erreur dans la catégorie des citadines polyvalentes pour­rait lui coûter la vie. Cette année pourtant, Clio et 208 ont chacune pris un risque pour se démarquer de sa rivale. La 208 a tiré la première, en mars. Elle a d'abord ... Lire plus
