{"version":"1.0","provider_name":"Blog auto Carid\u00e9al","provider_url":"https:\/\/www.carideal.com\/blog","title":"Embrouille autour de la Renault Zo\u00e9 - Blog auto Carid\u00e9al","type":"rich","width":600,"height":338,"html":"<blockquote class=\"wp-embedded-content\" data-secret=\"aIxJcSBWbb\"><a href=\"https:\/\/www.carideal.com\/blog\/2012\/08\/10\/embrouille-autour-de-la-renault-zoe\/\">Embrouille autour de la Renault Zo\u00e9<\/a><\/blockquote><iframe sandbox=\"allow-scripts\" security=\"restricted\" src=\"https:\/\/www.carideal.com\/blog\/2012\/08\/10\/embrouille-autour-de-la-renault-zoe\/embed\/#?secret=aIxJcSBWbb\" width=\"600\" height=\"338\" title=\"\u00ab\u00a0Embrouille autour de la Renault Zo\u00e9\u00a0\u00bb &#8212; Blog auto Carid\u00e9al\" data-secret=\"aIxJcSBWbb\" frameborder=\"0\" marginwidth=\"0\" marginheight=\"0\" scrolling=\"no\" class=\"wp-embedded-content\"><\/iframe><script>\n\/*! This file is auto-generated *\/\n!function(d,l){\"use strict\";l.querySelector&&d.addEventListener&&\"undefined\"!=typeof URL&&(d.wp=d.wp||{},d.wp.receiveEmbedMessage||(d.wp.receiveEmbedMessage=function(e){var t=e.data;if((t||t.secret||t.message||t.value)&&!\/[^a-zA-Z0-9]\/.test(t.secret)){for(var s,r,n,a=l.querySelectorAll('iframe[data-secret=\"'+t.secret+'\"]'),o=l.querySelectorAll('blockquote[data-secret=\"'+t.secret+'\"]'),c=new RegExp(\"^https?:$\",\"i\"),i=0;i<o.length;i++)o[i].style.display=\"none\";for(i=0;i<a.length;i++)s=a[i],e.source===s.contentWindow&&(s.removeAttribute(\"style\"),\"height\"===t.message?(1e3<(r=parseInt(t.value,10))?r=1e3:~~r<200&&(r=200),s.height=r):\"link\"===t.message&&(r=new URL(s.getAttribute(\"src\")),n=new URL(t.value),c.test(n.protocol))&&n.host===r.host&&l.activeElement===s&&(d.top.location.href=t.value))}},d.addEventListener(\"message\",d.wp.receiveEmbedMessage,!1),l.addEventListener(\"DOMContentLoaded\",function(){for(var e,t,s=l.querySelectorAll(\"iframe.wp-embedded-content\"),r=0;r<s.length;r++)(t=(e=s[r]).getAttribute(\"data-secret\"))||(t=Math.random().toString(36).substring(2,12),e.src+=\"#?secret=\"+t,e.setAttribute(\"data-secret\",t)),e.contentWindow.postMessage({message:\"ready\",secret:t},\"*\")},!1)))}(window,document);\n<\/script>\n","description":"Embrouille autour de la Renault Zo\u00e9 A vouloir trop contr\u00f4ler sa communication, Renault s'est emm\u00eal\u00e9 les pinceaux la semaine derni\u00e8re. Voila l'histoire: une rumeur circule en pr\u00e9tendant que la Renault Zo\u00e9 (un v\u00e9hicule \u00e9lectrique) ne sera pas livr\u00e9e en 2012 comme initialement pr\u00e9vu. Renault confirme par la voix de ses divers porte parole, qui mettent ... Lire plus","thumbnail_url":"https:\/\/www.carideal.com\/blog\/wp-content\/uploads\/2016\/03\/logo-carideal-mandataire-automobile.png","thumbnail_width":300,"thumbnail_height":300}

Blog auto Caridéal

Embrouille autour de la Renault Zoé - Blog auto Caridéal

<blockquote class="wp-embedded-content" data-secret="aIxJcSBWbb"><a href="https://www.carideal.com/blog/2012/08/10/embrouille-autour-de-la-renault-zoe/">Embrouille autour de la Renault Zoé</a></blockquote><iframe sandbox="allow-scripts" security="restricted" src="https://www.carideal.com/blog/2012/08/10/embrouille-autour-de-la-renault-zoe/embed/#?secret=aIxJcSBWbb" width="600" height="338" title="« Embrouille autour de la Renault Zoé » &#8212; Blog auto Caridéal" data-secret="aIxJcSBWbb" frameborder="0" marginwidth="0" marginheight="0" scrolling="no" class="wp-embedded-content"></iframe><script>
/*! This file is auto-generated */
!function(d,l){"use strict";l.querySelector&&d.addEventListener&&"undefined"!=typeof URL&&(d.wp=d.wp||{},d.wp.receiveEmbedMessage||(d.wp.receiveEmbedMessage=function(e){var t=e.data;if((t||t.secret||t.message||t.value)&&!/[^a-zA-Z0-9]/.test(t.secret)){for(var s,r,n,a=l.querySelectorAll('iframe[data-secret="'+t.secret+'"]'),o=l.querySelectorAll('blockquote[data-secret="'+t.secret+'"]'),c=new RegExp("^https?:$","i"),i=0;i<o.length;i++)o[i].style.display="none";for(i=0;i<a.length;i++)s=a[i],e.source===s.contentWindow&&(s.removeAttribute("style"),"height"===t.message?(1e3<(r=parseInt(t.value,10))?r=1e3:~~r<200&&(r=200),s.height=r):"link"===t.message&&(r=new URL(s.getAttribute("src")),n=new URL(t.value),c.test(n.protocol))&&n.host===r.host&&l.activeElement===s&&(d.top.location.href=t.value))}},d.addEventListener("message",d.wp.receiveEmbedMessage,!1),l.addEventListener("DOMContentLoaded",function(){for(var e,t,s=l.querySelectorAll("iframe.wp-embedded-content"),r=0;r<s.length;r++)(t=(e=s[r]).getAttribute("data-secret"))||(t=Math.random().toString(36).substring(2,12),e.src+="#?secret="+t,e.setAttribute("data-secret",t)),e.contentWindow.postMessage({message:"ready",secret:t},"*")},!1)))}(window,document);
</script>

Embrouille autour de la Renault Zoé A vouloir trop contrôler sa communication, Renault s'est emmêlé les pinceaux la semaine dernière. Voila l'histoire: une rumeur circule en prétendant que la Renault Zoé (un véhicule électrique) ne sera pas livrée en 2012 comme initialement prévu. Renault confirme par la voix de ses divers porte parole, qui mettent ... Lire plus
