{"version":"1.0","provider_name":"Blog auto Carid\u00e9al","provider_url":"https:\/\/www.carideal.com\/blog","title":"Fiat Punto restyl\u00e9e - Blog auto Carid\u00e9al","type":"rich","width":600,"height":338,"html":"<blockquote class=\"wp-embedded-content\" data-secret=\"5IyCoGwklb\"><a href=\"https:\/\/www.carideal.com\/blog\/2012\/06\/07\/fiat-punto-restylee\/\">Fiat Punto restyl\u00e9e<\/a><\/blockquote><iframe sandbox=\"allow-scripts\" security=\"restricted\" src=\"https:\/\/www.carideal.com\/blog\/2012\/06\/07\/fiat-punto-restylee\/embed\/#?secret=5IyCoGwklb\" width=\"600\" height=\"338\" title=\"\u00ab\u00a0Fiat Punto restyl\u00e9e\u00a0\u00bb &#8212; Blog auto Carid\u00e9al\" data-secret=\"5IyCoGwklb\" frameborder=\"0\" marginwidth=\"0\" marginheight=\"0\" scrolling=\"no\" class=\"wp-embedded-content\"><\/iframe><script>\n\/*! This file is auto-generated *\/\n!function(d,l){\"use strict\";l.querySelector&&d.addEventListener&&\"undefined\"!=typeof URL&&(d.wp=d.wp||{},d.wp.receiveEmbedMessage||(d.wp.receiveEmbedMessage=function(e){var t=e.data;if((t||t.secret||t.message||t.value)&&!\/[^a-zA-Z0-9]\/.test(t.secret)){for(var s,r,n,a=l.querySelectorAll('iframe[data-secret=\"'+t.secret+'\"]'),o=l.querySelectorAll('blockquote[data-secret=\"'+t.secret+'\"]'),c=new RegExp(\"^https?:$\",\"i\"),i=0;i<o.length;i++)o[i].style.display=\"none\";for(i=0;i<a.length;i++)s=a[i],e.source===s.contentWindow&&(s.removeAttribute(\"style\"),\"height\"===t.message?(1e3<(r=parseInt(t.value,10))?r=1e3:~~r<200&&(r=200),s.height=r):\"link\"===t.message&&(r=new URL(s.getAttribute(\"src\")),n=new URL(t.value),c.test(n.protocol))&&n.host===r.host&&l.activeElement===s&&(d.top.location.href=t.value))}},d.addEventListener(\"message\",d.wp.receiveEmbedMessage,!1),l.addEventListener(\"DOMContentLoaded\",function(){for(var e,t,s=l.querySelectorAll(\"iframe.wp-embedded-content\"),r=0;r<s.length;r++)(t=(e=s[r]).getAttribute(\"data-secret\"))||(t=Math.random().toString(36).substring(2,12),e.src+=\"#?secret=\"+t,e.setAttribute(\"data-secret\",t)),e.contentWindow.postMessage({message:\"ready\",secret:t},\"*\")},!1)))}(window,document);\n<\/script>\n","description":"La punto accueille un deuxi\u00e8me restylage. Gr\u00e2ce \u00e0 sa longueur la Fiat Punto dispose du record de la polyvalente la plus grande du segment. Ce d\u00e9taille lui permet d'avoir un int\u00e9rieur splendide mais en revanche de ne pas \u00e9tinceler en ville, gabarit \u00e9norme, diam\u00e8tre de braquage moyen, angle mort d\u00e9rengeant \u00e0 l'approche des giratoires, manque ... Lire plus","thumbnail_url":"https:\/\/www.carideal.com\/blog\/wp-content\/uploads\/2016\/03\/logo-carideal-mandataire-automobile.png","thumbnail_width":300,"thumbnail_height":300}

Blog auto Caridéal

Fiat Punto restylée - Blog auto Caridéal

<blockquote class="wp-embedded-content" data-secret="5IyCoGwklb"><a href="https://www.carideal.com/blog/2012/06/07/fiat-punto-restylee/">Fiat Punto restylée</a></blockquote><iframe sandbox="allow-scripts" security="restricted" src="https://www.carideal.com/blog/2012/06/07/fiat-punto-restylee/embed/#?secret=5IyCoGwklb" width="600" height="338" title="« Fiat Punto restylée » &#8212; Blog auto Caridéal" data-secret="5IyCoGwklb" frameborder="0" marginwidth="0" marginheight="0" scrolling="no" class="wp-embedded-content"></iframe><script>
/*! This file is auto-generated */
!function(d,l){"use strict";l.querySelector&&d.addEventListener&&"undefined"!=typeof URL&&(d.wp=d.wp||{},d.wp.receiveEmbedMessage||(d.wp.receiveEmbedMessage=function(e){var t=e.data;if((t||t.secret||t.message||t.value)&&!/[^a-zA-Z0-9]/.test(t.secret)){for(var s,r,n,a=l.querySelectorAll('iframe[data-secret="'+t.secret+'"]'),o=l.querySelectorAll('blockquote[data-secret="'+t.secret+'"]'),c=new RegExp("^https?:$","i"),i=0;i<o.length;i++)o[i].style.display="none";for(i=0;i<a.length;i++)s=a[i],e.source===s.contentWindow&&(s.removeAttribute("style"),"height"===t.message?(1e3<(r=parseInt(t.value,10))?r=1e3:~~r<200&&(r=200),s.height=r):"link"===t.message&&(r=new URL(s.getAttribute("src")),n=new URL(t.value),c.test(n.protocol))&&n.host===r.host&&l.activeElement===s&&(d.top.location.href=t.value))}},d.addEventListener("message",d.wp.receiveEmbedMessage,!1),l.addEventListener("DOMContentLoaded",function(){for(var e,t,s=l.querySelectorAll("iframe.wp-embedded-content"),r=0;r<s.length;r++)(t=(e=s[r]).getAttribute("data-secret"))||(t=Math.random().toString(36).substring(2,12),e.src+="#?secret="+t,e.setAttribute("data-secret",t)),e.contentWindow.postMessage({message:"ready",secret:t},"*")},!1)))}(window,document);
</script>

La punto accueille un deuxième restylage. Grâce à sa longueur la Fiat Punto dispose du record de la polyvalente la plus grande du segment. Ce détaille lui permet d'avoir un intérieur splendide mais en revanche de ne pas étinceler en ville, gabarit énorme, diamètre de braquage moyen, angle mort dérengeant à l'approche des giratoires, manque ... Lire plus
