{"version":"1.0","provider_name":"Blog auto Carid\u00e9al","provider_url":"https:\/\/www.carideal.com\/blog","title":"Les Voitures Hybrides \u2013 Que nous reserve l\u2019annee 2012 ? - Blog auto Carid\u00e9al","type":"rich","width":600,"height":338,"html":"<blockquote class=\"wp-embedded-content\" data-secret=\"IIi6twpuvo\"><a href=\"https:\/\/www.carideal.com\/blog\/2012\/02\/24\/les-voitures-hybrides-que-nous-reserve-lannee-2012\/\">Les Voitures Hybrides \u2013 Que nous reserve l\u2019annee 2012 ?<\/a><\/blockquote><iframe sandbox=\"allow-scripts\" security=\"restricted\" src=\"https:\/\/www.carideal.com\/blog\/2012\/02\/24\/les-voitures-hybrides-que-nous-reserve-lannee-2012\/embed\/#?secret=IIi6twpuvo\" width=\"600\" height=\"338\" title=\"\u00ab\u00a0Les Voitures Hybrides \u2013 Que nous reserve l\u2019annee 2012 ?\u00a0\u00bb &#8212; Blog auto Carid\u00e9al\" data-secret=\"IIi6twpuvo\" frameborder=\"0\" marginwidth=\"0\" marginheight=\"0\" scrolling=\"no\" class=\"wp-embedded-content\"><\/iframe><script>\n\/*! This file is auto-generated *\/\n!function(d,l){\"use strict\";l.querySelector&&d.addEventListener&&\"undefined\"!=typeof URL&&(d.wp=d.wp||{},d.wp.receiveEmbedMessage||(d.wp.receiveEmbedMessage=function(e){var t=e.data;if((t||t.secret||t.message||t.value)&&!\/[^a-zA-Z0-9]\/.test(t.secret)){for(var s,r,n,a=l.querySelectorAll('iframe[data-secret=\"'+t.secret+'\"]'),o=l.querySelectorAll('blockquote[data-secret=\"'+t.secret+'\"]'),c=new RegExp(\"^https?:$\",\"i\"),i=0;i<o.length;i++)o[i].style.display=\"none\";for(i=0;i<a.length;i++)s=a[i],e.source===s.contentWindow&&(s.removeAttribute(\"style\"),\"height\"===t.message?(1e3<(r=parseInt(t.value,10))?r=1e3:~~r<200&&(r=200),s.height=r):\"link\"===t.message&&(r=new URL(s.getAttribute(\"src\")),n=new URL(t.value),c.test(n.protocol))&&n.host===r.host&&l.activeElement===s&&(d.top.location.href=t.value))}},d.addEventListener(\"message\",d.wp.receiveEmbedMessage,!1),l.addEventListener(\"DOMContentLoaded\",function(){for(var e,t,s=l.querySelectorAll(\"iframe.wp-embedded-content\"),r=0;r<s.length;r++)(t=(e=s[r]).getAttribute(\"data-secret\"))||(t=Math.random().toString(36).substring(2,12),e.src+=\"#?secret=\"+t,e.setAttribute(\"data-secret\",t)),e.contentWindow.postMessage({message:\"ready\",secret:t},\"*\")},!1)))}(window,document);\n<\/script>\n","description":"Chaque ann\u00e9e, il y a de plus en plus de voitures hybrides dans les salons automobiles. Heureusement pour nous, les clients, cette croissante en termes de choix entraine une comp\u00e9titivit\u00e9 entre les constructeurs automobiles, toujours \u00e0 la recherche d\u2019am\u00e9liorations technologiques. Les nouvelles voitures hybrides qui ont fait leurs d\u00e9buts r\u00e9cemment sont de plus en plus ... Lire plus","thumbnail_url":"https:\/\/www.carideal.com\/blog\/wp-content\/uploads\/2016\/03\/logo-carideal-mandataire-automobile.png","thumbnail_width":300,"thumbnail_height":300}

Blog auto Caridéal

Les Voitures Hybrides – Que nous reserve l’annee 2012 ? - Blog auto Caridéal

<blockquote class="wp-embedded-content" data-secret="IIi6twpuvo"><a href="https://www.carideal.com/blog/2012/02/24/les-voitures-hybrides-que-nous-reserve-lannee-2012/">Les Voitures Hybrides – Que nous reserve l’annee 2012 ?</a></blockquote><iframe sandbox="allow-scripts" security="restricted" src="https://www.carideal.com/blog/2012/02/24/les-voitures-hybrides-que-nous-reserve-lannee-2012/embed/#?secret=IIi6twpuvo" width="600" height="338" title="« Les Voitures Hybrides – Que nous reserve l’annee 2012 ? » &#8212; Blog auto Caridéal" data-secret="IIi6twpuvo" frameborder="0" marginwidth="0" marginheight="0" scrolling="no" class="wp-embedded-content"></iframe><script>
/*! This file is auto-generated */
!function(d,l){"use strict";l.querySelector&&d.addEventListener&&"undefined"!=typeof URL&&(d.wp=d.wp||{},d.wp.receiveEmbedMessage||(d.wp.receiveEmbedMessage=function(e){var t=e.data;if((t||t.secret||t.message||t.value)&&!/[^a-zA-Z0-9]/.test(t.secret)){for(var s,r,n,a=l.querySelectorAll('iframe[data-secret="'+t.secret+'"]'),o=l.querySelectorAll('blockquote[data-secret="'+t.secret+'"]'),c=new RegExp("^https?:$","i"),i=0;i<o.length;i++)o[i].style.display="none";for(i=0;i<a.length;i++)s=a[i],e.source===s.contentWindow&&(s.removeAttribute("style"),"height"===t.message?(1e3<(r=parseInt(t.value,10))?r=1e3:~~r<200&&(r=200),s.height=r):"link"===t.message&&(r=new URL(s.getAttribute("src")),n=new URL(t.value),c.test(n.protocol))&&n.host===r.host&&l.activeElement===s&&(d.top.location.href=t.value))}},d.addEventListener("message",d.wp.receiveEmbedMessage,!1),l.addEventListener("DOMContentLoaded",function(){for(var e,t,s=l.querySelectorAll("iframe.wp-embedded-content"),r=0;r<s.length;r++)(t=(e=s[r]).getAttribute("data-secret"))||(t=Math.random().toString(36).substring(2,12),e.src+="#?secret="+t,e.setAttribute("data-secret",t)),e.contentWindow.postMessage({message:"ready",secret:t},"*")},!1)))}(window,document);
</script>

Chaque année, il y a de plus en plus de voitures hybrides dans les salons automobiles. Heureusement pour nous, les clients, cette croissante en termes de choix entraine une compétitivité entre les constructeurs automobiles, toujours à la recherche d’améliorations technologiques. Les nouvelles voitures hybrides qui ont fait leurs débuts récemment sont de plus en plus ... Lire plus
