{"version":"1.0","provider_name":"Blog auto Carid\u00e9al","provider_url":"https:\/\/www.carideal.com\/blog","title":"le Senat dit non aux radars pedagogiques - Blog auto Carid\u00e9al","type":"rich","width":600,"height":338,"html":"<blockquote class=\"wp-embedded-content\" data-secret=\"CprLfjwL3L\"><a href=\"https:\/\/www.carideal.com\/blog\/2012\/01\/04\/le-senat-dit-non-aux-radars-pedagogiques\/\">le Senat dit non aux radars pedagogiques<\/a><\/blockquote><iframe sandbox=\"allow-scripts\" security=\"restricted\" src=\"https:\/\/www.carideal.com\/blog\/2012\/01\/04\/le-senat-dit-non-aux-radars-pedagogiques\/embed\/#?secret=CprLfjwL3L\" width=\"600\" height=\"338\" title=\"\u00ab\u00a0le Senat dit non aux radars pedagogiques\u00a0\u00bb &#8212; Blog auto Carid\u00e9al\" data-secret=\"CprLfjwL3L\" frameborder=\"0\" marginwidth=\"0\" marginheight=\"0\" scrolling=\"no\" class=\"wp-embedded-content\"><\/iframe><script>\n\/*! This file is auto-generated *\/\n!function(d,l){\"use strict\";l.querySelector&&d.addEventListener&&\"undefined\"!=typeof URL&&(d.wp=d.wp||{},d.wp.receiveEmbedMessage||(d.wp.receiveEmbedMessage=function(e){var t=e.data;if((t||t.secret||t.message||t.value)&&!\/[^a-zA-Z0-9]\/.test(t.secret)){for(var s,r,n,a=l.querySelectorAll('iframe[data-secret=\"'+t.secret+'\"]'),o=l.querySelectorAll('blockquote[data-secret=\"'+t.secret+'\"]'),c=new RegExp(\"^https?:$\",\"i\"),i=0;i<o.length;i++)o[i].style.display=\"none\";for(i=0;i<a.length;i++)s=a[i],e.source===s.contentWindow&&(s.removeAttribute(\"style\"),\"height\"===t.message?(1e3<(r=parseInt(t.value,10))?r=1e3:~~r<200&&(r=200),s.height=r):\"link\"===t.message&&(r=new URL(s.getAttribute(\"src\")),n=new URL(t.value),c.test(n.protocol))&&n.host===r.host&&l.activeElement===s&&(d.top.location.href=t.value))}},d.addEventListener(\"message\",d.wp.receiveEmbedMessage,!1),l.addEventListener(\"DOMContentLoaded\",function(){for(var e,t,s=l.querySelectorAll(\"iframe.wp-embedded-content\"),r=0;r<s.length;r++)(t=(e=s[r]).getAttribute(\"data-secret\"))||(t=Math.random().toString(36).substring(2,12),e.src+=\"#?secret=\"+t,e.setAttribute(\"data-secret\",t)),e.contentWindow.postMessage({message:\"ready\",secret:t},\"*\")},!1)))}(window,document);\n<\/script>\n","description":"Le radar p\u00e9dagogique ne fait pas recette. Le radar p\u00e9dagogique ne flash pas et donc ne rapporte rien \u00e0 l'\u00e9tat mais lui co\u00fbte. Donc les s\u00e9nateurs lui trouve d'un coup une certaine redondance avec les panneaux signalisant les radars d\u00e9j\u00e0 instal\u00e9s...sic. Un radar p\u00e9dagogique coute 6650 e plus 1350 \u20ac de maintenance environ soit 8000 ... Lire plus","thumbnail_url":"https:\/\/www.carideal.com\/blog\/wp-content\/uploads\/2016\/03\/logo-carideal-mandataire-automobile.png","thumbnail_width":300,"thumbnail_height":300}

Blog auto Caridéal

le Senat dit non aux radars pedagogiques - Blog auto Caridéal

<blockquote class="wp-embedded-content" data-secret="CprLfjwL3L"><a href="https://www.carideal.com/blog/2012/01/04/le-senat-dit-non-aux-radars-pedagogiques/">le Senat dit non aux radars pedagogiques</a></blockquote><iframe sandbox="allow-scripts" security="restricted" src="https://www.carideal.com/blog/2012/01/04/le-senat-dit-non-aux-radars-pedagogiques/embed/#?secret=CprLfjwL3L" width="600" height="338" title="« le Senat dit non aux radars pedagogiques » &#8212; Blog auto Caridéal" data-secret="CprLfjwL3L" frameborder="0" marginwidth="0" marginheight="0" scrolling="no" class="wp-embedded-content"></iframe><script>
/*! This file is auto-generated */
!function(d,l){"use strict";l.querySelector&&d.addEventListener&&"undefined"!=typeof URL&&(d.wp=d.wp||{},d.wp.receiveEmbedMessage||(d.wp.receiveEmbedMessage=function(e){var t=e.data;if((t||t.secret||t.message||t.value)&&!/[^a-zA-Z0-9]/.test(t.secret)){for(var s,r,n,a=l.querySelectorAll('iframe[data-secret="'+t.secret+'"]'),o=l.querySelectorAll('blockquote[data-secret="'+t.secret+'"]'),c=new RegExp("^https?:$","i"),i=0;i<o.length;i++)o[i].style.display="none";for(i=0;i<a.length;i++)s=a[i],e.source===s.contentWindow&&(s.removeAttribute("style"),"height"===t.message?(1e3<(r=parseInt(t.value,10))?r=1e3:~~r<200&&(r=200),s.height=r):"link"===t.message&&(r=new URL(s.getAttribute("src")),n=new URL(t.value),c.test(n.protocol))&&n.host===r.host&&l.activeElement===s&&(d.top.location.href=t.value))}},d.addEventListener("message",d.wp.receiveEmbedMessage,!1),l.addEventListener("DOMContentLoaded",function(){for(var e,t,s=l.querySelectorAll("iframe.wp-embedded-content"),r=0;r<s.length;r++)(t=(e=s[r]).getAttribute("data-secret"))||(t=Math.random().toString(36).substring(2,12),e.src+="#?secret="+t,e.setAttribute("data-secret",t)),e.contentWindow.postMessage({message:"ready",secret:t},"*")},!1)))}(window,document);
</script>

Le radar pédagogique ne fait pas recette. Le radar pédagogique ne flash pas et donc ne rapporte rien à l'état mais lui coûte. Donc les sénateurs lui trouve d'un coup une certaine redondance avec les panneaux signalisant les radars déjà instalés...sic. Un radar pédagogique coute 6650 e plus 1350 € de maintenance environ soit 8000 ... Lire plus
