{"version":"1.0","provider_name":"Blog auto Carid\u00e9al","provider_url":"https:\/\/www.carideal.com\/blog","title":"Nouvelle Peugeot 308 restylee - Blog auto Carid\u00e9al","type":"rich","width":600,"height":338,"html":"<blockquote class=\"wp-embedded-content\" data-secret=\"KSLkIVvnZP\"><a href=\"https:\/\/www.carideal.com\/blog\/2011\/02\/27\/nouvelle-peugeot-308-restylee\/\">Nouvelle Peugeot 308 restylee<\/a><\/blockquote><iframe sandbox=\"allow-scripts\" security=\"restricted\" src=\"https:\/\/www.carideal.com\/blog\/2011\/02\/27\/nouvelle-peugeot-308-restylee\/embed\/#?secret=KSLkIVvnZP\" width=\"600\" height=\"338\" title=\"\u00ab\u00a0Nouvelle Peugeot 308 restylee\u00a0\u00bb &#8212; Blog auto Carid\u00e9al\" data-secret=\"KSLkIVvnZP\" frameborder=\"0\" marginwidth=\"0\" marginheight=\"0\" scrolling=\"no\" class=\"wp-embedded-content\"><\/iframe><script>\n\/*! This file is auto-generated *\/\n!function(d,l){\"use strict\";l.querySelector&&d.addEventListener&&\"undefined\"!=typeof URL&&(d.wp=d.wp||{},d.wp.receiveEmbedMessage||(d.wp.receiveEmbedMessage=function(e){var t=e.data;if((t||t.secret||t.message||t.value)&&!\/[^a-zA-Z0-9]\/.test(t.secret)){for(var s,r,n,a=l.querySelectorAll('iframe[data-secret=\"'+t.secret+'\"]'),o=l.querySelectorAll('blockquote[data-secret=\"'+t.secret+'\"]'),c=new RegExp(\"^https?:$\",\"i\"),i=0;i<o.length;i++)o[i].style.display=\"none\";for(i=0;i<a.length;i++)s=a[i],e.source===s.contentWindow&&(s.removeAttribute(\"style\"),\"height\"===t.message?(1e3<(r=parseInt(t.value,10))?r=1e3:~~r<200&&(r=200),s.height=r):\"link\"===t.message&&(r=new URL(s.getAttribute(\"src\")),n=new URL(t.value),c.test(n.protocol))&&n.host===r.host&&l.activeElement===s&&(d.top.location.href=t.value))}},d.addEventListener(\"message\",d.wp.receiveEmbedMessage,!1),l.addEventListener(\"DOMContentLoaded\",function(){for(var e,t,s=l.querySelectorAll(\"iframe.wp-embedded-content\"),r=0;r<s.length;r++)(t=(e=s[r]).getAttribute(\"data-secret\"))||(t=Math.random().toString(36).substring(2,12),e.src+=\"#?secret=\"+t,e.setAttribute(\"data-secret\",t)),e.contentWindow.postMessage({message:\"ready\",secret:t},\"*\")},!1)))}(window,document);\n<\/script>\n","description":"Peugeot 308 restyl\u00e9e 2011 a partir d'Avril La future Peugeot 308 va b\u00e9n\u00e9ficier d'am\u00e9liorations esth\u00e9tiques et m\u00e9caniques : au sujet du RESTYLING : L'avant est repens\u00e9 avec de nouvelles jantes alu pour un style plus moderne Nouveaux Feux de jour NOUVEAUX MOTEURS ET DE NOUVELLES TECHNOLOGIES QUI PRENNENT EN COMPTE L'ENVIRONNEMENT Lancement du moteur 1.6 ... Lire plus","thumbnail_url":"https:\/\/www.carideal.com\/blog\/wp-content\/uploads\/2016\/03\/logo-carideal-mandataire-automobile.png","thumbnail_width":300,"thumbnail_height":300}

Blog auto Caridéal

Nouvelle Peugeot 308 restylee - Blog auto Caridéal

<blockquote class="wp-embedded-content" data-secret="KSLkIVvnZP"><a href="https://www.carideal.com/blog/2011/02/27/nouvelle-peugeot-308-restylee/">Nouvelle Peugeot 308 restylee</a></blockquote><iframe sandbox="allow-scripts" security="restricted" src="https://www.carideal.com/blog/2011/02/27/nouvelle-peugeot-308-restylee/embed/#?secret=KSLkIVvnZP" width="600" height="338" title="« Nouvelle Peugeot 308 restylee » &#8212; Blog auto Caridéal" data-secret="KSLkIVvnZP" frameborder="0" marginwidth="0" marginheight="0" scrolling="no" class="wp-embedded-content"></iframe><script>
/*! This file is auto-generated */
!function(d,l){"use strict";l.querySelector&&d.addEventListener&&"undefined"!=typeof URL&&(d.wp=d.wp||{},d.wp.receiveEmbedMessage||(d.wp.receiveEmbedMessage=function(e){var t=e.data;if((t||t.secret||t.message||t.value)&&!/[^a-zA-Z0-9]/.test(t.secret)){for(var s,r,n,a=l.querySelectorAll('iframe[data-secret="'+t.secret+'"]'),o=l.querySelectorAll('blockquote[data-secret="'+t.secret+'"]'),c=new RegExp("^https?:$","i"),i=0;i<o.length;i++)o[i].style.display="none";for(i=0;i<a.length;i++)s=a[i],e.source===s.contentWindow&&(s.removeAttribute("style"),"height"===t.message?(1e3<(r=parseInt(t.value,10))?r=1e3:~~r<200&&(r=200),s.height=r):"link"===t.message&&(r=new URL(s.getAttribute("src")),n=new URL(t.value),c.test(n.protocol))&&n.host===r.host&&l.activeElement===s&&(d.top.location.href=t.value))}},d.addEventListener("message",d.wp.receiveEmbedMessage,!1),l.addEventListener("DOMContentLoaded",function(){for(var e,t,s=l.querySelectorAll("iframe.wp-embedded-content"),r=0;r<s.length;r++)(t=(e=s[r]).getAttribute("data-secret"))||(t=Math.random().toString(36).substring(2,12),e.src+="#?secret="+t,e.setAttribute("data-secret",t)),e.contentWindow.postMessage({message:"ready",secret:t},"*")},!1)))}(window,document);
</script>

Peugeot 308 restylée 2011 a partir d'Avril La future Peugeot 308 va bénéficier d'améliorations esthétiques et mécaniques : au sujet du RESTYLING : L'avant est repensé avec de nouvelles jantes alu pour un style plus moderne Nouveaux Feux de jour NOUVEAUX MOTEURS ET DE NOUVELLES TECHNOLOGIES QUI PRENNENT EN COMPTE L'ENVIRONNEMENT Lancement du moteur 1.6 ... Lire plus
