{"version":"1.0","provider_name":"Blog auto Carid\u00e9al","provider_url":"https:\/\/www.carideal.com\/blog","title":"Volkswagen Passat CC serie Exclusive - Blog auto Carid\u00e9al","type":"rich","width":600,"height":338,"html":"<blockquote class=\"wp-embedded-content\" data-secret=\"jFSpc7pvVN\"><a href=\"https:\/\/www.carideal.com\/blog\/2010\/06\/10\/volkswagen-passat-cc-serie-exclusive\/\">Volkswagen Passat CC serie Exclusive<\/a><\/blockquote><iframe sandbox=\"allow-scripts\" security=\"restricted\" src=\"https:\/\/www.carideal.com\/blog\/2010\/06\/10\/volkswagen-passat-cc-serie-exclusive\/embed\/#?secret=jFSpc7pvVN\" width=\"600\" height=\"338\" title=\"\u00ab\u00a0Volkswagen Passat CC serie Exclusive\u00a0\u00bb &#8212; Blog auto Carid\u00e9al\" data-secret=\"jFSpc7pvVN\" frameborder=\"0\" marginwidth=\"0\" marginheight=\"0\" scrolling=\"no\" class=\"wp-embedded-content\"><\/iframe><script>\n\/*! This file is auto-generated *\/\n!function(d,l){\"use strict\";l.querySelector&&d.addEventListener&&\"undefined\"!=typeof URL&&(d.wp=d.wp||{},d.wp.receiveEmbedMessage||(d.wp.receiveEmbedMessage=function(e){var t=e.data;if((t||t.secret||t.message||t.value)&&!\/[^a-zA-Z0-9]\/.test(t.secret)){for(var s,r,n,a=l.querySelectorAll('iframe[data-secret=\"'+t.secret+'\"]'),o=l.querySelectorAll('blockquote[data-secret=\"'+t.secret+'\"]'),c=new RegExp(\"^https?:$\",\"i\"),i=0;i<o.length;i++)o[i].style.display=\"none\";for(i=0;i<a.length;i++)s=a[i],e.source===s.contentWindow&&(s.removeAttribute(\"style\"),\"height\"===t.message?(1e3<(r=parseInt(t.value,10))?r=1e3:~~r<200&&(r=200),s.height=r):\"link\"===t.message&&(r=new URL(s.getAttribute(\"src\")),n=new URL(t.value),c.test(n.protocol))&&n.host===r.host&&l.activeElement===s&&(d.top.location.href=t.value))}},d.addEventListener(\"message\",d.wp.receiveEmbedMessage,!1),l.addEventListener(\"DOMContentLoaded\",function(){for(var e,t,s=l.querySelectorAll(\"iframe.wp-embedded-content\"),r=0;r<s.length;r++)(t=(e=s[r]).getAttribute(\"data-secret\"))||(t=Math.random().toString(36).substring(2,12),e.src+=\"#?secret=\"+t,e.setAttribute(\"data-secret\",t)),e.contentWindow.postMessage({message:\"ready\",secret:t},\"*\")},!1)))}(window,document);\n<\/script>\n","description":"&nbsp; Volkswagen Passat CC serie Exclusive La Volkswagen Passat CC re\u00e7oit ces derniers temps toutes les attentions de Volkswagen. le coup\u00e9 quatre portes se voit proposer une s\u00e9rie sp\u00e9ciale haut de gamme \"Exclusive\". A l'ext\u00e9rieur, Volkswagen livre une nouvelle teinte de carrosserie bleu perle \"Moonlight\", des jantes 18\" et quelques inserts chrom\u00e9s suppl\u00e9mentaires. A bord, ... Lire plus","thumbnail_url":"https:\/\/www.carideal.com\/blog\/wp-content\/uploads\/2016\/03\/logo-carideal-mandataire-automobile.png","thumbnail_width":300,"thumbnail_height":300}

Blog auto Caridéal

Volkswagen Passat CC serie Exclusive - Blog auto Caridéal

<blockquote class="wp-embedded-content" data-secret="jFSpc7pvVN"><a href="https://www.carideal.com/blog/2010/06/10/volkswagen-passat-cc-serie-exclusive/">Volkswagen Passat CC serie Exclusive</a></blockquote><iframe sandbox="allow-scripts" security="restricted" src="https://www.carideal.com/blog/2010/06/10/volkswagen-passat-cc-serie-exclusive/embed/#?secret=jFSpc7pvVN" width="600" height="338" title="« Volkswagen Passat CC serie Exclusive » &#8212; Blog auto Caridéal" data-secret="jFSpc7pvVN" frameborder="0" marginwidth="0" marginheight="0" scrolling="no" class="wp-embedded-content"></iframe><script>
/*! This file is auto-generated */
!function(d,l){"use strict";l.querySelector&&d.addEventListener&&"undefined"!=typeof URL&&(d.wp=d.wp||{},d.wp.receiveEmbedMessage||(d.wp.receiveEmbedMessage=function(e){var t=e.data;if((t||t.secret||t.message||t.value)&&!/[^a-zA-Z0-9]/.test(t.secret)){for(var s,r,n,a=l.querySelectorAll('iframe[data-secret="'+t.secret+'"]'),o=l.querySelectorAll('blockquote[data-secret="'+t.secret+'"]'),c=new RegExp("^https?:$","i"),i=0;i<o.length;i++)o[i].style.display="none";for(i=0;i<a.length;i++)s=a[i],e.source===s.contentWindow&&(s.removeAttribute("style"),"height"===t.message?(1e3<(r=parseInt(t.value,10))?r=1e3:~~r<200&&(r=200),s.height=r):"link"===t.message&&(r=new URL(s.getAttribute("src")),n=new URL(t.value),c.test(n.protocol))&&n.host===r.host&&l.activeElement===s&&(d.top.location.href=t.value))}},d.addEventListener("message",d.wp.receiveEmbedMessage,!1),l.addEventListener("DOMContentLoaded",function(){for(var e,t,s=l.querySelectorAll("iframe.wp-embedded-content"),r=0;r<s.length;r++)(t=(e=s[r]).getAttribute("data-secret"))||(t=Math.random().toString(36).substring(2,12),e.src+="#?secret="+t,e.setAttribute("data-secret",t)),e.contentWindow.postMessage({message:"ready",secret:t},"*")},!1)))}(window,document);
</script>

&nbsp; Volkswagen Passat CC serie Exclusive La Volkswagen Passat CC reçoit ces derniers temps toutes les attentions de Volkswagen. le coupé quatre portes se voit proposer une série spéciale haut de gamme "Exclusive". A l'extérieur, Volkswagen livre une nouvelle teinte de carrosserie bleu perle "Moonlight", des jantes 18" et quelques inserts chromés supplémentaires. A bord, ... Lire plus
