{"version":"1.0","provider_name":"Blog auto Carid\u00e9al","provider_url":"https:\/\/www.carideal.com\/blog","title":"Volkswagen Passat V Occasion - Blog auto Carid\u00e9al","type":"rich","width":600,"height":338,"html":"<blockquote class=\"wp-embedded-content\" data-secret=\"bgqolfg6k6\"><a href=\"https:\/\/www.carideal.com\/blog\/2008\/12\/22\/volkswagen-passat-v-d-occasion\/\">Volkswagen Passat V Occasion<\/a><\/blockquote><iframe sandbox=\"allow-scripts\" security=\"restricted\" src=\"https:\/\/www.carideal.com\/blog\/2008\/12\/22\/volkswagen-passat-v-d-occasion\/embed\/#?secret=bgqolfg6k6\" width=\"600\" height=\"338\" title=\"\u00ab\u00a0Volkswagen Passat V Occasion\u00a0\u00bb &#8212; Blog auto Carid\u00e9al\" data-secret=\"bgqolfg6k6\" frameborder=\"0\" marginwidth=\"0\" marginheight=\"0\" scrolling=\"no\" class=\"wp-embedded-content\"><\/iframe><script>\n\/*! This file is auto-generated *\/\n!function(d,l){\"use strict\";l.querySelector&&d.addEventListener&&\"undefined\"!=typeof URL&&(d.wp=d.wp||{},d.wp.receiveEmbedMessage||(d.wp.receiveEmbedMessage=function(e){var t=e.data;if((t||t.secret||t.message||t.value)&&!\/[^a-zA-Z0-9]\/.test(t.secret)){for(var s,r,n,a=l.querySelectorAll('iframe[data-secret=\"'+t.secret+'\"]'),o=l.querySelectorAll('blockquote[data-secret=\"'+t.secret+'\"]'),c=new RegExp(\"^https?:$\",\"i\"),i=0;i<o.length;i++)o[i].style.display=\"none\";for(i=0;i<a.length;i++)s=a[i],e.source===s.contentWindow&&(s.removeAttribute(\"style\"),\"height\"===t.message?(1e3<(r=parseInt(t.value,10))?r=1e3:~~r<200&&(r=200),s.height=r):\"link\"===t.message&&(r=new URL(s.getAttribute(\"src\")),n=new URL(t.value),c.test(n.protocol))&&n.host===r.host&&l.activeElement===s&&(d.top.location.href=t.value))}},d.addEventListener(\"message\",d.wp.receiveEmbedMessage,!1),l.addEventListener(\"DOMContentLoaded\",function(){for(var e,t,s=l.querySelectorAll(\"iframe.wp-embedded-content\"),r=0;r<s.length;r++)(t=(e=s[r]).getAttribute(\"data-secret\"))||(t=Math.random().toString(36).substring(2,12),e.src+=\"#?secret=\"+t,e.setAttribute(\"data-secret\",t)),e.contentWindow.postMessage({message:\"ready\",secret:t},\"*\")},!1)))}(window,document);\n<\/script>\n","description":"volkswagen passat V occasion volkswagen passat break V occasion La volkswagen Passat d'occasion est beaucoup plus \u00e0 l'aise lorsqu'elle \u00e9volue sur les grandes lignes droites des autoroutes que sur les routes sinueuses de montagne. Ses suspensions souples manquent de pr\u00e9cision, engendrant un effet de pompage des plus inconfortables. Si la s\u00e9curit\u00e9 n'est pas en jeu, ... Lire plus","thumbnail_url":"http:\/\/www.carideal.com\/images_actualite\/volkswagenpassat5carideal-1230056419.jpg"}

Blog auto Caridéal

Volkswagen Passat V Occasion - Blog auto Caridéal

<blockquote class="wp-embedded-content" data-secret="bgqolfg6k6"><a href="https://www.carideal.com/blog/2008/12/22/volkswagen-passat-v-d-occasion/">Volkswagen Passat V Occasion</a></blockquote><iframe sandbox="allow-scripts" security="restricted" src="https://www.carideal.com/blog/2008/12/22/volkswagen-passat-v-d-occasion/embed/#?secret=bgqolfg6k6" width="600" height="338" title="« Volkswagen Passat V Occasion » &#8212; Blog auto Caridéal" data-secret="bgqolfg6k6" frameborder="0" marginwidth="0" marginheight="0" scrolling="no" class="wp-embedded-content"></iframe><script>
/*! This file is auto-generated */
!function(d,l){"use strict";l.querySelector&&d.addEventListener&&"undefined"!=typeof URL&&(d.wp=d.wp||{},d.wp.receiveEmbedMessage||(d.wp.receiveEmbedMessage=function(e){var t=e.data;if((t||t.secret||t.message||t.value)&&!/[^a-zA-Z0-9]/.test(t.secret)){for(var s,r,n,a=l.querySelectorAll('iframe[data-secret="'+t.secret+'"]'),o=l.querySelectorAll('blockquote[data-secret="'+t.secret+'"]'),c=new RegExp("^https?:$","i"),i=0;i<o.length;i++)o[i].style.display="none";for(i=0;i<a.length;i++)s=a[i],e.source===s.contentWindow&&(s.removeAttribute("style"),"height"===t.message?(1e3<(r=parseInt(t.value,10))?r=1e3:~~r<200&&(r=200),s.height=r):"link"===t.message&&(r=new URL(s.getAttribute("src")),n=new URL(t.value),c.test(n.protocol))&&n.host===r.host&&l.activeElement===s&&(d.top.location.href=t.value))}},d.addEventListener("message",d.wp.receiveEmbedMessage,!1),l.addEventListener("DOMContentLoaded",function(){for(var e,t,s=l.querySelectorAll("iframe.wp-embedded-content"),r=0;r<s.length;r++)(t=(e=s[r]).getAttribute("data-secret"))||(t=Math.random().toString(36).substring(2,12),e.src+="#?secret="+t,e.setAttribute("data-secret",t)),e.contentWindow.postMessage({message:"ready",secret:t},"*")},!1)))}(window,document);
</script>

volkswagen passat V occasion volkswagen passat break V occasion La volkswagen Passat d'occasion est beaucoup plus à l'aise lorsqu'elle évolue sur les grandes lignes droites des autoroutes que sur les routes sinueuses de montagne. Ses suspensions souples manquent de précision, engendrant un effet de pompage des plus inconfortables. Si la sécurité n'est pas en jeu, ... Lire plus
