{"version":"1.0","provider_name":"Blog auto Carid\u00e9al","provider_url":"https:\/\/www.carideal.com\/blog","title":"Avis Audi A3 phase II d'occasion - Blog auto Carid\u00e9al","type":"rich","width":600,"height":338,"html":"<blockquote class=\"wp-embedded-content\" data-secret=\"5AsBGZIBmc\"><a href=\"https:\/\/www.carideal.com\/blog\/2008\/07\/06\/audi-a3-phii-d-occasion\/\">Avis Audi A3 phase II d&rsquo;occasion<\/a><\/blockquote><iframe sandbox=\"allow-scripts\" security=\"restricted\" src=\"https:\/\/www.carideal.com\/blog\/2008\/07\/06\/audi-a3-phii-d-occasion\/embed\/#?secret=5AsBGZIBmc\" width=\"600\" height=\"338\" title=\"\u00ab\u00a0Avis Audi A3 phase II d&rsquo;occasion\u00a0\u00bb &#8212; Blog auto Carid\u00e9al\" data-secret=\"5AsBGZIBmc\" frameborder=\"0\" marginwidth=\"0\" marginheight=\"0\" scrolling=\"no\" class=\"wp-embedded-content\"><\/iframe><script>\n\/*! This file is auto-generated *\/\n!function(d,l){\"use strict\";l.querySelector&&d.addEventListener&&\"undefined\"!=typeof URL&&(d.wp=d.wp||{},d.wp.receiveEmbedMessage||(d.wp.receiveEmbedMessage=function(e){var t=e.data;if((t||t.secret||t.message||t.value)&&!\/[^a-zA-Z0-9]\/.test(t.secret)){for(var s,r,n,a=l.querySelectorAll('iframe[data-secret=\"'+t.secret+'\"]'),o=l.querySelectorAll('blockquote[data-secret=\"'+t.secret+'\"]'),c=new RegExp(\"^https?:$\",\"i\"),i=0;i<o.length;i++)o[i].style.display=\"none\";for(i=0;i<a.length;i++)s=a[i],e.source===s.contentWindow&&(s.removeAttribute(\"style\"),\"height\"===t.message?(1e3<(r=parseInt(t.value,10))?r=1e3:~~r<200&&(r=200),s.height=r):\"link\"===t.message&&(r=new URL(s.getAttribute(\"src\")),n=new URL(t.value),c.test(n.protocol))&&n.host===r.host&&l.activeElement===s&&(d.top.location.href=t.value))}},d.addEventListener(\"message\",d.wp.receiveEmbedMessage,!1),l.addEventListener(\"DOMContentLoaded\",function(){for(var e,t,s=l.querySelectorAll(\"iframe.wp-embedded-content\"),r=0;r<s.length;r++)(t=(e=s[r]).getAttribute(\"data-secret\"))||(t=Math.random().toString(36).substring(2,12),e.src+=\"#?secret=\"+t,e.setAttribute(\"data-secret\",t)),e.contentWindow.postMessage({message:\"ready\",secret:t},\"*\")},!1)))}(window,document);\n<\/script>\n","thumbnail_url":"https:\/\/www.carideal.com\/blog\/wp-content\/uploads\/2008\/07\/audia32carideal-1215445217.jpg","thumbnail_width":530,"thumbnail_height":350,"description":"Avis Audi a3 phase II d'occasion La bourgeoise Audi A3 phase II d'occasion fait r\u00e9f\u00e9rence sur bien des sujets, \u00e0 commencer par des prestations routi\u00e8res de tr\u00e8s bon niveau. On vous donne notre avis. L'Audi A3 adopte la m\u00eame plateforme que sa cousine, la Golf V. Son berceau avant en aluminium et son train arri\u00e8re ... Lire plus"}

Blog auto Caridéal

Avis Audi A3 phase II d'occasion - Blog auto Caridéal

<blockquote class="wp-embedded-content" data-secret="5AsBGZIBmc"><a href="https://www.carideal.com/blog/2008/07/06/audi-a3-phii-d-occasion/">Avis Audi A3 phase II d&rsquo;occasion</a></blockquote><iframe sandbox="allow-scripts" security="restricted" src="https://www.carideal.com/blog/2008/07/06/audi-a3-phii-d-occasion/embed/#?secret=5AsBGZIBmc" width="600" height="338" title="« Avis Audi A3 phase II d&rsquo;occasion » &#8212; Blog auto Caridéal" data-secret="5AsBGZIBmc" frameborder="0" marginwidth="0" marginheight="0" scrolling="no" class="wp-embedded-content"></iframe><script>
/*! This file is auto-generated */
!function(d,l){"use strict";l.querySelector&&d.addEventListener&&"undefined"!=typeof URL&&(d.wp=d.wp||{},d.wp.receiveEmbedMessage||(d.wp.receiveEmbedMessage=function(e){var t=e.data;if((t||t.secret||t.message||t.value)&&!/[^a-zA-Z0-9]/.test(t.secret)){for(var s,r,n,a=l.querySelectorAll('iframe[data-secret="'+t.secret+'"]'),o=l.querySelectorAll('blockquote[data-secret="'+t.secret+'"]'),c=new RegExp("^https?:$","i"),i=0;i<o.length;i++)o[i].style.display="none";for(i=0;i<a.length;i++)s=a[i],e.source===s.contentWindow&&(s.removeAttribute("style"),"height"===t.message?(1e3<(r=parseInt(t.value,10))?r=1e3:~~r<200&&(r=200),s.height=r):"link"===t.message&&(r=new URL(s.getAttribute("src")),n=new URL(t.value),c.test(n.protocol))&&n.host===r.host&&l.activeElement===s&&(d.top.location.href=t.value))}},d.addEventListener("message",d.wp.receiveEmbedMessage,!1),l.addEventListener("DOMContentLoaded",function(){for(var e,t,s=l.querySelectorAll("iframe.wp-embedded-content"),r=0;r<s.length;r++)(t=(e=s[r]).getAttribute("data-secret"))||(t=Math.random().toString(36).substring(2,12),e.src+="#?secret="+t,e.setAttribute("data-secret",t)),e.contentWindow.postMessage({message:"ready",secret:t},"*")},!1)))}(window,document);
</script>

Avis Audi a3 phase II d'occasion La bourgeoise Audi A3 phase II d'occasion fait référence sur bien des sujets, à commencer par des prestations routières de très bon niveau. On vous donne notre avis. L'Audi A3 adopte la même plateforme que sa cousine, la Golf V. Son berceau avant en aluminium et son train arrière ... Lire plus
