{"version":"1.0","provider_name":"Blog auto Carid\u00e9al","provider_url":"https:\/\/www.carideal.com\/blog","title":"Annualisation de l'eco taxe CO2 - Blog auto Carid\u00e9al","type":"rich","width":600,"height":338,"html":"<blockquote class=\"wp-embedded-content\" data-secret=\"cLRjzqjjZG\"><a href=\"https:\/\/www.carideal.com\/blog\/2008\/07\/01\/annualisation-de-leco-taxe-co2\/\">Annualisation de l&rsquo;eco taxe CO2<\/a><\/blockquote><iframe sandbox=\"allow-scripts\" security=\"restricted\" src=\"https:\/\/www.carideal.com\/blog\/2008\/07\/01\/annualisation-de-leco-taxe-co2\/embed\/#?secret=cLRjzqjjZG\" width=\"600\" height=\"338\" title=\"\u00ab\u00a0Annualisation de l&rsquo;eco taxe CO2\u00a0\u00bb &#8212; Blog auto Carid\u00e9al\" data-secret=\"cLRjzqjjZG\" frameborder=\"0\" marginwidth=\"0\" marginheight=\"0\" scrolling=\"no\" class=\"wp-embedded-content\"><\/iframe><script>\n\/*! This file is auto-generated *\/\n!function(d,l){\"use strict\";l.querySelector&&d.addEventListener&&\"undefined\"!=typeof URL&&(d.wp=d.wp||{},d.wp.receiveEmbedMessage||(d.wp.receiveEmbedMessage=function(e){var t=e.data;if((t||t.secret||t.message||t.value)&&!\/[^a-zA-Z0-9]\/.test(t.secret)){for(var s,r,n,a=l.querySelectorAll('iframe[data-secret=\"'+t.secret+'\"]'),o=l.querySelectorAll('blockquote[data-secret=\"'+t.secret+'\"]'),c=new RegExp(\"^https?:$\",\"i\"),i=0;i<o.length;i++)o[i].style.display=\"none\";for(i=0;i<a.length;i++)s=a[i],e.source===s.contentWindow&&(s.removeAttribute(\"style\"),\"height\"===t.message?(1e3<(r=parseInt(t.value,10))?r=1e3:~~r<200&&(r=200),s.height=r):\"link\"===t.message&&(r=new URL(s.getAttribute(\"src\")),n=new URL(t.value),c.test(n.protocol))&&n.host===r.host&&l.activeElement===s&&(d.top.location.href=t.value))}},d.addEventListener(\"message\",d.wp.receiveEmbedMessage,!1),l.addEventListener(\"DOMContentLoaded\",function(){for(var e,t,s=l.querySelectorAll(\"iframe.wp-embedded-content\"),r=0;r<s.length;r++)(t=(e=s[r]).getAttribute(\"data-secret\"))||(t=Math.random().toString(36).substring(2,12),e.src+=\"#?secret=\"+t,e.setAttribute(\"data-secret\",t)),e.contentWindow.postMessage({message:\"ready\",secret:t},\"*\")},!1)))}(window,document);\n<\/script>\n","description":"M Borloo vient d'annoncer que l'eco-taxe sur le CO2 serait annualis\u00e9e. Nous avons encore l\u00e0 un effet d'annonce qui va lancer un trouble sur le march\u00e9. Effectivement cette annualisation ne concernera que les voitures neuves particuli\u00e8res et pas les occasions. Le Parc automobile Francais vient de d\u00e9passer les 37 millions de voitures. L'\u00e2ge moyen des ... Lire plus","thumbnail_url":"https:\/\/www.carideal.com\/blog\/wp-content\/uploads\/2016\/03\/logo-carideal-mandataire-automobile.png","thumbnail_width":300,"thumbnail_height":300}

Blog auto Caridéal

Annualisation de l'eco taxe CO2 - Blog auto Caridéal

<blockquote class="wp-embedded-content" data-secret="cLRjzqjjZG"><a href="https://www.carideal.com/blog/2008/07/01/annualisation-de-leco-taxe-co2/">Annualisation de l&rsquo;eco taxe CO2</a></blockquote><iframe sandbox="allow-scripts" security="restricted" src="https://www.carideal.com/blog/2008/07/01/annualisation-de-leco-taxe-co2/embed/#?secret=cLRjzqjjZG" width="600" height="338" title="« Annualisation de l&rsquo;eco taxe CO2 » &#8212; Blog auto Caridéal" data-secret="cLRjzqjjZG" frameborder="0" marginwidth="0" marginheight="0" scrolling="no" class="wp-embedded-content"></iframe><script>
/*! This file is auto-generated */
!function(d,l){"use strict";l.querySelector&&d.addEventListener&&"undefined"!=typeof URL&&(d.wp=d.wp||{},d.wp.receiveEmbedMessage||(d.wp.receiveEmbedMessage=function(e){var t=e.data;if((t||t.secret||t.message||t.value)&&!/[^a-zA-Z0-9]/.test(t.secret)){for(var s,r,n,a=l.querySelectorAll('iframe[data-secret="'+t.secret+'"]'),o=l.querySelectorAll('blockquote[data-secret="'+t.secret+'"]'),c=new RegExp("^https?:$","i"),i=0;i<o.length;i++)o[i].style.display="none";for(i=0;i<a.length;i++)s=a[i],e.source===s.contentWindow&&(s.removeAttribute("style"),"height"===t.message?(1e3<(r=parseInt(t.value,10))?r=1e3:~~r<200&&(r=200),s.height=r):"link"===t.message&&(r=new URL(s.getAttribute("src")),n=new URL(t.value),c.test(n.protocol))&&n.host===r.host&&l.activeElement===s&&(d.top.location.href=t.value))}},d.addEventListener("message",d.wp.receiveEmbedMessage,!1),l.addEventListener("DOMContentLoaded",function(){for(var e,t,s=l.querySelectorAll("iframe.wp-embedded-content"),r=0;r<s.length;r++)(t=(e=s[r]).getAttribute("data-secret"))||(t=Math.random().toString(36).substring(2,12),e.src+="#?secret="+t,e.setAttribute("data-secret",t)),e.contentWindow.postMessage({message:"ready",secret:t},"*")},!1)))}(window,document);
</script>

M Borloo vient d'annoncer que l'eco-taxe sur le CO2 serait annualisée. Nous avons encore là un effet d'annonce qui va lancer un trouble sur le marché. Effectivement cette annualisation ne concernera que les voitures neuves particulières et pas les occasions. Le Parc automobile Francais vient de dépasser les 37 millions de voitures. L'âge moyen des ... Lire plus
